{"id":18,"date":"2015-06-04T12:01:36","date_gmt":"2015-06-04T10:01:36","guid":{"rendered":"https:\/\/preblogs.deusto.es\/deustic\/?page_id=18"},"modified":"2021-02-04T18:18:29","modified_gmt":"2021-02-04T17:18:29","slug":"quienes-somos","status":"publish","type":"page","link":"https:\/\/blogs.deusto.es\/aprender-ensenar\/quienes-somos\/","title":{"rendered":"Qui\u00e9nes somos"},"content":{"rendered":"<p>Este blog nace con el objetivo de \u00a0compartir experiencias, propuestas e ideas relacionadas con la innovaci\u00f3n en Educaci\u00f3n Superior, la formaci\u00f3n online y el uso de las TIC para la mejora de la formaci\u00f3n y desarrollo integral de las personas.<\/p>\n<p>El blog est\u00e1 coordinado por un equipo de personas de diferentes servicios de la universidad: <a href=\"https:\/\/www.deusto.es\/cs\/Satellite\/deusto\/es\/universidad-deusto\/sobre-deusto-0\/formacion-y-valores\/innovacion-docente\">Unidad de Innovaci\u00f3n Docente<\/a>, <a href=\"https:\/\/www.deusto.es\/cs\/Satellite\/deusto\/es\/universidad-deusto\/sobre-deusto-0\/nuestros-campus\/deusto-online\">Unidad Deusto Online<\/a> y <a href=\"https:\/\/aulatic.deusto.es\/\">Aula TIC<\/a>. Como colaboradores est\u00e1n: Servicio Inform\u00e1tico, Gabinete de Comunicaci\u00f3n Institucional (Identidad Digital) y DeustoTech Learning. No obstante, la participaci\u00f3n est\u00e1 abierta a cualquier persona tanto de la comunidad universitaria, como ajena a la misma.<\/p>\n<p>\u00a0<\/p>\n<p><a href=\"https:\/\/blogs.deusto.es\/aprender-ensenar\/wp-content\/uploads\/sites\/7\/2021\/02\/logo-Unidad-Innovacion-Docente.-Calidad.png\"><img decoding=\"async\" class=\"wp-image-4501 alignleft\" src=\"https:\/\/blogs.deusto.es\/aprender-ensenar\/wp-content\/uploads\/sites\/7\/2021\/02\/logo-Unidad-Innovacion-Docente.-Calidad-300x115.png\" alt=\"\" width=\"224\" height=\"86\" srcset=\"https:\/\/blogs.deusto.es\/wp-content\/uploads\/sites\/7\/2021\/02\/logo-Unidad-Innovacion-Docente.-Calidad-300x115.png 300w, https:\/\/blogs.deusto.es\/wp-content\/uploads\/sites\/7\/2021\/02\/logo-Unidad-Innovacion-Docente.-Calidad-1024x394.png 1024w, https:\/\/blogs.deusto.es\/wp-content\/uploads\/sites\/7\/2021\/02\/logo-Unidad-Innovacion-Docente.-Calidad-768x296.png 768w, https:\/\/blogs.deusto.es\/wp-content\/uploads\/sites\/7\/2021\/02\/logo-Unidad-Innovacion-Docente.-Calidad-1536x591.png 1536w, https:\/\/blogs.deusto.es\/wp-content\/uploads\/sites\/7\/2021\/02\/logo-Unidad-Innovacion-Docente.-Calidad-2048x788.png 2048w, https:\/\/blogs.deusto.es\/wp-content\/uploads\/sites\/7\/2021\/02\/logo-Unidad-Innovacion-Docente.-Calidad-640x246.png 640w, https:\/\/blogs.deusto.es\/wp-content\/uploads\/sites\/7\/2021\/02\/logo-Unidad-Innovacion-Docente.-Calidad-600x231.png 600w, https:\/\/blogs.deusto.es\/wp-content\/uploads\/sites\/7\/2021\/02\/logo-Unidad-Innovacion-Docente.-Calidad-945x364.png 945w\" sizes=\"(max-width: 224px) 100vw, 224px\" \/><\/a><\/p>\n<p><a href=\"https:\/\/blogs.deusto.es\/aprender-ensenar\/wp-content\/uploads\/sites\/7\/2021\/02\/LOGO-PASTEL.png\"><img decoding=\"async\" class=\" wp-image-4499 alignright\" src=\"https:\/\/blogs.deusto.es\/aprender-ensenar\/wp-content\/uploads\/sites\/7\/2021\/02\/LOGO-PASTEL-300x49.png\" alt=\"\" width=\"318\" height=\"52\" srcset=\"https:\/\/blogs.deusto.es\/wp-content\/uploads\/sites\/7\/2021\/02\/LOGO-PASTEL-300x49.png 300w, https:\/\/blogs.deusto.es\/wp-content\/uploads\/sites\/7\/2021\/02\/LOGO-PASTEL-1024x166.png 1024w, https:\/\/blogs.deusto.es\/wp-content\/uploads\/sites\/7\/2021\/02\/LOGO-PASTEL-768x124.png 768w, https:\/\/blogs.deusto.es\/wp-content\/uploads\/sites\/7\/2021\/02\/LOGO-PASTEL-1536x248.png 1536w, https:\/\/blogs.deusto.es\/wp-content\/uploads\/sites\/7\/2021\/02\/LOGO-PASTEL-2048x331.png 2048w, https:\/\/blogs.deusto.es\/wp-content\/uploads\/sites\/7\/2021\/02\/LOGO-PASTEL-640x104.png 640w, https:\/\/blogs.deusto.es\/wp-content\/uploads\/sites\/7\/2021\/02\/LOGO-PASTEL-600x97.png 600w, https:\/\/blogs.deusto.es\/wp-content\/uploads\/sites\/7\/2021\/02\/LOGO-PASTEL-945x153.png 945w\" sizes=\"(max-width: 318px) 100vw, 318px\" \/><\/a><\/p>\n<p>\u00a0<\/p>\n<p>\u00a0<\/p>\n<p>Somos una unidad de la Universidad de Deusto que presta sus servicios a la comunidad universitaria, especialmente al profesorado, en el ejercicio de su labor como docentes. Nuestra tarea se enmarca en el Espacio Europeo de Educaci\u00f3n Superior y tiene como eje el \u201cModelo de Aprendizaje UD\u201d. Os invitamos a visitarnos.<\/p>\n<p>\u00a0<\/p>\n<p><a style=\"font-size: inherit\" href=\"https:\/\/www.deusto.es\/cs\/Satellite\/deusto\/es\/universidad-deusto\/sobre-deusto-0\/nuestros-campus\/deusto-online\"><img decoding=\"async\" class=\"alignleft wp-image-4509\" src=\"https:\/\/blogs.deusto.es\/aprender-ensenar\/wp-content\/uploads\/sites\/7\/2021\/02\/UD-LOGO-DeustoOnline_oficial-300x80.jpg\" alt=\"\" width=\"262\" height=\"70\" srcset=\"https:\/\/blogs.deusto.es\/wp-content\/uploads\/sites\/7\/2021\/02\/UD-LOGO-DeustoOnline_oficial-300x80.jpg 300w, https:\/\/blogs.deusto.es\/wp-content\/uploads\/sites\/7\/2021\/02\/UD-LOGO-DeustoOnline_oficial-1024x273.jpg 1024w, https:\/\/blogs.deusto.es\/wp-content\/uploads\/sites\/7\/2021\/02\/UD-LOGO-DeustoOnline_oficial-768x205.jpg 768w, https:\/\/blogs.deusto.es\/wp-content\/uploads\/sites\/7\/2021\/02\/UD-LOGO-DeustoOnline_oficial-1536x410.jpg 1536w, https:\/\/blogs.deusto.es\/wp-content\/uploads\/sites\/7\/2021\/02\/UD-LOGO-DeustoOnline_oficial-2048x546.jpg 2048w, https:\/\/blogs.deusto.es\/wp-content\/uploads\/sites\/7\/2021\/02\/UD-LOGO-DeustoOnline_oficial-640x171.jpg 640w, https:\/\/blogs.deusto.es\/wp-content\/uploads\/sites\/7\/2021\/02\/UD-LOGO-DeustoOnline_oficial-600x160.jpg 600w, https:\/\/blogs.deusto.es\/wp-content\/uploads\/sites\/7\/2021\/02\/UD-LOGO-DeustoOnline_oficial-945x252.jpg 945w\" sizes=\"(max-width: 262px) 100vw, 262px\" \/><\/a>La unidad Deusto Online tiene como fin impulsar la ense\u00f1anza online\u00a0 y semipresencial y acompa\u00f1ar a los docentes en el desarrollo de acciones formativas en esta modalidad. Sus funciones principales pueden agruparse en estas tres categor\u00edas: asesor\u00eda y soporte para la creaci\u00f3n, desarrollo y revisi\u00f3n de t\u00edtulos online, grabaci\u00f3n y edici\u00f3n de v\u00eddeos para la docencia y formaci\u00f3n a los docentes en tem\u00e1ticas relacionadas con la docencia online.\u00a0<\/p>\n<p>\u00a0<\/p>\n<p><a href=\"https:\/\/blogs.deusto.es\/aprender-ensenar\/wp-content\/uploads\/sites\/7\/2021\/02\/UD-LOGO-Aula-TIC-scaled.jpg\"><img loading=\"lazy\" decoding=\"async\" class=\" wp-image-4483 alignleft\" src=\"https:\/\/blogs.deusto.es\/aprender-ensenar\/wp-content\/uploads\/sites\/7\/2021\/02\/UD-LOGO-Aula-TIC-300x138.jpg\" alt=\"\" width=\"169\" height=\"78\" srcset=\"https:\/\/blogs.deusto.es\/wp-content\/uploads\/sites\/7\/2021\/02\/UD-LOGO-Aula-TIC-300x138.jpg 300w, https:\/\/blogs.deusto.es\/wp-content\/uploads\/sites\/7\/2021\/02\/UD-LOGO-Aula-TIC-1024x472.jpg 1024w, https:\/\/blogs.deusto.es\/wp-content\/uploads\/sites\/7\/2021\/02\/UD-LOGO-Aula-TIC-768x354.jpg 768w, https:\/\/blogs.deusto.es\/wp-content\/uploads\/sites\/7\/2021\/02\/UD-LOGO-Aula-TIC-1536x708.jpg 1536w, https:\/\/blogs.deusto.es\/wp-content\/uploads\/sites\/7\/2021\/02\/UD-LOGO-Aula-TIC-2048x944.jpg 2048w, https:\/\/blogs.deusto.es\/wp-content\/uploads\/sites\/7\/2021\/02\/UD-LOGO-Aula-TIC-640x295.jpg 640w, https:\/\/blogs.deusto.es\/wp-content\/uploads\/sites\/7\/2021\/02\/UD-LOGO-Aula-TIC-600x277.jpg 600w, https:\/\/blogs.deusto.es\/wp-content\/uploads\/sites\/7\/2021\/02\/UD-LOGO-Aula-TIC-945x436.jpg 945w\" sizes=\"(max-width: 169px) 100vw, 169px\" \/><\/a>Aula TIC es un servicio del departamento de <a href=\"https:\/\/www.google.com\/url?q=https%3A%2F%2Fservinf.deusto.es%2Finicia-sesion%2F&amp;sa=D&amp;sntz=1&amp;usg=AFQjCNEV1e06J5uPo_EbZzyrjz0TNVUQew\" target=\"_blank\" rel=\"noopener noreferrer\" data-saferedirecturl=\"https:\/\/www.google.com\/url?q=https:\/\/www.google.com\/url?q%3Dhttps%253A%252F%252Fservinf.deusto.es%252Finicia-sesion%252F%26sa%3DD%26sntz%3D1%26usg%3DAFQjCNEV1e06J5uPo_EbZzyrjz0TNVUQew&amp;source=gmail&amp;ust=1612425645357000&amp;usg=AFQjCNEWOt6LvL_Hb46kWnMkcn-F3gN8Qw\">Servicio Inform\u00e1tico<\/a> de la la Universidad de Deusto. Sus objetivos son asesorar sobre las Tecnolog\u00edas de la Informaci\u00f3n y la Comunicaci\u00f3n plataformas y las TIC de la propia Universidad; difundir ejemplos de buenas pr\u00e1cticas en el uso de las TIC para la mejora de los procesos de ense\u00f1anza-aprendizaje; ayudar en la integraci\u00f3n eficaz de las TIC en la docencia; asesorar en la utilizaci\u00f3n de soportes digitales para la difusi\u00f3n y, sobre todo, sobre el ecosistema Google, plataforma <a href=\"http:\/\/www.google.com\/url?q=http%3A%2F%2Fwww.alud.deusto.es%2F&amp;sa=D&amp;sntz=1&amp;usg=AFQjCNHDB-uJb-WqHBYTTy-a9pl7Mf-kaA\" target=\"_blank\" rel=\"noopener noreferrer\" data-saferedirecturl=\"https:\/\/www.google.com\/url?q=http:\/\/www.google.com\/url?q%3Dhttp%253A%252F%252Fwww.alud.deusto.es%252F%26sa%3DD%26sntz%3D1%26usg%3DAFQjCNHDB-uJb-WqHBYTTy-a9pl7Mf-kaA&amp;source=gmail&amp;ust=1612425645357000&amp;usg=AFQjCNGsEeXm13EXRs1PYcjL-qHNRWTCEA\">ALUD<\/a>, <a href=\"https:\/\/www.google.com\/url?q=https%3A%2F%2Festudiantes.deusto.es%2Fservlet%2FSatellite%3Fpagename%3DExtranetEstudiantes%2FPlantillas%2Fcomun%2Flogin%26hizkuntza%3D_cast&amp;sa=D&amp;sntz=1&amp;usg=AFQjCNEHeU_T8jwbaEn09jMKGAVpHyhK7Q\" target=\"_blank\" rel=\"noopener noreferrer\" data-saferedirecturl=\"https:\/\/www.google.com\/url?q=https:\/\/www.google.com\/url?q%3Dhttps%253A%252F%252Festudiantes.deusto.es%252Fservlet%252FSatellite%253Fpagename%253DExtranetEstudiantes%252FPlantillas%252Fcomun%252Flogin%2526hizkuntza%253D_cast%26sa%3DD%26sntz%3D1%26usg%3DAFQjCNEHeU_T8jwbaEn09jMKGAVpHyhK7Q&amp;source=gmail&amp;ust=1612425645357000&amp;usg=AFQjCNHpgkPWkNJin9C71tadOVBYvurhYw\">extranet<\/a>, <a href=\"https:\/\/www.google.com\/url?q=https%3A%2F%2Fbooking.deusto.es%2F&amp;sa=D&amp;sntz=1&amp;usg=AFQjCNHJB5asEDRhgGX7ezSCfTWgf7yzPA\" target=\"_blank\" rel=\"noopener noreferrer\" data-saferedirecturl=\"https:\/\/www.google.com\/url?q=https:\/\/www.google.com\/url?q%3Dhttps%253A%252F%252Fbooking.deusto.es%252F%26sa%3DD%26sntz%3D1%26usg%3DAFQjCNHJB5asEDRhgGX7ezSCfTWgf7yzPA&amp;source=gmail&amp;ust=1612425645357000&amp;usg=AFQjCNH-1i3-42KDbj6w16cYLX5ct3EZKA\">Deusto Booking <\/a>y <a href=\"http:\/\/www.google.com\/url?q=http%3A%2F%2Fdkh.deusto.es%2Fcomunidad%2Fexplorer&amp;sa=D&amp;sntz=1&amp;usg=AFQjCNHuHPeEioa9OMQtA_36LHMJGsOs0A\" target=\"_blank\" rel=\"noopener noreferrer\" data-saferedirecturl=\"https:\/\/www.google.com\/url?q=http:\/\/www.google.com\/url?q%3Dhttp%253A%252F%252Fdkh.deusto.es%252Fcomunidad%252Fexplorer%26sa%3DD%26sntz%3D1%26usg%3DAFQjCNHuHPeEioa9OMQtA_36LHMJGsOs0A&amp;source=gmail&amp;ust=1612425645357000&amp;usg=AFQjCNEsP1xZKxB00iIU_Yqq193RUDysmA\">DKH<\/a>; compartir de conocimientos e impartir formaciones sobre las TIC.<\/p>\n<p>\u00a0<\/p>\n\n\n<p class=\"has-text-align-center\"><strong>Te animamos a enviar tus experiencias de innovaci\u00f3n, formaci\u00f3n online, trucos TIC, etc. a trav\u00e9s del apartado <a rel=\"noreferrer noopener\" href=\"https:\/\/blogs.deusto.es\/aprender-ensenar\/comparte\/\" target=\"_blank\">\u00a1Comparte!<\/a><\/strong><\/p>\n\n\n\n<p><a href=\"https:\/\/blogs.deusto.es\/aprender-ensenar\/comparte\/\"><span style=\"color:#0c00a3\" class=\"has-inline-color\">VOLVER A INICIO<\/span><\/a><\/p>\n","protected":false},"excerpt":{"rendered":"<p>Este blog nace con el objetivo de \u00a0compartir experiencias, propuestas e ideas relacionadas con la innovaci\u00f3n en Educaci\u00f3n Superior, la formaci\u00f3n online y el uso de las TIC para la mejora de la formaci\u00f3n y desarrollo integral de las personas&#8230;. <a class=\"more-link\" href=\"https:\/\/blogs.deusto.es\/aprender-ensenar\/quienes-somos\/\">Seguir leyendo &rarr;<\/a><\/p>\n","protected":false},"author":1,"featured_media":0,"parent":0,"menu_order":0,"comment_status":"closed","ping_status":"closed","template":"","meta":{"footnotes":""},"class_list":["post-18","page","type-page","status-publish","hentry"],"yoast_head":"<!-- This site is optimized with the Yoast SEO plugin v26.4 - https:\/\/yoast.com\/wordpress\/plugins\/seo\/ -->\n<title>Qui\u00e9nes somos - Aprender para ense\u00f1ar<\/title>\n<meta name=\"robots\" content=\"index, follow, max-snippet:-1, max-image-preview:large, max-video-preview:-1\" \/>\n<link rel=\"canonical\" href=\"https:\/\/blogs.deusto.es\/aprender-ensenar\/quienes-somos\/\" \/>\n<meta property=\"og:locale\" content=\"es_ES\" \/>\n<meta property=\"og:type\" content=\"article\" \/>\n<meta property=\"og:title\" content=\"Qui\u00e9nes somos - Aprender para ense\u00f1ar\" \/>\n<meta property=\"og:description\" content=\"Este blog nace con el objetivo de \u00a0compartir experiencias, propuestas e ideas relacionadas con la innovaci\u00f3n en Educaci\u00f3n Superior, la formaci\u00f3n online y el uso de las TIC para la mejora de la formaci\u00f3n y desarrollo integral de las personas.... Seguir leyendo &rarr;\" \/>\n<meta property=\"og:url\" content=\"https:\/\/blogs.deusto.es\/aprender-ensenar\/quienes-somos\/\" \/>\n<meta property=\"og:site_name\" content=\"Aprender para ense\u00f1ar\" \/>\n<meta property=\"article:modified_time\" content=\"2021-02-04T17:18:29+00:00\" \/>\n<meta property=\"og:image\" content=\"https:\/\/blogs.deusto.es\/aprender-ensenar\/wp-content\/uploads\/sites\/7\/2021\/02\/logo-Unidad-Innovacion-Docente.-Calidad-300x115.png\" \/>\n<meta name=\"twitter:card\" content=\"summary_large_image\" \/>\n<meta name=\"twitter:label1\" content=\"Tiempo de lectura\" \/>\n\t<meta name=\"twitter:data1\" content=\"3 minutos\" \/>\n<script type=\"application\/ld+json\" class=\"yoast-schema-graph\">{\"@context\":\"https:\/\/schema.org\",\"@graph\":[{\"@type\":\"WebPage\",\"@id\":\"https:\/\/blogs.deusto.es\/aprender-ensenar\/quienes-somos\/\",\"url\":\"https:\/\/blogs.deusto.es\/aprender-ensenar\/quienes-somos\/\",\"name\":\"Qui\u00e9nes somos - Aprender para ense\u00f1ar\",\"isPartOf\":{\"@id\":\"https:\/\/blogs.deusto.es\/aprender-ensenar\/#website\"},\"primaryImageOfPage\":{\"@id\":\"https:\/\/blogs.deusto.es\/aprender-ensenar\/quienes-somos\/#primaryimage\"},\"image\":{\"@id\":\"https:\/\/blogs.deusto.es\/aprender-ensenar\/quienes-somos\/#primaryimage\"},\"thumbnailUrl\":\"https:\/\/blogs.deusto.es\/aprender-ensenar\/wp-content\/uploads\/sites\/7\/2021\/02\/logo-Unidad-Innovacion-Docente.-Calidad-300x115.png\",\"datePublished\":\"2015-06-04T10:01:36+00:00\",\"dateModified\":\"2021-02-04T17:18:29+00:00\",\"breadcrumb\":{\"@id\":\"https:\/\/blogs.deusto.es\/aprender-ensenar\/quienes-somos\/#breadcrumb\"},\"inLanguage\":\"es\",\"potentialAction\":[{\"@type\":\"ReadAction\",\"target\":[\"https:\/\/blogs.deusto.es\/aprender-ensenar\/quienes-somos\/\"]}]},{\"@type\":\"ImageObject\",\"inLanguage\":\"es\",\"@id\":\"https:\/\/blogs.deusto.es\/aprender-ensenar\/quienes-somos\/#primaryimage\",\"url\":\"https:\/\/blogs.deusto.es\/wp-content\/uploads\/sites\/7\/2021\/02\/logo-Unidad-Innovacion-Docente.-Calidad.png\",\"contentUrl\":\"https:\/\/blogs.deusto.es\/wp-content\/uploads\/sites\/7\/2021\/02\/logo-Unidad-Innovacion-Docente.-Calidad.png\",\"width\":2362,\"height\":909},{\"@type\":\"BreadcrumbList\",\"@id\":\"https:\/\/blogs.deusto.es\/aprender-ensenar\/quienes-somos\/#breadcrumb\",\"itemListElement\":[{\"@type\":\"ListItem\",\"position\":1,\"name\":\"Portada\",\"item\":\"https:\/\/blogs.deusto.es\/aprender-ensenar\/\"},{\"@type\":\"ListItem\",\"position\":2,\"name\":\"Qui\u00e9nes somos\"}]},{\"@type\":\"WebSite\",\"@id\":\"https:\/\/blogs.deusto.es\/aprender-ensenar\/#website\",\"url\":\"https:\/\/blogs.deusto.es\/aprender-ensenar\/\",\"name\":\"Aprender para ense\u00f1ar\",\"description\":\"Innovaci\u00f3n docente, Formaci\u00f3n Online, Formaci\u00f3n Dual  y TIC en la Universidad de Deusto\",\"potentialAction\":[{\"@type\":\"SearchAction\",\"target\":{\"@type\":\"EntryPoint\",\"urlTemplate\":\"https:\/\/blogs.deusto.es\/aprender-ensenar\/?s={search_term_string}\"},\"query-input\":{\"@type\":\"PropertyValueSpecification\",\"valueRequired\":true,\"valueName\":\"search_term_string\"}}],\"inLanguage\":\"es\"}]}<\/script>\n<!-- \/ Yoast SEO plugin. -->","yoast_head_json":{"title":"Qui\u00e9nes somos - Aprender para ense\u00f1ar","robots":{"index":"index","follow":"follow","max-snippet":"max-snippet:-1","max-image-preview":"max-image-preview:large","max-video-preview":"max-video-preview:-1"},"canonical":"https:\/\/blogs.deusto.es\/aprender-ensenar\/quienes-somos\/","og_locale":"es_ES","og_type":"article","og_title":"Qui\u00e9nes somos - Aprender para ense\u00f1ar","og_description":"Este blog nace con el objetivo de \u00a0compartir experiencias, propuestas e ideas relacionadas con la innovaci\u00f3n en Educaci\u00f3n Superior, la formaci\u00f3n online y el uso de las TIC para la mejora de la formaci\u00f3n y desarrollo integral de las personas.... Seguir leyendo &rarr;","og_url":"https:\/\/blogs.deusto.es\/aprender-ensenar\/quienes-somos\/","og_site_name":"Aprender para ense\u00f1ar","article_modified_time":"2021-02-04T17:18:29+00:00","og_image":[{"url":"https:\/\/blogs.deusto.es\/aprender-ensenar\/wp-content\/uploads\/sites\/7\/2021\/02\/logo-Unidad-Innovacion-Docente.-Calidad-300x115.png","type":"","width":"","height":""}],"twitter_card":"summary_large_image","twitter_misc":{"Tiempo de lectura":"3 minutos"},"schema":{"@context":"https:\/\/schema.org","@graph":[{"@type":"WebPage","@id":"https:\/\/blogs.deusto.es\/aprender-ensenar\/quienes-somos\/","url":"https:\/\/blogs.deusto.es\/aprender-ensenar\/quienes-somos\/","name":"Qui\u00e9nes somos - Aprender para ense\u00f1ar","isPartOf":{"@id":"https:\/\/blogs.deusto.es\/aprender-ensenar\/#website"},"primaryImageOfPage":{"@id":"https:\/\/blogs.deusto.es\/aprender-ensenar\/quienes-somos\/#primaryimage"},"image":{"@id":"https:\/\/blogs.deusto.es\/aprender-ensenar\/quienes-somos\/#primaryimage"},"thumbnailUrl":"https:\/\/blogs.deusto.es\/aprender-ensenar\/wp-content\/uploads\/sites\/7\/2021\/02\/logo-Unidad-Innovacion-Docente.-Calidad-300x115.png","datePublished":"2015-06-04T10:01:36+00:00","dateModified":"2021-02-04T17:18:29+00:00","breadcrumb":{"@id":"https:\/\/blogs.deusto.es\/aprender-ensenar\/quienes-somos\/#breadcrumb"},"inLanguage":"es","potentialAction":[{"@type":"ReadAction","target":["https:\/\/blogs.deusto.es\/aprender-ensenar\/quienes-somos\/"]}]},{"@type":"ImageObject","inLanguage":"es","@id":"https:\/\/blogs.deusto.es\/aprender-ensenar\/quienes-somos\/#primaryimage","url":"https:\/\/blogs.deusto.es\/wp-content\/uploads\/sites\/7\/2021\/02\/logo-Unidad-Innovacion-Docente.-Calidad.png","contentUrl":"https:\/\/blogs.deusto.es\/wp-content\/uploads\/sites\/7\/2021\/02\/logo-Unidad-Innovacion-Docente.-Calidad.png","width":2362,"height":909},{"@type":"BreadcrumbList","@id":"https:\/\/blogs.deusto.es\/aprender-ensenar\/quienes-somos\/#breadcrumb","itemListElement":[{"@type":"ListItem","position":1,"name":"Portada","item":"https:\/\/blogs.deusto.es\/aprender-ensenar\/"},{"@type":"ListItem","position":2,"name":"Qui\u00e9nes somos"}]},{"@type":"WebSite","@id":"https:\/\/blogs.deusto.es\/aprender-ensenar\/#website","url":"https:\/\/blogs.deusto.es\/aprender-ensenar\/","name":"Aprender para ense\u00f1ar","description":"Innovaci\u00f3n docente, Formaci\u00f3n Online, Formaci\u00f3n Dual  y TIC en la Universidad de Deusto","potentialAction":[{"@type":"SearchAction","target":{"@type":"EntryPoint","urlTemplate":"https:\/\/blogs.deusto.es\/aprender-ensenar\/?s={search_term_string}"},"query-input":{"@type":"PropertyValueSpecification","valueRequired":true,"valueName":"search_term_string"}}],"inLanguage":"es"}]}},"_links":{"self":[{"href":"https:\/\/blogs.deusto.es\/aprender-ensenar\/wp-json\/wp\/v2\/pages\/18","targetHints":{"allow":["GET"]}}],"collection":[{"href":"https:\/\/blogs.deusto.es\/aprender-ensenar\/wp-json\/wp\/v2\/pages"}],"about":[{"href":"https:\/\/blogs.deusto.es\/aprender-ensenar\/wp-json\/wp\/v2\/types\/page"}],"author":[{"embeddable":true,"href":"https:\/\/blogs.deusto.es\/aprender-ensenar\/wp-json\/wp\/v2\/users\/1"}],"replies":[{"embeddable":true,"href":"https:\/\/blogs.deusto.es\/aprender-ensenar\/wp-json\/wp\/v2\/comments?post=18"}],"version-history":[{"count":35,"href":"https:\/\/blogs.deusto.es\/aprender-ensenar\/wp-json\/wp\/v2\/pages\/18\/revisions"}],"predecessor-version":[{"id":4523,"href":"https:\/\/blogs.deusto.es\/aprender-ensenar\/wp-json\/wp\/v2\/pages\/18\/revisions\/4523"}],"wp:attachment":[{"href":"https:\/\/blogs.deusto.es\/aprender-ensenar\/wp-json\/wp\/v2\/media?parent=18"}],"curies":[{"name":"wp","href":"https:\/\/api.w.org\/{rel}","templated":true}]}}