{"id":64,"date":"2012-05-23T12:16:25","date_gmt":"2012-05-23T10:16:25","guid":{"rendered":"https:\/\/preblogs.deusto.es\/cide\/?page_id=64"},"modified":"2020-01-16T10:46:05","modified_gmt":"2020-01-16T09:46:05","slug":"bilbao-modernidad-y-tradicion","status":"publish","type":"page","link":"https:\/\/blogs.deusto.es\/cide\/bilbao-modernidad-y-tradicion\/","title":{"rendered":"Bilbao: Modernidad y tradici\u00f3n"},"content":{"rendered":"<h2 style=\"text-align: left\"><span style=\"color: #800000\">\u00bfQu\u00e9 necesitas saber sobre Bilbao antes de visitarnos?<\/span><\/h2>\n<p>Fue <strong>fundada<\/strong> como villa en 1300 por <a href=\"http:\/\/es.wikipedia.org\/wiki\/Diego_L%C3%B3pez_V_de_Haro\">Don Diego L\u00f3pez de Haro<\/a>, se\u00f1or de Vizcaya. Es la <strong>capital<\/strong> de la provincia de <a href=\"http:\/\/es.wikipedia.org\/wiki\/Vizcaya\">Vizcaya<\/a> y la ciudad m\u00e1s grande del <a href=\"http:\/\/es.wikipedia.org\/wiki\/Pa%C3%ADs_Vasco\">Pa\u00eds Vasco.<\/a> Le llamamos con cari\u00f1o el botxo (\u2018agujero\u2019, en euskera) porque est\u00e1 <strong>rodeada de monta\u00f1as<\/strong>. Muy cerca, en metro, se encuentran las <strong>playas<\/strong> de <a href=\"http:\/\/farm5.staticflickr.com\/4081\/4751234383_882bf02d36_o.jpg\">Ereaga<\/a>, <a href=\"http:\/\/farm3.staticflickr.com\/2166\/2278683090_b36f30d06f_o.jpg\">Arrigunaga<\/a>, <a href=\"http:\/\/farm3.staticflickr.com\/2296\/1557967925_0dcdb019ae_o.jpg\">Sopelana<\/a> o <a href=\"http:\/\/farm6.staticflickr.com\/5012\/5422579881_33bd76386d_o.jpg\">Plentzia<\/a>. Si te gusta el <strong>surf<\/strong>, te encantar\u00e1 <a href=\"http:\/\/farm2.staticflickr.com\/1373\/5145524456_aa78e1b43b_o.jpg\">Mundaka<\/a>. Si te gusta el <strong>f\u00fatbol<\/strong>, te enamorar\u00e1 el <a href=\"http:\/\/www.athletic-club.net\/web\/main.asp?a=0&amp;b=0&amp;c=0&amp;d=0&amp;idi=1\">Athletic<\/a>. La <strong>temperatura media<\/strong> en verano ronda los 24\u00ba C (75\u00ba F) y en invierno, los 8\u00ba C (46\u00ba F). Es una ciudad de <strong>tama\u00f1o medio<\/strong>: 350.000 habitantes (1 mill\u00f3n en el \u00e1rea metropolitana).<\/p>\n<h2 style=\"text-align: center\"><span style=\"color: #800000\">\u00bfQu\u00e9 puedes encontrar en Bilbao? Tres imprescindibles.<\/span><\/h2>\n<div id=\"attachment_120\" style=\"width: 269px\" class=\"wp-caption aligncenter\"><a href=\"https:\/\/blogs.deusto.es\/cide\/wp-content\/uploads\/sites\/10\/2012\/05\/pintxos.jpg\"><img fetchpriority=\"high\" decoding=\"async\" aria-describedby=\"caption-attachment-120\" class=\" wp-image-120    \" title=\"pintxos\" src=\"https:\/\/blogs.deusto.es\/cide\/wp-content\/uploads\/sites\/10\/2012\/05\/pintxos.jpg\" alt=\"\" width=\"259\" height=\"194\" srcset=\"https:\/\/blogs.deusto.es\/wp-content\/uploads\/sites\/10\/2012\/05\/pintxos.jpg 320w, https:\/\/blogs.deusto.es\/wp-content\/uploads\/sites\/10\/2012\/05\/pintxos-300x225.jpg 300w\" sizes=\"(max-width: 259px) 100vw, 259px\" \/><\/a><p id=\"caption-attachment-120\" class=\"wp-caption-text\">Una estupenda barra de pintxos<\/p><\/div>\n<p style=\"text-align: justify\"><strong><em>Los \u00abpintxos\u00bb<\/em><\/strong>: puedes encontrarlos en casi todos los bares. Son <strong>peque\u00f1as raciones de comida<\/strong> sobre un trozo de pan. Normalmente se sujetan con un palillo. Los <a href=\"http:\/\/turismo.euskadi.net\/x65-18492\/es\/s12PortalWar\/buscadoresJSP\/buscadorJ1.jsp?r01kLang=es\" target=\"_blank\" rel=\"noopener noreferrer\">t\u00edpicos pintxos<\/a> son el de tortilla, el de champi\u00f1ones, el de anchoa, la gilda, etc.<\/p>\n<div id=\"attachment_121\" style=\"width: 250px\" class=\"wp-caption aligncenter\"><a href=\"https:\/\/blogs.deusto.es\/cide\/wp-content\/uploads\/sites\/10\/2012\/05\/guggenheim.jpg\"><img decoding=\"async\" aria-describedby=\"caption-attachment-121\" class=\"size-full wp-image-121 \" title=\"guggenheim\" src=\"https:\/\/blogs.deusto.es\/cide\/wp-content\/uploads\/sites\/10\/2012\/05\/guggenheim.jpg\" alt=\"\" width=\"240\" height=\"162\" \/><\/a><p id=\"caption-attachment-121\" class=\"wp-caption-text\">El museo Guggenheim<\/p><\/div>\n<p style=\"text-align: justify\"><em><strong><a href=\"http:\/\/www.guggenheim-bilbao.es\/\" target=\"_blank\" rel=\"noopener noreferrer\">El Museo Guggenheim<\/a><\/strong><\/em>: <strong>pinacoteca de arte moderno<\/strong> tan alabada por las obras que contiene en su interior como por el edificio dise\u00f1ado por Frank Gehry.<\/p>\n<div id=\"attachment_123\" style=\"width: 330px\" class=\"wp-caption aligncenter\"><a href=\"https:\/\/blogs.deusto.es\/cide\/wp-content\/uploads\/sites\/10\/2012\/05\/bilbao-noche.jpg\"><img decoding=\"async\" aria-describedby=\"caption-attachment-123\" class=\"size-full wp-image-123\" title=\"bilbao noche\" src=\"https:\/\/blogs.deusto.es\/cide\/wp-content\/uploads\/sites\/10\/2012\/05\/bilbao-noche.jpg\" alt=\"\" width=\"320\" height=\"217\" srcset=\"https:\/\/blogs.deusto.es\/wp-content\/uploads\/sites\/10\/2012\/05\/bilbao-noche.jpg 320w, https:\/\/blogs.deusto.es\/wp-content\/uploads\/sites\/10\/2012\/05\/bilbao-noche-300x203.jpg 300w\" sizes=\"(max-width: 320px) 100vw, 320px\" \/><\/a><p id=\"caption-attachment-123\" class=\"wp-caption-text\">Bilbao por la noche, desde Artxanda<\/p><\/div>\n<p><em><strong>Artxanda y su <a href=\"https:\/\/www.bilbao.eus\/cs\/Satellite?blobcol=urldata&amp;blobheader=image%2Fjpeg&amp;blobheadername1=Content-disposition&amp;blobheadername2=pragma&amp;blobheadervalue2=public&amp;blobkey=id&amp;blobtable=MungoBlobs&amp;blobwhere=1274211970981&amp;ssbinary=true\" target=\"_blank\" rel=\"noopener noreferrer\">funicular<\/a>:<\/strong><\/em> Si quieres saber c\u00f3mo es <strong>Bilbao desde las alturas<\/strong>, no puedes perderte Artxanda y su funicular. Especialmente, por la noche. Adem\u00e1s, desde este peque\u00f1o monte puedes ver tambi\u00e9n la costa y las playas.<\/p>\n<h2 style=\"text-align: center\"><span style=\"color: #800000\">Bilbao: una ciudad transformada por el Guggenheim<\/span><\/h2>\n<p style=\"text-align: justify\">En 1991 comienzan las negociaciones entre el Gobierno Vasco y la Fundaci\u00f3n Guggenheim para establecer una sede del museo en Europa. Seis a\u00f1os despu\u00e9s, el <strong>18 de octubre de 1997<\/strong>, la ciudad asiste a la inauguraci\u00f3n de un museo que supondr\u00e1 una transformaci\u00f3n completa para una ciudad y una regi\u00f3n que todav\u00eda sufre las consecuencias de la desindustrializaci\u00f3n.<\/p>\n<div id=\"attachment_128\" style=\"width: 465px\" class=\"wp-caption aligncenter\"><a href=\"https:\/\/blogs.deusto.es\/cide\/wp-content\/uploads\/sites\/10\/2012\/05\/guggenheim-panor\u00e1mica.jpg\"><img loading=\"lazy\" decoding=\"async\" aria-describedby=\"caption-attachment-128\" class=\" wp-image-128 \" title=\"guggenheim panor\u00e1mica\" src=\"https:\/\/blogs.deusto.es\/cide\/wp-content\/uploads\/sites\/10\/2012\/05\/guggenheim-panor\u00e1mica.jpg\" alt=\"\" width=\"455\" height=\"109\" srcset=\"https:\/\/blogs.deusto.es\/wp-content\/uploads\/sites\/10\/2012\/05\/guggenheim-panor\u00e1mica.jpg 650w, https:\/\/blogs.deusto.es\/wp-content\/uploads\/sites\/10\/2012\/05\/guggenheim-panor\u00e1mica-300x71.jpg 300w\" sizes=\"(max-width: 455px) 100vw, 455px\" \/><\/a><p id=\"caption-attachment-128\" class=\"wp-caption-text\">El museo Guggenheim atraviesa el puente de La Salve<\/p><\/div>\n<p style=\"text-align: justify\"><span style=\"text-align: justify\"><a href=\"http:\/\/es.wikipedia.org\/wiki\/Frank_Gehry\" target=\"_blank\" rel=\"noopener noreferrer\">Frank Gehry<\/a>, el arquitecto, dise\u00f1a un edificio, al lado de la r\u00eda del Nervi\u00f3n, que <strong>trae a la mente el pasado industrial y naviero de la zona<\/strong>. Un edificio de formas sinuosas que desaf\u00edan la rigidez del acero. Un edificio que atraviesa el puente de La Salve y se integra entre la ciudad decimon\u00f3nica y la ciudad moderna.<\/span><\/p>\n<div id=\"attachment_129\" style=\"width: 310px\" class=\"wp-caption aligncenter\"><a href=\"https:\/\/blogs.deusto.es\/cide\/wp-content\/uploads\/sites\/10\/2012\/05\/bilbao-antiguo.jpg\"><img loading=\"lazy\" decoding=\"async\" aria-describedby=\"caption-attachment-129\" class=\"size-medium wp-image-129\" title=\"bilbao antiguo\" src=\"https:\/\/blogs.deusto.es\/cide\/wp-content\/uploads\/sites\/10\/2012\/05\/bilbao-antiguo-300x198.jpg\" alt=\"\" width=\"300\" height=\"198\" srcset=\"https:\/\/blogs.deusto.es\/wp-content\/uploads\/sites\/10\/2012\/05\/bilbao-antiguo-300x198.jpg 300w, https:\/\/blogs.deusto.es\/wp-content\/uploads\/sites\/10\/2012\/05\/bilbao-antiguo.jpg 500w\" sizes=\"(max-width: 300px) 100vw, 300px\" \/><\/a><p id=\"caption-attachment-129\" class=\"wp-caption-text\">El Bilbao industrial<\/p><\/div>\n<p style=\"text-align: justify\">Pero <strong>el Guggenheim es mucho m\u00e1s que un museo<\/strong>. Para Bilbao ha supuesto el pistoletazo de salida a la renovaci\u00f3n urban\u00edstica de toda la ciudad. No hay m\u00e1s que comparar el paseo de Uribitarte de los a\u00f1os ochenta con el paseo que tenemos hoy.<\/p>\n<div id=\"attachment_130\" style=\"width: 310px\" class=\"wp-caption aligncenter\"><a href=\"https:\/\/blogs.deusto.es\/cide\/wp-content\/uploads\/sites\/10\/2012\/05\/paseo-campo-volant\u00edn.jpg\"><img loading=\"lazy\" decoding=\"async\" aria-describedby=\"caption-attachment-130\" class=\"size-medium wp-image-130\" title=\"paseo campo volant\u00edn\" src=\"https:\/\/blogs.deusto.es\/cide\/wp-content\/uploads\/sites\/10\/2012\/05\/paseo-campo-volant\u00edn-300x225.jpg\" alt=\"\" width=\"300\" height=\"225\" srcset=\"https:\/\/blogs.deusto.es\/wp-content\/uploads\/sites\/10\/2012\/05\/paseo-campo-volant\u00edn-300x225.jpg 300w, https:\/\/blogs.deusto.es\/wp-content\/uploads\/sites\/10\/2012\/05\/paseo-campo-volant\u00edn.jpg 500w\" sizes=\"(max-width: 300px) 100vw, 300px\" \/><\/a><p id=\"caption-attachment-130\" class=\"wp-caption-text\">El Bilbao de hoy en d\u00eda<\/p><\/div>\n<p dir=\"ltr\" style=\"text-align: justify\">A este proyecto cultural y urban\u00edstico le siguen otros: el <a href=\"http:\/\/farm8.staticflickr.com\/7030\/6717333053_34f6605b63_o.jpg\">Euskalduna<\/a> (Palacio de Congresos), el <a href=\"https:\/\/upload.wikimedia.org\/wikipedia\/commons\/8\/88\/Bilbao_-_Zubizuri_07.jpg\">Zubizuri<\/a> y la <a href=\"http:\/\/farm4.staticflickr.com\/3217\/2291135134_1b3e22d809_b.jpg\">Paloma<\/a> (pasarela y aeropuerto dise\u00f1ados por <a href=\"http:\/\/es.wikipedia.org\/wiki\/Santiago_Calatrava\">Santiago Calatrava<\/a>), el <a href=\"https:\/\/www.viajejet.com\/wp-content\/viajes\/metro-de-bilbao.jpg\" target=\"_blank\" rel=\"noopener noreferrer\">metro Bilbao<\/a> (dise\u00f1ado por <a href=\"http:\/\/es.wikipedia.org\/wiki\/Norman_Foster\" target=\"_blank\" rel=\"noopener noreferrer\">Norman Foster<\/a>), las <a href=\"http:\/\/farm5.staticflickr.com\/4063\/4658300368_17d36d4c09_o.jpg\">torres Isozaki<\/a>, la <a href=\"http:\/\/farm8.staticflickr.com\/7040\/6916330819_96dcabf0ac_o.jpg\">torre Iberdrola<\/a>, la nueva <a href=\"http:\/\/farm6.staticflickr.com\/5295\/5519462671_df96b30092_o.jpg\">biblioteca<\/a> de la <a href=\"http:\/\/farm2.staticflickr.com\/1183\/916075431_fb06bbde09_b.jpg\">Universidad de Deusto<\/a>, el <a href=\"http:\/\/farm7.staticflickr.com\/6175\/6173357914_4039b0f33a_o.jpg\" target=\"_blank\" rel=\"noopener noreferrer\">paraninfo de la UPV<\/a>, <a href=\"http:\/\/www.siteandinsight.com\/wp-content\/uploads\/blogger\/-6Owi7la8ZGA\/Ukw-uzUWYwI\/AAAAAAAABeQ\/wJYfG4lZZmo\/s1600\/IMG_1513.jpg\">Puppy<\/a>, etc. Todos ellos han transformado Bilbao y la han convertido en una <strong>ciudad moderna, atractiva para los turistas<\/strong>.<\/p>\n<div id=\"attachment_127\" style=\"width: 280px\" class=\"wp-caption aligncenter\"><a href=\"https:\/\/blogs.deusto.es\/cide\/wp-content\/uploads\/sites\/10\/2012\/05\/metro-bilbao.jpg\"><img loading=\"lazy\" decoding=\"async\" aria-describedby=\"caption-attachment-127\" class=\" wp-image-127 \" title=\"metro bilbao\" src=\"https:\/\/blogs.deusto.es\/cide\/wp-content\/uploads\/sites\/10\/2012\/05\/metro-bilbao-300x247.jpg\" alt=\"\" width=\"270\" height=\"222\" srcset=\"https:\/\/blogs.deusto.es\/wp-content\/uploads\/sites\/10\/2012\/05\/metro-bilbao-300x247.jpg 300w, https:\/\/blogs.deusto.es\/wp-content\/uploads\/sites\/10\/2012\/05\/metro-bilbao.jpg 500w\" sizes=\"(max-width: 270px) 100vw, 270px\" \/><\/a><p id=\"caption-attachment-127\" class=\"wp-caption-text\">El metro llegando a Indautxu<\/p><\/div>\n<h2 style=\"text-align: center\"><span style=\"color: #800000\">\u00bfExist\u00eda Bilbao antes del Guggenheim?<\/span><\/h2>\n<p dir=\"ltr\" style=\"text-align: justify\">Los turistas extranjeros que nos visitan \u00faltimamente probablemente se har\u00e1n esta pregunta cuando se chocan de frente contra el Guggenheim. \u00bfExist\u00eda Bilbao antes del Guggenheim? S\u00ed, exist\u00eda, un Bilbao diferente, quiz\u00e1s m\u00e1s gris, quiz\u00e1s menos cosmopolita, pero Bilbao al fin y al cabo. <strong>\u00bfQu\u00e9 queda de ese Bilbao tradicional?<\/strong><\/p>\n<div id=\"attachment_131\" style=\"width: 310px\" class=\"wp-caption aligncenter\"><a href=\"https:\/\/blogs.deusto.es\/cide\/wp-content\/uploads\/sites\/10\/2012\/05\/teatro-arriaga.jpg\"><img loading=\"lazy\" decoding=\"async\" aria-describedby=\"caption-attachment-131\" class=\"size-medium wp-image-131\" title=\"teatro arriaga\" src=\"https:\/\/blogs.deusto.es\/cide\/wp-content\/uploads\/sites\/10\/2012\/05\/teatro-arriaga-300x225.jpg\" alt=\"\" width=\"300\" height=\"225\" srcset=\"https:\/\/blogs.deusto.es\/wp-content\/uploads\/sites\/10\/2012\/05\/teatro-arriaga-300x225.jpg 300w, https:\/\/blogs.deusto.es\/wp-content\/uploads\/sites\/10\/2012\/05\/teatro-arriaga.jpg 500w\" sizes=\"(max-width: 300px) 100vw, 300px\" \/><\/a><p id=\"caption-attachment-131\" class=\"wp-caption-text\">El Teatro Arriaga preside el Arenal bilba\u00edno<\/p><\/div>\n<p style=\"text-align: justify\"><em style=\"text-align: justify\"><strong>El Casco Viejo<\/strong>:<\/em><span style=\"text-align: justify\"> el <em>origen de la Villa<\/em>, las primeras siete calles sobre las que fue creciendo la ciudad. Un entramado de callejuelas estrechas, llenas de comercios y bares donde comer pintxos. En esta zona de Bilbao destacan la <\/span><a style=\"text-align: justify\" href=\"http:\/\/farm5.staticflickr.com\/4115\/4868164210_dd84e6ba5b_o.jpg\">Plaza Nueva<\/a><span style=\"text-align: justify\">, la <\/span><a style=\"text-align: justify\" href=\"https:\/\/bilbaohiria.com\/wp-content\/uploads\/2016\/07\/bilbao-athletic-10.jpg\">Catedral de Santiago<\/a><span style=\"text-align: justify\">, el <\/span><a style=\"text-align: justify\" href=\"http:\/\/farm4.staticflickr.com\/3225\/2291135144_a294c0c001_z.jpg?zz=1\">Arenal<\/a><span style=\"text-align: justify\">, el <\/span><a style=\"text-align: justify\" href=\"http:\/\/farm5.staticflickr.com\/4052\/4295385613_e27e9ba5c5_o.jpg\">Teatro Arriaga<\/a><span style=\"text-align: justify\">, la <\/span><a style=\"text-align: justify\" href=\"http:\/\/www.epdlp.com\/fotos\/pv894.jpg\">bas\u00edlica de Bego\u00f1a<\/a><span style=\"text-align: justify\"> y los <\/span><a style=\"text-align: justify\" href=\"https:\/\/www.euskal-museoa.eus\/es\/\">museos de arqueolog\u00eda y etnograf\u00eda<\/a><span style=\"text-align: justify\">.<\/span><\/p>\n<p dir=\"ltr\" style=\"text-align: justify\"><em><strong>Abando e Indautxu<\/strong>:<\/em> el <em>ensanche bilba\u00edno durante el siglo XIX<\/em>. Hoy en d\u00eda es el centro comercial y financiero de la ciudad. Destacan sus <a href=\"http:\/\/farm4.staticflickr.com\/3357\/3180544982_7c3d7f38c3_b.jpg\">edificios burgueses<\/a>, la <a href=\"https:\/\/upload.wikimedia.org\/wikipedia\/commons\/9\/91\/Street_with_the_Jesus_statue_in_the_background_%28Bilbao%2C_Spain%29_-_panoramio.jpg\">Gran V\u00eda de Don Diego L\u00f3pez de Haro<\/a>, la renovada <a href=\"http:\/\/farm2.staticflickr.com\/1178\/5167666985_319a352ec5_o.jpg\">Alh\u00f3ndiga<\/a> y la <a href=\"http:\/\/farm4.staticflickr.com\/3213\/2668603030_6fa1b8ecfa_o.jpg\">Plaza Moyua<\/a>.<\/p>\n<div id=\"attachment_132\" style=\"width: 310px\" class=\"wp-caption aligncenter\"><a href=\"https:\/\/blogs.deusto.es\/cide\/wp-content\/uploads\/sites\/10\/2012\/05\/plaza-unamuno.jpg\"><img loading=\"lazy\" decoding=\"async\" aria-describedby=\"caption-attachment-132\" class=\"size-medium wp-image-132\" title=\"plaza unamuno\" src=\"https:\/\/blogs.deusto.es\/cide\/wp-content\/uploads\/sites\/10\/2012\/05\/plaza-unamuno-300x201.jpg\" alt=\"\" width=\"300\" height=\"201\" srcset=\"https:\/\/blogs.deusto.es\/wp-content\/uploads\/sites\/10\/2012\/05\/plaza-unamuno-300x201.jpg 300w, https:\/\/blogs.deusto.es\/wp-content\/uploads\/sites\/10\/2012\/05\/plaza-unamuno.jpg 500w\" sizes=\"(max-width: 300px) 100vw, 300px\" \/><\/a><p id=\"caption-attachment-132\" class=\"wp-caption-text\">La Plaza Unamuno, centro del Casco Viejo<\/p><\/div>\n<p dir=\"ltr\" style=\"text-align: justify\"><em><strong><a href=\"https:\/\/turismovasco.com\/wp-content\/uploads\/2016\/10\/Bilbao-desde-la-r%C3%ADa.jpg\">La R\u00eda del Nervi\u00f3n<\/a><\/strong>:<\/em> <strong>se\u00f1a de identidad<\/strong> de Bilbao y siempre presente a lo largo de la historia de la villa. En sus m\u00e1rgenes se desarroll\u00f3 la <a href=\"http:\/\/farm5.staticflickr.com\/4049\/4344847584_278fa9a263_o.jpg\">actividad industrial<\/a> que caracteriz\u00f3 a la regi\u00f3n hasta los a\u00f1os 80. Tambi\u00e9n ha sido protagonista del cambio experimentado desde la construcci\u00f3n del Guggenheim.<\/p>\n<p dir=\"ltr\" style=\"text-align: justify\"><span style=\"color: #800000\"><em><strong>En los alrededores<\/strong>:<\/em><\/span> el <a href=\"http:\/\/farm2.staticflickr.com\/1148\/772684150_f8c525d80d_o.jpg\">Puente Colgante<\/a> (Patrimonio de la Humanidad), la hist\u00f3rica ciudad de <a href=\"http:\/\/farm1.staticflickr.com\/151\/347097896_5d902c87bc_o.jpg\">Gernika<\/a> y su <a href=\"http:\/\/farm5.staticflickr.com\/4045\/4683002280_923347b442_b.jpg\">\u00e1rbol<\/a>, el m\u00e1gico <a href=\"http:\/\/www.sehacecaminoalandar.com\/wp-content\/uploads\/bosque-de-oma-lineas-color.jpg\">bosque de Oma<\/a>, la <a href=\"https:\/\/turismo.euskadi.eus\/contenidos\/g_naturaleza\/0000005161_g2_rec_turismo\/es_5161\/images\/PT_urdaibai_1024.jpg\">reserva de la biosfera de Urdaibai<\/a>, la preciosa ermita de <a href=\"http:\/\/farm5.staticflickr.com\/4071\/4582086459_8c9c9903f3_o.jpg\">San Juan de Gaztelugatxe<\/a>, las tradicionales villas de <a href=\"http:\/\/farm4.staticflickr.com\/3269\/2375276053_38dae746b2_o.jpg\">Balmaseda<\/a> y <a href=\"http:\/\/farm7.staticflickr.com\/6036\/6334147260_68b4f786e9_o.jpg\">Plentzia<\/a>, el <a href=\"http:\/\/farm3.staticflickr.com\/2721\/4388170932_48f3fa5d0f_o.jpg\">puerto viejo de Algorta<\/a>&#8230;<\/p>\n<div id=\"attachment_133\" style=\"width: 310px\" class=\"wp-caption aligncenter\"><a href=\"https:\/\/blogs.deusto.es\/cide\/wp-content\/uploads\/sites\/10\/2012\/05\/gaztelugatxe.jpg\"><img loading=\"lazy\" decoding=\"async\" aria-describedby=\"caption-attachment-133\" class=\"size-medium wp-image-133\" title=\"gaztelugatxe\" src=\"https:\/\/blogs.deusto.es\/cide\/wp-content\/uploads\/sites\/10\/2012\/05\/gaztelugatxe-300x199.jpg\" alt=\"\" width=\"300\" height=\"199\" srcset=\"https:\/\/blogs.deusto.es\/wp-content\/uploads\/sites\/10\/2012\/05\/gaztelugatxe-300x199.jpg 300w, https:\/\/blogs.deusto.es\/wp-content\/uploads\/sites\/10\/2012\/05\/gaztelugatxe.jpg 500w\" sizes=\"(max-width: 300px) 100vw, 300px\" \/><\/a><p id=\"caption-attachment-133\" class=\"wp-caption-text\">San Juan de Gaztelugatxe, una ermita en medio del mar.<\/p><\/div>\n<p dir=\"ltr\" style=\"text-align: right\"><span style=\"color: #800000\"><strong>Fuente de las fotograf\u00edas:<\/strong><\/span><\/p>\n<p dir=\"ltr\" style=\"text-align: right\"><a href=\"http:\/\/www.flickr.com\/photos\/sappy__\/2395026609\/\" target=\"_blank\" rel=\"noopener noreferrer\">Pintxos<\/a> de <a href=\"http:\/\/www.flickr.com\/photos\/sappy__\/\" target=\"_blank\" rel=\"noopener noreferrer\">Sappy<\/a><\/p>\n<p dir=\"ltr\" style=\"text-align: right\"><a href=\"http:\/\/www.flickr.com\/photos\/txanoduna\/2056826348\" target=\"_blank\" rel=\"noopener noreferrer\">La lata de sardinas m\u00e1s cara del mundo<\/a> de \u00a0<a href=\"http:\/\/www.flickr.com\/photos\/txanoduna\/\" target=\"_blank\" rel=\"noopener noreferrer\">Julen Landa<\/a><\/p>\n<p dir=\"ltr\" style=\"text-align: right\"><a href=\"http:\/\/www.flickr.com\/photos\/disgustipado\/275543110\/\" target=\"_blank\" rel=\"noopener noreferrer\">Arde Bilbao<\/a> de <a href=\"http:\/\/www.flickr.com\/photos\/disgustipado\/\" target=\"_blank\" rel=\"noopener noreferrer\">@disgustipado<\/a><\/p>\n<p dir=\"ltr\" style=\"text-align: right\"><a href=\"http:\/\/commons.wikimedia.org\/wiki\/File:Guggenheim_panoramic.jpg?uselang=es\" target=\"_blank\" rel=\"noopener noreferrer\">Guggenheim panoramic<\/a> de <a href=\"http:\/\/commons.wikimedia.org\/wiki\/User:Fernandopascullo?uselang=es\" target=\"_blank\" rel=\"noopener noreferrer\">Fernando Pascullo<\/a><\/p>\n<p dir=\"ltr\" style=\"text-align: right\"><a href=\"http:\/\/www.flickr.com\/photos\/49093093@N02\/4615777026\/\" target=\"_blank\" rel=\"noopener noreferrer\">La R\u00eda. Bilbao<\/a> de <a href=\"http:\/\/www.flickr.com\/photos\/49093093@N02\/\" target=\"_blank\" rel=\"noopener noreferrer\">Old Photographs Archive Spain<\/a><\/p>\n<p dir=\"ltr\" style=\"text-align: right\"><a href=\"http:\/\/www.flickr.com\/photos\/darkhornet\/5311737611\/\" target=\"_blank\" rel=\"noopener noreferrer\">Paseo en Campo Volant\u00edn<\/a> de\u00a0<a href=\"http:\/\/www.flickr.com\/photos\/darkhornet\/\" target=\"_blank\" rel=\"noopener noreferrer\">@Hornet18<\/a><\/p>\n<p dir=\"ltr\" style=\"text-align: right\"><a href=\"http:\/\/commons.wikimedia.org\/wiki\/File:Metro_bilbao_indautxu.jpg?uselang=es\" target=\"_blank\" rel=\"noopener noreferrer\">Estaci\u00f3n Indautxu del Metro Bilbao, con tren<\/a> de <a href=\"http:\/\/commons.wikimedia.org\/wiki\/User:Ardo_Beltz?uselang=es\" target=\"_blank\" rel=\"noopener noreferrer\">@ArdoBeltz<\/a><\/p>\n<p dir=\"ltr\" style=\"text-align: right\"><a href=\"http:\/\/www.flickr.com\/photos\/mahatsorri\/6919856015\/\" target=\"_blank\" rel=\"noopener noreferrer\">Teatro Arriaga<\/a> de <a href=\"http:\/\/www.flickr.com\/people\/mahatsorri\/\" target=\"_blank\" rel=\"noopener noreferrer\">Fernando Jim\u00e9nez<\/a><\/p>\n<p dir=\"ltr\" style=\"text-align: right\"><a href=\"http:\/\/www.flickr.com\/photos\/txanoduna\/4145843451\/\" target=\"_blank\" rel=\"noopener noreferrer\">08:03<\/a> de <a href=\"http:\/\/www.flickr.com\/people\/txanoduna\/\" target=\"_blank\" rel=\"noopener noreferrer\">Julen Landa<\/a><\/p>\n<p dir=\"ltr\" style=\"text-align: right\"><a href=\"http:\/\/www.flickr.com\/photos\/caranord\/2981393495\/\" target=\"_blank\" rel=\"noopener noreferrer\">San Juan de Gaztelugatxe<\/a> de <a href=\"http:\/\/www.flickr.com\/people\/caranord\/\" target=\"_blank\" rel=\"noopener noreferrer\">Juan Luis Naranjo<\/a><\/p>\n","protected":false},"excerpt":{"rendered":"<p>\u00bfQu\u00e9 necesitas saber sobre Bilbao antes de visitarnos? Fue fundada como villa en 1300 por Don Diego L\u00f3pez de Haro, se\u00f1or de Vizcaya. Es la capital de la provincia de Vizcaya y la ciudad m\u00e1s grande del Pa\u00eds Vasco. Le llamamos con cari\u00f1o el botxo (\u2018agujero\u2019, en euskera) porque est\u00e1 rodeada de monta\u00f1as. Muy cerca, [&hellip;]<\/p>\n","protected":false},"author":142,"featured_media":86,"parent":0,"menu_order":0,"comment_status":"open","ping_status":"open","template":"","meta":{"_genesis_hide_title":false,"_genesis_hide_breadcrumbs":false,"_genesis_hide_singular_image":false,"_genesis_hide_footer_widgets":false,"_genesis_custom_body_class":"","_genesis_custom_post_class":"","_genesis_layout":"","footnotes":""},"class_list":{"0":"post-64","1":"page","2":"type-page","3":"status-publish","4":"has-post-thumbnail","6":"entry"},"_links":{"self":[{"href":"https:\/\/blogs.deusto.es\/cide\/wp-json\/wp\/v2\/pages\/64","targetHints":{"allow":["GET"]}}],"collection":[{"href":"https:\/\/blogs.deusto.es\/cide\/wp-json\/wp\/v2\/pages"}],"about":[{"href":"https:\/\/blogs.deusto.es\/cide\/wp-json\/wp\/v2\/types\/page"}],"author":[{"embeddable":true,"href":"https:\/\/blogs.deusto.es\/cide\/wp-json\/wp\/v2\/users\/142"}],"replies":[{"embeddable":true,"href":"https:\/\/blogs.deusto.es\/cide\/wp-json\/wp\/v2\/comments?post=64"}],"version-history":[{"count":37,"href":"https:\/\/blogs.deusto.es\/cide\/wp-json\/wp\/v2\/pages\/64\/revisions"}],"predecessor-version":[{"id":7097,"href":"https:\/\/blogs.deusto.es\/cide\/wp-json\/wp\/v2\/pages\/64\/revisions\/7097"}],"wp:featuredmedia":[{"embeddable":true,"href":"https:\/\/blogs.deusto.es\/cide\/wp-json\/wp\/v2\/media\/86"}],"wp:attachment":[{"href":"https:\/\/blogs.deusto.es\/cide\/wp-json\/wp\/v2\/media?parent=64"}],"curies":[{"name":"wp","href":"https:\/\/api.w.org\/{rel}","templated":true}]}}