{"id":43,"date":"2024-03-22T09:53:24","date_gmt":"2024-03-22T08:53:24","guid":{"rendered":"https:\/\/blogs.deusto.es\/derecho-social\/?page_id=43"},"modified":"2024-03-22T10:02:08","modified_gmt":"2024-03-22T09:02:08","slug":"recibe-por-correo","status":"publish","type":"page","link":"https:\/\/blogs.deusto.es\/derecho-social\/recibe-por-correo\/","title":{"rendered":"Reciba por correo"},"content":{"rendered":"<p>Si quiere recibir un email cada vez que publique un nuevo art\u00edculo, introduzca su direcci\u00f3n aqu\u00ed:<br \/><form name=\"s2form\" method=\"post\" action=\"https:\/\/blogs.deusto.es\/derecho-social\/recibe-por-correo\/\"><input type=\"hidden\" name=\"ip\" value=\"216.73.216.139\" \/><span style=\"display:none !important\"><label for=\"firstname\">Leave This Blank:<\/label><input type=\"text\" id=\"firstname\" name=\"firstname\" \/><label for=\"lastname\">Leave This Blank Too:<\/label><input type=\"text\" id=\"lastname\" name=\"lastname\" \/><label for=\"uri\">Do Not Change This:<\/label><input type=\"text\" id=\"uri\" name=\"uri\" value=\"http:\/\/\" \/><\/span><p><label for=\"s2email\">Tu correo electr\u00f3nico:<\/label><br><input type=\"email\" name=\"email\" id=\"s2email\" value=\"Introduce tu direcci\u00f3n de correo electr\u00f3nico...\" size=\"20\" onfocus=\"if (this.value === 'Introduce tu direcci\u00f3n de correo electr\u00f3nico...') {this.value = '';}\" onblur=\"if (this.value === '') {this.value = 'Introduce tu direcci\u00f3n de correo electr\u00f3nico...';}\" \/><\/p><p><input type=\"submit\" name=\"subscribe\" value=\"Suscribirme\" \/>&nbsp;<input type=\"submit\" name=\"unsubscribe\" value=\"Cancelar suscripci\u00f3n\" \/><\/p><\/form>\r\n\n","protected":false},"excerpt":{"rendered":"<p>Si quiere recibir un email cada vez que publique un nuevo art\u00edculo, introduzca su direcci\u00f3n aqu\u00ed:Leave This Blank:Leave This Blank Too:Do Not Change This:Tu correo electr\u00f3nico:&nbsp;<\/p>\n","protected":false},"author":696,"featured_media":0,"parent":0,"menu_order":0,"comment_status":"closed","ping_status":"closed","template":"","meta":{"_s2mail":"yes","footnotes":""},"class_list":["post-43","page","type-page","status-publish","hentry"],"_links":{"self":[{"href":"https:\/\/blogs.deusto.es\/derecho-social\/wp-json\/wp\/v2\/pages\/43","targetHints":{"allow":["GET"]}}],"collection":[{"href":"https:\/\/blogs.deusto.es\/derecho-social\/wp-json\/wp\/v2\/pages"}],"about":[{"href":"https:\/\/blogs.deusto.es\/derecho-social\/wp-json\/wp\/v2\/types\/page"}],"author":[{"embeddable":true,"href":"https:\/\/blogs.deusto.es\/derecho-social\/wp-json\/wp\/v2\/users\/696"}],"replies":[{"embeddable":true,"href":"https:\/\/blogs.deusto.es\/derecho-social\/wp-json\/wp\/v2\/comments?post=43"}],"version-history":[{"count":4,"href":"https:\/\/blogs.deusto.es\/derecho-social\/wp-json\/wp\/v2\/pages\/43\/revisions"}],"predecessor-version":[{"id":48,"href":"https:\/\/blogs.deusto.es\/derecho-social\/wp-json\/wp\/v2\/pages\/43\/revisions\/48"}],"wp:attachment":[{"href":"https:\/\/blogs.deusto.es\/derecho-social\/wp-json\/wp\/v2\/media?parent=43"}],"curies":[{"name":"wp","href":"https:\/\/api.w.org\/{rel}","templated":true}]}}