{"id":105,"date":"2019-11-12T19:35:09","date_gmt":"2019-11-12T18:35:09","guid":{"rendered":"https:\/\/preblogs.deusto.es\/deustodesign\/?page_id=105"},"modified":"2019-11-13T11:48:38","modified_gmt":"2019-11-13T10:48:38","slug":"grado","status":"publish","type":"page","link":"https:\/\/blogs.deusto.es\/deustodesign\/grado\/","title":{"rendered":"Grado"},"content":{"rendered":"\n<p style=\"background-color:#000000\" class=\"has-text-color has-background has-huge-font-size has-very-light-gray-color\"><strong>Dise\u00f1ar =<\/strong><br><strong>Resolver los problemas de las personas<\/strong><\/p>\n\n\n\n<p style=\"color:#000000\" class=\"has-text-color has-huge-font-size\"><strong>El dise\u00f1o es una actividad creativa,<br> cuyas directrices establecen las<br> m\u00faltiples facetas y cualidades de los<br> objetos, procesos, servicios y sistemas a lo largo de todos sus ciclos de vida.<\/strong><br><strong><br>Por lo tanto, el dise\u00f1o es un factor primordial de la innovaci\u00f3n humana de las tecnolog\u00edas y un factor crucial del intercambio cultural y econ\u00f3mico<\/strong>.<\/p>\n\n\n\n<p>World Design Organization<\/p>\n\n\n\n<p style=\"color:#ffffff\" class=\"has-text-color has-background has-medium-font-size has-luminous-vivid-orange-background-color\">Conoce nuestro <strong><a href=\"https:\/\/www.deusto.es\/cs\/Satellite\/deusto\/es\/nuevos-estudiantes-de-grado\/estudios-grados\/ingenieria-en-diseno-industrial\/programa\">Grado en Ingenier\u00eda en Dise\u00f1o Industrial<\/a><\/strong><\/p>\n\n\n<p><!--EndFragment--><\/p>","protected":false},"excerpt":{"rendered":"<p>Dise\u00f1ar =Resolver los problemas de las personas El dise\u00f1o es una actividad creativa, cuyas directrices establecen las m\u00faltiples facetas y cualidades de los objetos, procesos, servicios y sistemas a lo largo de todos sus ciclos de vida.Por lo tanto, el dise\u00f1o es un factor primordial de la innovaci\u00f3n humana de las tecnolog\u00edas y un factor [&hellip;]<\/p>\n","protected":false},"author":198,"featured_media":0,"parent":0,"menu_order":0,"comment_status":"closed","ping_status":"closed","template":"","meta":{"footnotes":""},"class_list":["post-105","page","type-page","status-publish","hentry"],"_links":{"self":[{"href":"https:\/\/blogs.deusto.es\/deustodesign\/wp-json\/wp\/v2\/pages\/105","targetHints":{"allow":["GET"]}}],"collection":[{"href":"https:\/\/blogs.deusto.es\/deustodesign\/wp-json\/wp\/v2\/pages"}],"about":[{"href":"https:\/\/blogs.deusto.es\/deustodesign\/wp-json\/wp\/v2\/types\/page"}],"author":[{"embeddable":true,"href":"https:\/\/blogs.deusto.es\/deustodesign\/wp-json\/wp\/v2\/users\/198"}],"replies":[{"embeddable":true,"href":"https:\/\/blogs.deusto.es\/deustodesign\/wp-json\/wp\/v2\/comments?post=105"}],"version-history":[{"count":9,"href":"https:\/\/blogs.deusto.es\/deustodesign\/wp-json\/wp\/v2\/pages\/105\/revisions"}],"predecessor-version":[{"id":181,"href":"https:\/\/blogs.deusto.es\/deustodesign\/wp-json\/wp\/v2\/pages\/105\/revisions\/181"}],"wp:attachment":[{"href":"https:\/\/blogs.deusto.es\/deustodesign\/wp-json\/wp\/v2\/media?parent=105"}],"curies":[{"name":"wp","href":"https:\/\/api.w.org\/{rel}","templated":true}]}}