{"id":501,"date":"2013-01-14T09:59:20","date_gmt":"2013-01-14T08:59:20","guid":{"rendered":"https:\/\/preblogs.deusto.es\/deustoforum\/?page_id=501"},"modified":"2013-02-21T17:07:53","modified_gmt":"2013-02-21T16:07:53","slug":"formulario-de-inscripcion","status":"publish","type":"page","link":"https:\/\/blogs.deusto.es\/deustoforum\/contacto\/formulario-de-inscripcion\/","title":{"rendered":"Formulario de inscripci\u00f3n"},"content":{"rendered":"<p>Se ha cerrado el per\u00edodo de inscripci\u00f3n. <\/p>\n<p><span class='st_facebook_hcount' st_title='Formulario de inscripci\u00f3n' st_url='https:\/\/blogs.deusto.es\/deustoforum\/contacto\/formulario-de-inscripcion\/' displayText='facebook'><\/span><span st_via='deustoforum' st_username='deustoforum' class='st_twitter_hcount' st_title='Formulario de inscripci\u00f3n' st_url='https:\/\/blogs.deusto.es\/deustoforum\/contacto\/formulario-de-inscripcion\/' displayText='twitter'><\/span><span class='st_email_hcount' st_title='Formulario de inscripci\u00f3n' st_url='https:\/\/blogs.deusto.es\/deustoforum\/contacto\/formulario-de-inscripcion\/' displayText='email'><\/span><span class='st_sharethis_hcount' st_title='Formulario de inscripci\u00f3n' st_url='https:\/\/blogs.deusto.es\/deustoforum\/contacto\/formulario-de-inscripcion\/' displayText='sharethis'><\/span><\/p>","protected":false},"excerpt":{"rendered":"<p>Se ha cerrado el per\u00edodo de inscripci\u00f3n.<\/p>\n<p><span class='st_facebook_hcount' st_title='Formulario de inscripci\u00f3n' st_url='https:\/\/blogs.deusto.es\/deustoforum\/contacto\/formulario-de-inscripcion\/' displayText='facebook'><\/span><span st_via='deustoforum' st_username='deustoforum' class='st_twitter_hcount' st_title='Formulario de inscripci\u00f3n' st_url='https:\/\/blogs.deusto.es\/deustoforum\/contacto\/formulario-de-inscripcion\/' displayText='twitter'><\/span><span class='st_email_hcount' st_title='Formulario de inscripci\u00f3n' st_url='https:\/\/blogs.deusto.es\/deustoforum\/contacto\/formulario-de-inscripcion\/' displayText='email'><\/span><span class='st_sharethis_hcount' st_title='Formulario de inscripci\u00f3n' st_url='https:\/\/blogs.deusto.es\/deustoforum\/contacto\/formulario-de-inscripcion\/' displayText='sharethis'><\/span><\/p>","protected":false},"author":1,"featured_media":0,"parent":7,"menu_order":0,"comment_status":"closed","ping_status":"closed","template":"","meta":{"footnotes":""},"class_list":["post-501","page","type-page","status-publish","hentry"],"_links":{"self":[{"href":"https:\/\/blogs.deusto.es\/deustoforum\/wp-json\/wp\/v2\/pages\/501","targetHints":{"allow":["GET"]}}],"collection":[{"href":"https:\/\/blogs.deusto.es\/deustoforum\/wp-json\/wp\/v2\/pages"}],"about":[{"href":"https:\/\/blogs.deusto.es\/deustoforum\/wp-json\/wp\/v2\/types\/page"}],"author":[{"embeddable":true,"href":"https:\/\/blogs.deusto.es\/deustoforum\/wp-json\/wp\/v2\/users\/1"}],"replies":[{"embeddable":true,"href":"https:\/\/blogs.deusto.es\/deustoforum\/wp-json\/wp\/v2\/comments?post=501"}],"version-history":[{"count":6,"href":"https:\/\/blogs.deusto.es\/deustoforum\/wp-json\/wp\/v2\/pages\/501\/revisions"}],"predecessor-version":[{"id":654,"href":"https:\/\/blogs.deusto.es\/deustoforum\/wp-json\/wp\/v2\/pages\/501\/revisions\/654"}],"up":[{"embeddable":true,"href":"https:\/\/blogs.deusto.es\/deustoforum\/wp-json\/wp\/v2\/pages\/7"}],"wp:attachment":[{"href":"https:\/\/blogs.deusto.es\/deustoforum\/wp-json\/wp\/v2\/media?parent=501"}],"curies":[{"name":"wp","href":"https:\/\/api.w.org\/{rel}","templated":true}]}}