{"id":7710,"date":"2024-06-17T10:45:28","date_gmt":"2024-06-17T08:45:28","guid":{"rendered":"https:\/\/blogs.deusto.es\/deustoforum\/?page_id=7710"},"modified":"2024-06-17T10:45:29","modified_gmt":"2024-06-17T08:45:29","slug":"conferencias","status":"publish","type":"page","link":"https:\/\/blogs.deusto.es\/deustoforum\/conferencias\/","title":{"rendered":"Conferencias"},"content":{"rendered":"\n<div class=\"wp-block-group alignwide\"><div class=\"wp-block-group__inner-container is-layout-constrained wp-block-group-is-layout-constrained\">\n<div class=\"wp-block-query alignfull is-layout-flow wp-block-query-is-layout-flow\"><ul class=\"columns-3 wp-block-post-template is-layout-grid wp-container-core-post-template-is-layout-2fc57c17 wp-block-post-template-is-layout-grid\"><li class=\"wp-block-post post-7474 post type-post status-publish format-standard has-post-thumbnail hentry category-ciclo category-ciencias-sociales category-conferencias category-conferencias-extraordinarias category-politica category-tematica tag-1359 tag-1707 tag-1152 tag-chile tag-desarrollo-social tag-politica\">\n\n<div class=\"wp-block-group alignwide\" style=\"padding-top:30px;padding-right:30px;padding-bottom:30px;padding-left:30px\"><div class=\"wp-block-group__inner-container is-layout-constrained wp-container-core-group-is-layout-a02f0dea wp-block-group-is-layout-constrained\"><figure class=\"wp-block-post-featured-image\"><img fetchpriority=\"high\" decoding=\"async\" width=\"300\" height=\"206\" src=\"https:\/\/blogs.deusto.es\/wp-content\/uploads\/sites\/55\/2020\/01\/54450993-64e2-fce8-9c62-45f2cd6b8134_300.png\" class=\"attachment-post-thumbnail size-post-thumbnail wp-post-image\" alt=\"\" style=\"object-fit:cover;\" \/><\/figure>\n\n<h2 class=\"wp-block-post-title has-medium-font-size\"><a href=\"https:\/\/blogs.deusto.es\/deustoforum\/los-dias-que-cambiaron-el-futuro-de-chile\/\" target=\"_self\" >Los d\u00edas que cambiaron el futuro de Chile<\/a><\/h2><\/div><\/div>\n\n<\/li><li class=\"wp-block-post post-7468 post type-post status-publish format-standard has-post-thumbnail hentry category-ciclo category-ciencias-sociales category-conferencias category-derechos-humanos category-miradas-para-acompanar category-tematica tag-1337 tag-2031 tag-1331 tag-derechos-humanos tag-fronteras tag-refugiados\">\n\n<div class=\"wp-block-group alignwide\" style=\"padding-top:30px;padding-right:30px;padding-bottom:30px;padding-left:30px\"><div class=\"wp-block-group__inner-container is-layout-constrained wp-container-core-group-is-layout-a02f0dea wp-block-group-is-layout-constrained\"><figure class=\"wp-block-post-featured-image\"><img decoding=\"async\" width=\"295\" height=\"288\" src=\"https:\/\/blogs.deusto.es\/wp-content\/uploads\/sites\/55\/2019\/12\/7f0d95b6-1075-7e19-27dd-4aafa47dca39_300-295x288.png\" class=\"attachment-post-thumbnail size-post-thumbnail wp-post-image\" alt=\"\" style=\"object-fit:cover;\" \/><\/figure>\n\n<h2 class=\"wp-block-post-title has-medium-font-size\"><a href=\"https:\/\/blogs.deusto.es\/deustoforum\/el-problema-son-las-fronteras-como-reemplazar-un-sistema-migratorio-fallido\/\" target=\"_self\" >El problema son las fronteras. C\u00f3mo reemplazar un sistema migratorio fallido<\/a><\/h2><\/div><\/div>\n\n<\/li><li class=\"wp-block-post post-7462 post type-post status-publish format-standard has-post-thumbnail hentry category-ciclo category-ciencias-sociales category-conferencias category-conferencias-extraordinarias category-psicologia-educacion category-tematica tag-1530 tag-1176 tag-1349 tag-baritono tag-ciencia tag-derechos tag-educacion tag-jose-maria-guibert\">\n\n<div class=\"wp-block-group alignwide\" style=\"padding-top:30px;padding-right:30px;padding-bottom:30px;padding-left:30px\"><div class=\"wp-block-group__inner-container is-layout-constrained wp-container-core-group-is-layout-a02f0dea wp-block-group-is-layout-constrained\"><figure class=\"wp-block-post-featured-image\"><img decoding=\"async\" width=\"300\" height=\"200\" src=\"https:\/\/blogs.deusto.es\/wp-content\/uploads\/sites\/55\/2019\/12\/743e436c-c5ee-f748-8b38-64746e3b08da_300.png\" class=\"attachment-post-thumbnail size-post-thumbnail wp-post-image\" alt=\"\" style=\"object-fit:cover;\" \/><\/figure>\n\n<h2 class=\"wp-block-post-title has-medium-font-size\"><a href=\"https:\/\/blogs.deusto.es\/deustoforum\/educacion-ciencia-conciencia\/\" target=\"_self\" >Educaci\u00f3n, ciencia, conciencia<\/a><\/h2><\/div><\/div>\n\n<\/li><li class=\"wp-block-post post-7456 post type-post status-publish format-standard has-post-thumbnail hentry category-ciclo category-conferencias category-conferencias-extraordinarias category-espana category-politica category-tematica tag-2025 tag-2024 tag-1152 tag-cataluna tag-independencia tag-politica\">\n\n<div class=\"wp-block-group alignwide\" style=\"padding-top:30px;padding-right:30px;padding-bottom:30px;padding-left:30px\"><div class=\"wp-block-group__inner-container is-layout-constrained wp-container-core-group-is-layout-a02f0dea wp-block-group-is-layout-constrained\"><figure class=\"wp-block-post-featured-image\"><img loading=\"lazy\" decoding=\"async\" width=\"300\" height=\"200\" src=\"https:\/\/blogs.deusto.es\/wp-content\/uploads\/sites\/55\/2019\/11\/73dbe130-87a1-64f2-24f2-4eb9b62bc3b7_300.png\" class=\"attachment-post-thumbnail size-post-thumbnail wp-post-image\" alt=\"\" style=\"object-fit:cover;\" \/><\/figure>\n\n<h2 class=\"wp-block-post-title has-medium-font-size\"><a href=\"https:\/\/blogs.deusto.es\/deustoforum\/las-claves-del-proceso-catalan\/\" target=\"_self\" >Las claves del proceso catal\u00e1n<\/a><\/h2><\/div><\/div>\n\n<\/li><li class=\"wp-block-post post-7450 post type-post status-publish format-standard has-post-thumbnail hentry category-ciclo category-ciencias-sociales category-conferencias category-conferencias-extraordinarias category-cooperacion-solidaridad-desarrollo category-derecho category-derechos-humanos category-tematica tag-2022 tag-1337 tag-1312 tag-derecho tag-derechos-humanos tag-infancia\">\n\n<div class=\"wp-block-group alignwide\" style=\"padding-top:30px;padding-right:30px;padding-bottom:30px;padding-left:30px\"><div class=\"wp-block-group__inner-container is-layout-constrained wp-container-core-group-is-layout-a02f0dea wp-block-group-is-layout-constrained\"><figure class=\"wp-block-post-featured-image\"><img loading=\"lazy\" decoding=\"async\" width=\"300\" height=\"166\" src=\"https:\/\/blogs.deusto.es\/wp-content\/uploads\/sites\/55\/2019\/11\/824bb598-c0ba-f03b-cea8-3252ca2ced3b_300.png\" class=\"attachment-post-thumbnail size-post-thumbnail wp-post-image\" alt=\"\" style=\"object-fit:cover;\" \/><\/figure>\n\n<h2 class=\"wp-block-post-title has-medium-font-size\"><a href=\"https:\/\/blogs.deusto.es\/deustoforum\/los-derechos-de-ninos-y-ninas-30-anos-despues-una-mirada-al-futuro\/\" target=\"_self\" >Los derechos de ni\u00f1os y ni\u00f1as 30 a\u00f1os despu\u00e9s: una mirada al futuro<\/a><\/h2><\/div><\/div>\n\n<\/li><li class=\"wp-block-post post-7444 post type-post status-publish format-standard has-post-thumbnail hentry category-ciclo category-ciencias-sociales category-conferencias category-conferencias-extraordinarias category-deporte category-tematica tag-1381 tag-1462 tag-1817 tag-deporte tag-igualdad tag-javier-ormazabal tag-mujer\">\n\n<div class=\"wp-block-group alignwide\" style=\"padding-top:30px;padding-right:30px;padding-bottom:30px;padding-left:30px\"><div class=\"wp-block-group__inner-container is-layout-constrained wp-container-core-group-is-layout-a02f0dea wp-block-group-is-layout-constrained\"><figure class=\"wp-block-post-featured-image\"><img loading=\"lazy\" decoding=\"async\" width=\"300\" height=\"199\" src=\"https:\/\/blogs.deusto.es\/wp-content\/uploads\/sites\/55\/2019\/11\/719feaa8-b3ed-e8c0-6e0f-f91874e8af8e_300.png\" class=\"attachment-post-thumbnail size-post-thumbnail wp-post-image\" alt=\"\" style=\"object-fit:cover;\" \/><\/figure>\n\n<h2 class=\"wp-block-post-title has-medium-font-size\"><a href=\"https:\/\/blogs.deusto.es\/deustoforum\/runequal-campaining-for-women-and-running\/\" target=\"_self\" >#runequal, campaining for women and running<\/a><\/h2><\/div><\/div>\n\n<\/li><li class=\"wp-block-post post-7438 post type-post status-publish format-standard has-post-thumbnail hentry category-ciclo category-conferencias category-ocio-cultura category-opera-bihotzetik category-tematica tag-1563 tag-1265 tag-musica tag-opera\">\n\n<div class=\"wp-block-group alignwide\" style=\"padding-top:30px;padding-right:30px;padding-bottom:30px;padding-left:30px\"><div class=\"wp-block-group__inner-container is-layout-constrained wp-container-core-group-is-layout-a02f0dea wp-block-group-is-layout-constrained\"><figure class=\"wp-block-post-featured-image\"><img loading=\"lazy\" decoding=\"async\" width=\"300\" height=\"186\" src=\"https:\/\/blogs.deusto.es\/wp-content\/uploads\/sites\/55\/2019\/10\/994074ef-bbdd-02fa-868e-c1c37092ebee_300.png\" class=\"attachment-post-thumbnail size-post-thumbnail wp-post-image\" alt=\"\" style=\"object-fit:cover;\" \/><\/figure>\n\n<h2 class=\"wp-block-post-title has-medium-font-size\"><a href=\"https:\/\/blogs.deusto.es\/deustoforum\/deustoforum-ruggero-raimondi-opera-bihotzetik\/\" target=\"_self\" >DeustoForum. Ruggero Raimondi. \u00d3pera bihotzetik<\/a><\/h2><\/div><\/div>\n\n<\/li><li class=\"wp-block-post post-7432 post type-post status-publish format-standard has-post-thumbnail hentry category-ciclo category-ciencias-sociales category-conferencias category-conferencias-extraordinarias category-tematica tag-1624 tag-1645 tag-1152 tag-1177 tag-etica tag-filosofia tag-justicia tag-politica\">\n\n<div class=\"wp-block-group alignwide\" style=\"padding-top:30px;padding-right:30px;padding-bottom:30px;padding-left:30px\"><div class=\"wp-block-group__inner-container is-layout-constrained wp-container-core-group-is-layout-a02f0dea wp-block-group-is-layout-constrained\"><figure class=\"wp-block-post-featured-image\"><img loading=\"lazy\" decoding=\"async\" width=\"197\" height=\"288\" src=\"https:\/\/blogs.deusto.es\/wp-content\/uploads\/sites\/55\/2019\/05\/bcf84bd7-b565-ed1e-6497-3fa195b9e4ff_300-197x288.png\" class=\"attachment-post-thumbnail size-post-thumbnail wp-post-image\" alt=\"\" style=\"object-fit:cover;\" \/><\/figure>\n\n<h2 class=\"wp-block-post-title has-medium-font-size\"><a href=\"https:\/\/blogs.deusto.es\/deustoforum\/el-populismo-el-nacionalismo-y-la-revuelta-contra-las-elites\/\" target=\"_self\" >El populismo, el nacionalismo y la revuelta contra las \u00e9lites<\/a><\/h2><\/div><\/div>\n\n<\/li><li class=\"wp-block-post post-7426 post type-post status-publish format-standard has-post-thumbnail hentry category-ciclo category-conferencias category-ocio-cultura category-opera-bihotzetik category-tematica\">\n\n<div class=\"wp-block-group alignwide\" style=\"padding-top:30px;padding-right:30px;padding-bottom:30px;padding-left:30px\"><div class=\"wp-block-group__inner-container is-layout-constrained wp-container-core-group-is-layout-a02f0dea wp-block-group-is-layout-constrained\"><figure class=\"wp-block-post-featured-image\"><img loading=\"lazy\" decoding=\"async\" width=\"300\" height=\"200\" src=\"https:\/\/blogs.deusto.es\/wp-content\/uploads\/sites\/55\/2019\/05\/a8a56e05-4d44-c9a3-91c1-e9c69a0f2d6e_300.png\" class=\"attachment-post-thumbnail size-post-thumbnail wp-post-image\" alt=\"\" style=\"object-fit:cover;\" \/><\/figure>\n\n<h2 class=\"wp-block-post-title has-medium-font-size\"><a href=\"https:\/\/blogs.deusto.es\/deustoforum\/david-parry-opera-bihotzetik\/\" target=\"_self\" >David Parry. Opera bihotzetik<\/a><\/h2><\/div><\/div>\n\n<\/li><li class=\"wp-block-post post-7420 post type-post status-publish format-standard has-post-thumbnail hentry category-ciclo category-ciencias-sociales category-conferencias category-conferencias-extraordinarias category-euskadi category-politica category-tematica tag-1152 tag-1942 tag-2020 tag-debate tag-euskadi tag-politica\">\n\n<div class=\"wp-block-group alignwide\" style=\"padding-top:30px;padding-right:30px;padding-bottom:30px;padding-left:30px\"><div class=\"wp-block-group__inner-container is-layout-constrained wp-container-core-group-is-layout-a02f0dea wp-block-group-is-layout-constrained\"><figure class=\"wp-block-post-featured-image\"><img loading=\"lazy\" decoding=\"async\" width=\"300\" height=\"199\" src=\"https:\/\/blogs.deusto.es\/wp-content\/uploads\/sites\/55\/2019\/05\/291e3fd7-e809-de86-b1b1-832483132dc9_300.png\" class=\"attachment-post-thumbnail size-post-thumbnail wp-post-image\" alt=\"\" style=\"object-fit:cover;\" \/><\/figure>\n\n<h2 class=\"wp-block-post-title has-medium-font-size\"><a href=\"https:\/\/blogs.deusto.es\/deustoforum\/debate-electoral-foral\/\" target=\"_self\" >Debate electoral foral<\/a><\/h2><\/div><\/div>\n\n<\/li><li class=\"wp-block-post post-7414 post type-post status-publish format-standard has-post-thumbnail hentry category-ciclo category-ciencias-sociales category-conferencias category-conferencias-extraordinarias category-cooperacion-solidaridad-desarrollo category-derechos-humanos category-fe-etica-religion category-tematica tag-1236 tag-1453 tag-1337 tag-derechos-humanos tag-ecologia tag-indigenas\">\n\n<div class=\"wp-block-group alignwide\" style=\"padding-top:30px;padding-right:30px;padding-bottom:30px;padding-left:30px\"><div class=\"wp-block-group__inner-container is-layout-constrained wp-container-core-group-is-layout-a02f0dea wp-block-group-is-layout-constrained\"><figure class=\"wp-block-post-featured-image\"><img loading=\"lazy\" decoding=\"async\" width=\"199\" height=\"288\" src=\"https:\/\/blogs.deusto.es\/wp-content\/uploads\/sites\/55\/2019\/05\/e187e27b-f172-a505-6313-277514943683_300-199x288.png\" class=\"attachment-post-thumbnail size-post-thumbnail wp-post-image\" alt=\"\" style=\"object-fit:cover;\" \/><\/figure>\n\n<h2 class=\"wp-block-post-title has-medium-font-size\"><a href=\"https:\/\/blogs.deusto.es\/deustoforum\/una-amazonia-para-toda-la-humanidad\/\" target=\"_self\" >Una Amazonia para toda la Humanidad<\/a><\/h2><\/div><\/div>\n\n<\/li><li class=\"wp-block-post post-7408 post type-post status-publish format-standard has-post-thumbnail hentry category-asomandonos-a-un-mundo-digital category-ciclo category-conferencias category-empresa-e-industria category-innovacion category-nuevas-tecnologias-e-internet category-psicologia-educacion category-tematica tag-2018 tag-1996 tag-1349 tag-educacion tag-empleabilidad tag-futuro-digital\">\n\n<div class=\"wp-block-group alignwide\" style=\"padding-top:30px;padding-right:30px;padding-bottom:30px;padding-left:30px\"><div class=\"wp-block-group__inner-container is-layout-constrained wp-container-core-group-is-layout-a02f0dea wp-block-group-is-layout-constrained\"><figure class=\"wp-block-post-featured-image\"><img loading=\"lazy\" decoding=\"async\" width=\"300\" height=\"200\" src=\"https:\/\/blogs.deusto.es\/wp-content\/uploads\/sites\/55\/2019\/03\/44eceff0-8552-03fc-b3af-a3fb15e1a266_300.png\" class=\"attachment-post-thumbnail size-post-thumbnail wp-post-image\" alt=\"\" style=\"object-fit:cover;\" \/><\/figure>\n\n<h2 class=\"wp-block-post-title has-medium-font-size\"><a href=\"https:\/\/blogs.deusto.es\/deustoforum\/cambio-educativo-y-transformacion-digital-de-la-inclusion-a-la-empleabilidad\/\" target=\"_self\" >Cambio educativo y transformaci\u00f3n digital: de la inclusi\u00f3n a la empleabilidad<\/a><\/h2><\/div><\/div>\n\n<\/li><\/ul>\n\n<nav class=\"wp-block-query-pagination is-layout-flex wp-block-query-pagination-is-layout-flex\" aria-label=\"Paginaci\u00f3n\">\n\n\n<div class=\"wp-block-query-pagination-numbers\"><span aria-current=\"page\" class=\"page-numbers current\">1<\/span>\n<a class=\"page-numbers\" href=\"?query-28-page=2\">2<\/a>\n<a class=\"page-numbers\" href=\"?query-28-page=3\">3<\/a>\n<span class=\"page-numbers dots\">&hellip;<\/span>\n<a class=\"page-numbers\" href=\"?query-28-page=44\">44<\/a><\/div>\n\n<a href=\"\/deustoforum\/wp-json\/wp\/v2\/pages\/7710?query-28-page=2\" class=\"wp-block-query-pagination-next\">P\u00e1gina siguiente<span class='wp-block-query-pagination-next-arrow is-arrow-arrow' aria-hidden='true'>\u2192<\/span><\/a>\n<\/nav><\/div>\n<\/div><\/div>\n<p><span class='st_facebook_hcount' st_title='Conferencias' st_url='https:\/\/blogs.deusto.es\/deustoforum\/conferencias\/' displayText='facebook'><\/span><span st_via='deustoforum' st_username='deustoforum' class='st_twitter_hcount' st_title='Conferencias' st_url='https:\/\/blogs.deusto.es\/deustoforum\/conferencias\/' displayText='twitter'><\/span><span class='st_email_hcount' st_title='Conferencias' st_url='https:\/\/blogs.deusto.es\/deustoforum\/conferencias\/' displayText='email'><\/span><span class='st_sharethis_hcount' st_title='Conferencias' st_url='https:\/\/blogs.deusto.es\/deustoforum\/conferencias\/' displayText='sharethis'><\/span><\/p>","protected":false},"excerpt":{"rendered":"<p><span class='st_facebook_hcount' st_title='Conferencias' st_url='https:\/\/blogs.deusto.es\/deustoforum\/conferencias\/' displayText='facebook'><\/span><span st_via='deustoforum' st_username='deustoforum' class='st_twitter_hcount' st_title='Conferencias' st_url='https:\/\/blogs.deusto.es\/deustoforum\/conferencias\/' displayText='twitter'><\/span><span class='st_email_hcount' st_title='Conferencias' st_url='https:\/\/blogs.deusto.es\/deustoforum\/conferencias\/' displayText='email'><\/span><span class='st_sharethis_hcount' st_title='Conferencias' st_url='https:\/\/blogs.deusto.es\/deustoforum\/conferencias\/' displayText='sharethis'><\/span><\/p>","protected":false},"author":52,"featured_media":0,"parent":0,"menu_order":0,"comment_status":"closed","ping_status":"closed","template":"","meta":{"footnotes":""},"class_list":["post-7710","page","type-page","status-publish","hentry"],"_links":{"self":[{"href":"https:\/\/blogs.deusto.es\/deustoforum\/wp-json\/wp\/v2\/pages\/7710","targetHints":{"allow":["GET"]}}],"collection":[{"href":"https:\/\/blogs.deusto.es\/deustoforum\/wp-json\/wp\/v2\/pages"}],"about":[{"href":"https:\/\/blogs.deusto.es\/deustoforum\/wp-json\/wp\/v2\/types\/page"}],"author":[{"embeddable":true,"href":"https:\/\/blogs.deusto.es\/deustoforum\/wp-json\/wp\/v2\/users\/52"}],"replies":[{"embeddable":true,"href":"https:\/\/blogs.deusto.es\/deustoforum\/wp-json\/wp\/v2\/comments?post=7710"}],"version-history":[{"count":1,"href":"https:\/\/blogs.deusto.es\/deustoforum\/wp-json\/wp\/v2\/pages\/7710\/revisions"}],"predecessor-version":[{"id":7711,"href":"https:\/\/blogs.deusto.es\/deustoforum\/wp-json\/wp\/v2\/pages\/7710\/revisions\/7711"}],"wp:attachment":[{"href":"https:\/\/blogs.deusto.es\/deustoforum\/wp-json\/wp\/v2\/media?parent=7710"}],"curies":[{"name":"wp","href":"https:\/\/api.w.org\/{rel}","templated":true}]}}