{"id":150,"date":"2020-03-17T13:15:43","date_gmt":"2020-03-17T12:15:43","guid":{"rendered":"https:\/\/preblogs.deusto.es\/dual\/?page_id=150"},"modified":"2026-01-16T09:51:14","modified_gmt":"2026-01-16T08:51:14","slug":"contacto","status":"publish","type":"page","link":"https:\/\/blogs.deusto.es\/dual\/contacto\/","title":{"rendered":"Contacto"},"content":{"rendered":"\t\t<div data-elementor-type=\"wp-page\" data-elementor-id=\"150\" class=\"elementor elementor-150\" data-elementor-post-type=\"page\">\n\t\t\t\t\t\t<section class=\"elementor-section elementor-top-section elementor-element elementor-element-7d41293 elementor-section-boxed elementor-section-height-default elementor-section-height-default\" data-id=\"7d41293\" data-element_type=\"section\" data-e-type=\"section\">\n\t\t\t\t\t\t<div class=\"elementor-container elementor-column-gap-default\">\n\t\t\t\t\t<div class=\"elementor-column elementor-col-100 elementor-top-column elementor-element elementor-element-7a8ed69\" data-id=\"7a8ed69\" data-element_type=\"column\" data-e-type=\"column\">\n\t\t\t<div class=\"elementor-widget-wrap elementor-element-populated\">\n\t\t\t\t\t\t<div class=\"elementor-element elementor-element-654380c elementor-widget elementor-widget-heading\" data-id=\"654380c\" data-element_type=\"widget\" data-e-type=\"widget\" data-widget_type=\"heading.default\">\n\t\t\t\t<div class=\"elementor-widget-container\">\n\t\t\t\t\t<h5 class=\"elementor-heading-title elementor-size-default\">Ponte en contacto con las personas del equipo y charlemos.<\/h5>\t\t\t\t<\/div>\n\t\t\t\t<\/div>\n\t\t\t\t\t<\/div>\n\t\t<\/div>\n\t\t\t\t\t<\/div>\n\t\t<\/section>\n\t\t\t\t<section class=\"elementor-section elementor-top-section elementor-element elementor-element-3392eaa elementor-section-boxed elementor-section-height-default elementor-section-height-default\" data-id=\"3392eaa\" data-element_type=\"section\" data-e-type=\"section\">\n\t\t\t\t\t\t<div class=\"elementor-container elementor-column-gap-default\">\n\t\t\t\t\t<div class=\"elementor-column elementor-col-50 elementor-top-column elementor-element elementor-element-5fa0235\" data-id=\"5fa0235\" data-element_type=\"column\" data-e-type=\"column\">\n\t\t\t<div class=\"elementor-widget-wrap elementor-element-populated\">\n\t\t\t\t\t\t<div class=\"elementor-element elementor-element-ce5effa elementor-widget elementor-widget-text-editor\" data-id=\"ce5effa\" data-element_type=\"widget\" data-e-type=\"widget\" data-widget_type=\"text-editor.default\">\n\t\t\t\t<div class=\"elementor-widget-container\">\n\t\t\t\t\t\t\t\t\t<p>Desde la Unidad Dual estaremos encantados de hablar contigo.<\/p><p>Para ello, puedes contactar escribi\u00e9ndonos un mail, llam\u00e1ndonos por tel\u00e9fono o envi\u00e1ndonos un mensaje a trav\u00e9s de <span style=\"color: #3366ff;\"><a style=\"color: #3366ff;\" href=\"https:\/\/www.linkedin.com\/company\/deusto-dual\" target=\"_blank\" rel=\"noopener\">LinkedIn<\/a><\/span>.<\/p><hr \/><ul><li>M. <span style=\"color: #3366ff;\"><a style=\"color: #3366ff;\" href=\"mailto:deusto.dual@deusto.es\" target=\"_blank\" rel=\"noopener\"><strong>deusto.dual@deusto.es<\/strong><\/a><\/span><\/li><li>T.<strong> (+34) 943 326 288<\/strong><strong><br \/><\/strong><\/li><li><a href=\"https:\/\/www.linkedin.com\/company\/deusto-dual\" target=\"_blank\" rel=\"noopener\"><strong>Unidad Dual \u00b7 <span style=\"color: #3366ff;\">LinkedIn<\/span><\/strong><\/a><\/li><\/ul>\t\t\t\t\t\t\t\t<\/div>\n\t\t\t\t<\/div>\n\t\t\t\t\t<\/div>\n\t\t<\/div>\n\t\t\t\t<div class=\"elementor-column elementor-col-50 elementor-top-column elementor-element elementor-element-f99e452\" data-id=\"f99e452\" data-element_type=\"column\" data-e-type=\"column\">\n\t\t\t<div class=\"elementor-widget-wrap elementor-element-populated\">\n\t\t\t\t\t\t<div class=\"elementor-element elementor-element-9e40808 elementor-widget elementor-widget-google_maps\" data-id=\"9e40808\" data-element_type=\"widget\" data-e-type=\"widget\" data-widget_type=\"google_maps.default\">\n\t\t\t\t<div class=\"elementor-widget-container\">\n\t\t\t\t\t\t\t<div class=\"elementor-custom-embed\">\n\t\t\t<iframe loading=\"lazy\"\n\t\t\t\t\tsrc=\"https:\/\/maps.google.com\/maps?q=Universidad%20de%20Deusto%20Donostia%2C%20Gipuzkoa&#038;t=m&#038;z=13&#038;output=embed&#038;iwloc=near\"\n\t\t\t\t\ttitle=\"Universidad de Deusto Donostia, Gipuzkoa\"\n\t\t\t\t\taria-label=\"Universidad de Deusto Donostia, Gipuzkoa\"\n\t\t\t><\/iframe>\n\t\t<\/div>\n\t\t\t\t\t\t<\/div>\n\t\t\t\t<\/div>\n\t\t\t\t\t<\/div>\n\t\t<\/div>\n\t\t\t\t\t<\/div>\n\t\t<\/section>\n\t\t\t\t<section class=\"elementor-section elementor-top-section elementor-element elementor-element-02535db elementor-section-boxed elementor-section-height-default elementor-section-height-default\" data-id=\"02535db\" data-element_type=\"section\" data-e-type=\"section\">\n\t\t\t\t\t\t<div class=\"elementor-container elementor-column-gap-default\">\n\t\t\t\t\t<div class=\"elementor-column elementor-col-100 elementor-top-column elementor-element elementor-element-8ff540b\" data-id=\"8ff540b\" data-element_type=\"column\" data-e-type=\"column\">\n\t\t\t<div class=\"elementor-widget-wrap elementor-element-populated\">\n\t\t\t\t\t\t<div class=\"elementor-element elementor-element-d96550a elementor-widget-divider--view-line elementor-widget elementor-widget-divider\" data-id=\"d96550a\" data-element_type=\"widget\" data-e-type=\"widget\" data-widget_type=\"divider.default\">\n\t\t\t\t<div class=\"elementor-widget-container\">\n\t\t\t\t\t\t\t<div class=\"elementor-divider\">\n\t\t\t<span class=\"elementor-divider-separator\">\n\t\t\t\t\t\t<\/span>\n\t\t<\/div>\n\t\t\t\t\t\t<\/div>\n\t\t\t\t<\/div>\n\t\t\t\t\t<\/div>\n\t\t<\/div>\n\t\t\t\t\t<\/div>\n\t\t<\/section>\n\t\t\t\t<section class=\"elementor-section elementor-top-section elementor-element elementor-element-6adcce7 elementor-section-boxed elementor-section-height-default elementor-section-height-default\" data-id=\"6adcce7\" data-element_type=\"section\" data-e-type=\"section\">\n\t\t\t\t\t\t<div class=\"elementor-container elementor-column-gap-default\">\n\t\t\t\t\t<div class=\"elementor-column elementor-col-100 elementor-top-column elementor-element elementor-element-c59d157\" data-id=\"c59d157\" data-element_type=\"column\" data-e-type=\"column\">\n\t\t\t<div class=\"elementor-widget-wrap elementor-element-populated\">\n\t\t\t\t\t\t<div class=\"elementor-element elementor-element-7b5ac72 elementor-widget elementor-widget-text-editor\" data-id=\"7b5ac72\" data-element_type=\"widget\" data-e-type=\"widget\" data-widget_type=\"text-editor.default\">\n\t\t\t\t<div class=\"elementor-widget-container\">\n\t\t\t\t\t\t\t\t\t<p style=\"text-align: center\"><span style=\"text-decoration: underline\">EQUIPO UNIDAD DUAL \u00b7 \u00bf<strong>CO<\/strong>versamos?<\/span><\/p><p style=\"text-align: center\">Escr\u00edbenos a\u00a0<span style=\"color: #3366ff\"><a style=\"color: #3366ff\" href=\"mailto:deusto.dual@deusto.es\" target=\"_blank\" rel=\"noopener\">deusto.dual@deusto.es<\/a><\/span><\/p>\t\t\t\t\t\t\t\t<\/div>\n\t\t\t\t<\/div>\n\t\t\t\t<div class=\"elementor-element elementor-element-f63f779 elementor-widget elementor-widget-image\" data-id=\"f63f779\" data-element_type=\"widget\" data-e-type=\"widget\" data-widget_type=\"image.default\">\n\t\t\t\t<div class=\"elementor-widget-container\">\n\t\t\t\t\t\t\t\t\t\t\t\t\t\t\t<img decoding=\"async\" width=\"300\" height=\"100\" src=\"https:\/\/blogs.deusto.es\/wp-content\/uploads\/sites\/71\/2020\/10\/deustoDual_escuelaBILINGcasteusk_1-300x100.png\" class=\"attachment-medium size-medium wp-image-440\" alt=\"Logo_unidad_dual_deusto\" srcset=\"https:\/\/blogs.deusto.es\/wp-content\/uploads\/sites\/71\/2020\/10\/deustoDual_escuelaBILINGcasteusk_1-300x100.png 300w, https:\/\/blogs.deusto.es\/wp-content\/uploads\/sites\/71\/2020\/10\/deustoDual_escuelaBILINGcasteusk_1-1024x342.png 1024w, https:\/\/blogs.deusto.es\/wp-content\/uploads\/sites\/71\/2020\/10\/deustoDual_escuelaBILINGcasteusk_1-768x256.png 768w, https:\/\/blogs.deusto.es\/wp-content\/uploads\/sites\/71\/2020\/10\/deustoDual_escuelaBILINGcasteusk_1-1536x512.png 1536w, https:\/\/blogs.deusto.es\/wp-content\/uploads\/sites\/71\/2020\/10\/deustoDual_escuelaBILINGcasteusk_1.png 1772w\" sizes=\"(max-width: 300px) 100vw, 300px\" \/>\t\t\t\t\t\t\t\t\t\t\t\t\t\t\t<\/div>\n\t\t\t\t<\/div>\n\t\t\t\t<div class=\"elementor-element elementor-element-e3ddbe2 elementor-widget elementor-widget-text-editor\" data-id=\"e3ddbe2\" data-element_type=\"widget\" data-e-type=\"widget\" data-widget_type=\"text-editor.default\">\n\t\t\t\t<div class=\"elementor-widget-container\">\n\t\t\t\t\t\t\t\t\t<p>Puedes consultar en esta p\u00e1gina de <a href=\"https:\/\/blogs.deusto.es\/dual\/equipo-dual\/\">aqu\u00ed qu\u00e9 personas formamos el equipo de la Unidad de Formaci\u00f3n Dual<\/a> en la Universidad de Deusto. Mientras que en esta otra te presentamos a nuestro <a href=\"https:\/\/blogs.deusto.es\/dual\/colaboradores\/\">eCOsistema de COlaboradores<\/a>.<\/p>\t\t\t\t\t\t\t\t<\/div>\n\t\t\t\t<\/div>\n\t\t\t\t\t<\/div>\n\t\t<\/div>\n\t\t\t\t\t<\/div>\n\t\t<\/section>\n\t\t\t\t<\/div>\n\t\t","protected":false},"excerpt":{"rendered":"<p>Ponte en contacto con las personas del equipo y charlemos. Desde la Unidad Dual estaremos encantados de hablar contigo. Para ello, puedes contactar escribi\u00e9ndonos un mail, llam\u00e1ndonos por tel\u00e9fono o envi\u00e1ndonos un mensaje a trav\u00e9s de LinkedIn. M. deusto.dual@deusto.es T. (+34) 943 326 288 Unidad Dual \u00b7 LinkedIn EQUIPO UNIDAD DUAL \u00b7 \u00bfCOversamos? Escr\u00edbenos a\u00a0deusto.dual@deusto.es [&hellip;]<\/p>\n","protected":false},"author":601,"featured_media":0,"parent":0,"menu_order":0,"comment_status":"closed","ping_status":"closed","template":"","meta":{"footnotes":"","_links_to":"","_links_to_target":""},"class_list":["post-150","page","type-page","status-publish","czr-hentry"],"yoast_head":"<!-- This site is optimized with the Yoast SEO plugin v27.4 - https:\/\/yoast.com\/product\/yoast-seo-wordpress\/ -->\n<title>Contacto de la Unidad Dual de la Universidad de Deusto<\/title>\n<meta name=\"description\" content=\"Ponte en contacto con las personas del equipo de la Unidad Dual y charlemos. Desde la Unidad Dual estaremos encantados de hablar contigo\" \/>\n<meta name=\"robots\" content=\"index, follow, max-snippet:-1, max-image-preview:large, max-video-preview:-1\" \/>\n<link rel=\"canonical\" href=\"https:\/\/blogs.deusto.es\/dual\/contacto\/\" \/>\n<meta property=\"og:locale\" content=\"es_ES\" \/>\n<meta property=\"og:type\" content=\"article\" \/>\n<meta property=\"og:title\" content=\"Contacto de la Unidad Dual de la Universidad de Deusto\" \/>\n<meta property=\"og:description\" content=\"Ponte en contacto con las personas del equipo de la Unidad Dual y charlemos. Desde la Unidad Dual estaremos encantados de hablar contigo\" \/>\n<meta property=\"og:url\" content=\"https:\/\/blogs.deusto.es\/dual\/contacto\/\" \/>\n<meta property=\"og:site_name\" content=\"Dual\" \/>\n<meta property=\"article:modified_time\" content=\"2026-01-16T08:51:14+00:00\" \/>\n<meta property=\"og:image\" content=\"https:\/\/blogs.deusto.es\/wp-content\/uploads\/sites\/71\/2020\/10\/deustoDual_escuelaBILINGcasteusk_1-300x100.png\" \/>\n<meta name=\"twitter:card\" content=\"summary_large_image\" \/>\n<meta name=\"twitter:label1\" content=\"Tiempo de lectura\" \/>\n\t<meta name=\"twitter:data1\" content=\"1 minuto\" \/>\n<script type=\"application\/ld+json\" class=\"yoast-schema-graph\">{\"@context\":\"https:\\\/\\\/schema.org\",\"@graph\":[{\"@type\":\"WebPage\",\"@id\":\"https:\\\/\\\/blogs.deusto.es\\\/dual\\\/contacto\\\/\",\"url\":\"https:\\\/\\\/blogs.deusto.es\\\/dual\\\/contacto\\\/\",\"name\":\"Contacto de la Unidad Dual de la Universidad de Deusto\",\"isPartOf\":{\"@id\":\"https:\\\/\\\/blogs.deusto.es\\\/dual\\\/#website\"},\"primaryImageOfPage\":{\"@id\":\"https:\\\/\\\/blogs.deusto.es\\\/dual\\\/contacto\\\/#primaryimage\"},\"image\":{\"@id\":\"https:\\\/\\\/blogs.deusto.es\\\/dual\\\/contacto\\\/#primaryimage\"},\"thumbnailUrl\":\"https:\\\/\\\/blogs.deusto.es\\\/wp-content\\\/uploads\\\/sites\\\/71\\\/2020\\\/10\\\/deustoDual_escuelaBILINGcasteusk_1-300x100.png\",\"datePublished\":\"2020-03-17T12:15:43+00:00\",\"dateModified\":\"2026-01-16T08:51:14+00:00\",\"description\":\"Ponte en contacto con las personas del equipo de la Unidad Dual y charlemos. Desde la Unidad Dual estaremos encantados de hablar contigo\",\"inLanguage\":\"es\",\"potentialAction\":[{\"@type\":\"ReadAction\",\"target\":[\"https:\\\/\\\/blogs.deusto.es\\\/dual\\\/contacto\\\/\"]}]},{\"@type\":\"ImageObject\",\"inLanguage\":\"es\",\"@id\":\"https:\\\/\\\/blogs.deusto.es\\\/dual\\\/contacto\\\/#primaryimage\",\"url\":\"https:\\\/\\\/blogs.deusto.es\\\/wp-content\\\/uploads\\\/sites\\\/71\\\/2020\\\/10\\\/deustoDual_escuelaBILINGcasteusk_1-300x100.png\",\"contentUrl\":\"https:\\\/\\\/blogs.deusto.es\\\/wp-content\\\/uploads\\\/sites\\\/71\\\/2020\\\/10\\\/deustoDual_escuelaBILINGcasteusk_1-300x100.png\"},{\"@type\":\"WebSite\",\"@id\":\"https:\\\/\\\/blogs.deusto.es\\\/dual\\\/#website\",\"url\":\"https:\\\/\\\/blogs.deusto.es\\\/dual\\\/\",\"name\":\"Dual\",\"description\":\"Cooperaci\u00f3n para la Transformaci\u00f3n\",\"publisher\":{\"@id\":\"https:\\\/\\\/blogs.deusto.es\\\/dual\\\/#organization\"},\"potentialAction\":[{\"@type\":\"SearchAction\",\"target\":{\"@type\":\"EntryPoint\",\"urlTemplate\":\"https:\\\/\\\/blogs.deusto.es\\\/dual\\\/?s={search_term_string}\"},\"query-input\":{\"@type\":\"PropertyValueSpecification\",\"valueRequired\":true,\"valueName\":\"search_term_string\"}}],\"inLanguage\":\"es\"},{\"@type\":\"Organization\",\"@id\":\"https:\\\/\\\/blogs.deusto.es\\\/dual\\\/#organization\",\"name\":\"Dual\",\"url\":\"https:\\\/\\\/blogs.deusto.es\\\/dual\\\/\",\"logo\":{\"@type\":\"ImageObject\",\"inLanguage\":\"es\",\"@id\":\"https:\\\/\\\/blogs.deusto.es\\\/dual\\\/#\\\/schema\\\/logo\\\/image\\\/\",\"url\":\"https:\\\/\\\/blogs.deusto.es\\\/wp-content\\\/uploads\\\/sites\\\/71\\\/2020\\\/07\\\/TIT-LOGO_Blog_Dual.png\",\"contentUrl\":\"https:\\\/\\\/blogs.deusto.es\\\/wp-content\\\/uploads\\\/sites\\\/71\\\/2020\\\/07\\\/TIT-LOGO_Blog_Dual.png\",\"width\":1667,\"height\":750,\"caption\":\"Dual\"},\"image\":{\"@id\":\"https:\\\/\\\/blogs.deusto.es\\\/dual\\\/#\\\/schema\\\/logo\\\/image\\\/\"}}]}<\/script>\n<!-- \/ Yoast SEO plugin. -->","yoast_head_json":{"title":"Contacto de la Unidad Dual de la Universidad de Deusto","description":"Ponte en contacto con las personas del equipo de la Unidad Dual y charlemos. Desde la Unidad Dual estaremos encantados de hablar contigo","robots":{"index":"index","follow":"follow","max-snippet":"max-snippet:-1","max-image-preview":"max-image-preview:large","max-video-preview":"max-video-preview:-1"},"canonical":"https:\/\/blogs.deusto.es\/dual\/contacto\/","og_locale":"es_ES","og_type":"article","og_title":"Contacto de la Unidad Dual de la Universidad de Deusto","og_description":"Ponte en contacto con las personas del equipo de la Unidad Dual y charlemos. Desde la Unidad Dual estaremos encantados de hablar contigo","og_url":"https:\/\/blogs.deusto.es\/dual\/contacto\/","og_site_name":"Dual","article_modified_time":"2026-01-16T08:51:14+00:00","og_image":[{"url":"https:\/\/blogs.deusto.es\/wp-content\/uploads\/sites\/71\/2020\/10\/deustoDual_escuelaBILINGcasteusk_1-300x100.png","type":"","width":"","height":""}],"twitter_card":"summary_large_image","twitter_misc":{"Tiempo de lectura":"1 minuto"},"schema":{"@context":"https:\/\/schema.org","@graph":[{"@type":"WebPage","@id":"https:\/\/blogs.deusto.es\/dual\/contacto\/","url":"https:\/\/blogs.deusto.es\/dual\/contacto\/","name":"Contacto de la Unidad Dual de la Universidad de Deusto","isPartOf":{"@id":"https:\/\/blogs.deusto.es\/dual\/#website"},"primaryImageOfPage":{"@id":"https:\/\/blogs.deusto.es\/dual\/contacto\/#primaryimage"},"image":{"@id":"https:\/\/blogs.deusto.es\/dual\/contacto\/#primaryimage"},"thumbnailUrl":"https:\/\/blogs.deusto.es\/wp-content\/uploads\/sites\/71\/2020\/10\/deustoDual_escuelaBILINGcasteusk_1-300x100.png","datePublished":"2020-03-17T12:15:43+00:00","dateModified":"2026-01-16T08:51:14+00:00","description":"Ponte en contacto con las personas del equipo de la Unidad Dual y charlemos. Desde la Unidad Dual estaremos encantados de hablar contigo","inLanguage":"es","potentialAction":[{"@type":"ReadAction","target":["https:\/\/blogs.deusto.es\/dual\/contacto\/"]}]},{"@type":"ImageObject","inLanguage":"es","@id":"https:\/\/blogs.deusto.es\/dual\/contacto\/#primaryimage","url":"https:\/\/blogs.deusto.es\/wp-content\/uploads\/sites\/71\/2020\/10\/deustoDual_escuelaBILINGcasteusk_1-300x100.png","contentUrl":"https:\/\/blogs.deusto.es\/wp-content\/uploads\/sites\/71\/2020\/10\/deustoDual_escuelaBILINGcasteusk_1-300x100.png"},{"@type":"WebSite","@id":"https:\/\/blogs.deusto.es\/dual\/#website","url":"https:\/\/blogs.deusto.es\/dual\/","name":"Dual","description":"Cooperaci\u00f3n para la Transformaci\u00f3n","publisher":{"@id":"https:\/\/blogs.deusto.es\/dual\/#organization"},"potentialAction":[{"@type":"SearchAction","target":{"@type":"EntryPoint","urlTemplate":"https:\/\/blogs.deusto.es\/dual\/?s={search_term_string}"},"query-input":{"@type":"PropertyValueSpecification","valueRequired":true,"valueName":"search_term_string"}}],"inLanguage":"es"},{"@type":"Organization","@id":"https:\/\/blogs.deusto.es\/dual\/#organization","name":"Dual","url":"https:\/\/blogs.deusto.es\/dual\/","logo":{"@type":"ImageObject","inLanguage":"es","@id":"https:\/\/blogs.deusto.es\/dual\/#\/schema\/logo\/image\/","url":"https:\/\/blogs.deusto.es\/wp-content\/uploads\/sites\/71\/2020\/07\/TIT-LOGO_Blog_Dual.png","contentUrl":"https:\/\/blogs.deusto.es\/wp-content\/uploads\/sites\/71\/2020\/07\/TIT-LOGO_Blog_Dual.png","width":1667,"height":750,"caption":"Dual"},"image":{"@id":"https:\/\/blogs.deusto.es\/dual\/#\/schema\/logo\/image\/"}}]}},"_links":{"self":[{"href":"https:\/\/blogs.deusto.es\/dual\/wp-json\/wp\/v2\/pages\/150","targetHints":{"allow":["GET"]}}],"collection":[{"href":"https:\/\/blogs.deusto.es\/dual\/wp-json\/wp\/v2\/pages"}],"about":[{"href":"https:\/\/blogs.deusto.es\/dual\/wp-json\/wp\/v2\/types\/page"}],"author":[{"embeddable":true,"href":"https:\/\/blogs.deusto.es\/dual\/wp-json\/wp\/v2\/users\/601"}],"replies":[{"embeddable":true,"href":"https:\/\/blogs.deusto.es\/dual\/wp-json\/wp\/v2\/comments?post=150"}],"version-history":[{"count":39,"href":"https:\/\/blogs.deusto.es\/dual\/wp-json\/wp\/v2\/pages\/150\/revisions"}],"predecessor-version":[{"id":3794,"href":"https:\/\/blogs.deusto.es\/dual\/wp-json\/wp\/v2\/pages\/150\/revisions\/3794"}],"wp:attachment":[{"href":"https:\/\/blogs.deusto.es\/dual\/wp-json\/wp\/v2\/media?parent=150"}],"curies":[{"name":"wp","href":"https:\/\/api.w.org\/{rel}","templated":true}]}}