{"id":73,"date":"2020-03-16T19:13:07","date_gmt":"2020-03-16T18:13:07","guid":{"rendered":"https:\/\/preblogs.deusto.es\/dual\/?page_id=73"},"modified":"2023-08-08T15:54:17","modified_gmt":"2023-08-08T13:54:17","slug":"conversando-con","status":"publish","type":"page","link":"https:\/\/blogs.deusto.es\/dual\/conversando-con\/","title":{"rendered":"COnversando"},"content":{"rendered":"\t\t\t<script type=\"text\/javascript\" src=\"\/\/blogs.deusto.es\/wp-content\/plugins\/revslider\/public\/assets\/js\/rbtools.min.js?rev=6.2.12\"><\/script>\n\t\t\t<script type=\"text\/javascript\" src=\"\/\/blogs.deusto.es\/wp-content\/plugins\/revslider\/public\/assets\/js\/rs6.min.js?rev=6.2.12\"><\/script>\n\n\t\t\t<!-- START Slider COnversando REVOLUTION SLIDER 6.2.12 --><p class=\"rs-p-wp-fix\"><\/p>\n\t\t\t<rs-module-wrap id=\"rev_slider_6_1_wrapper\" data-source=\"gallery\" style=\"background:transparent;padding:0;margin:0px auto;margin-top:0;margin-bottom:0;\">\n\t\t\t\t<rs-module id=\"rev_slider_6_1\" style=\"\" data-version=\"6.2.12\">\n\t\t\t\t\t<rs-slides>\n\t\t\t\t\t\t<rs-slide data-key=\"rs-14\" data-title=\"Slide\" data-anim=\"ei:d;eo:d;s:1000;r:0;t:fade;sl:0;\">\n\t\t\t\t\t\t\t<img fetchpriority=\"high\" decoding=\"async\" src=\"\/\/blogs.deusto.es\/dual\/wp-content\/uploads\/sites\/71\/2020\/10\/Blog_Sliders_COnversando_V1.jpg\" alt=\"Imagen de gente conversando para el apartado SLider de COnversando\" title=\"Blog Sliders COnversando\" width=\"1900\" height=\"500\" class=\"rev-slidebg\" data-no-retina>\n<!--\n\t\t\t\t\t\t\t--><h2\n\t\t\t\t\t\t\t\tid=\"slider-6-slide-14-layer-0\" \n\t\t\t\t\t\t\t\tclass=\"rs-layer\"\n\t\t\t\t\t\t\t\tdata-type=\"text\"\n\t\t\t\t\t\t\t\tdata-color=\"#ffffff\"\n\t\t\t\t\t\t\t\tdata-rsp_ch=\"on\"\n\t\t\t\t\t\t\t\tdata-xy=\"x:c;y:c;\"\n\t\t\t\t\t\t\t\tdata-text=\"w:normal;s:40;l:40;fw:600;a:center;\"\n\t\t\t\t\t\t\t\tdata-frame_999=\"o:0;st:w;\"\n\t\t\t\t\t\t\t\tstyle=\"z-index:10;font-family:Raleway;\"\n\t\t\t\t\t\t\t>Tu espacio de COnversaci\u00f3n \n\t\t\t\t\t\t\t<\/h2><!--\n\n\t\t\t\t\t\t\t--><h3\n\t\t\t\t\t\t\t\tid=\"slider-6-slide-14-layer-1\" \n\t\t\t\t\t\t\t\tclass=\"rs-layer\"\n\t\t\t\t\t\t\t\tdata-type=\"text\"\n\t\t\t\t\t\t\t\tdata-color=\"#ffffff\"\n\t\t\t\t\t\t\t\tdata-rsp_ch=\"on\"\n\t\t\t\t\t\t\t\tdata-xy=\"x:c;y:c;yo:75px;\"\n\t\t\t\t\t\t\t\tdata-text=\"w:normal;s:30;l:30;fw:500;a:center;\"\n\t\t\t\t\t\t\t\tdata-frame_999=\"o:0;st:w;\"\n\t\t\t\t\t\t\t\tstyle=\"z-index:9;font-family:Raleway;\"\n\t\t\t\t\t\t\t>\u00bfTe sumas? \n\t\t\t\t\t\t\t<\/h3><!--\n\n\t\t\t\t\t\t\t--><a\n\t\t\t\t\t\t\t\tid=\"slider-6-slide-14-layer-2\" \n\t\t\t\t\t\t\t\tclass=\"rs-layer rev-btn\"\n\t\t\t\t\t\t\t\thref=\"mailto:deusto.dual@deusto.es\" target=\"_blank\" rel=\"nofollow noopener\"\n\t\t\t\t\t\t\t\tdata-type=\"button\"\n\t\t\t\t\t\t\t\tdata-color=\"#ffffff\"\n\t\t\t\t\t\t\t\tdata-rsp_ch=\"on\"\n\t\t\t\t\t\t\t\tdata-xy=\"x:c;y:c;yo:150px;\"\n\t\t\t\t\t\t\t\tdata-text=\"w:normal;l:50;fw:500;\"\n\t\t\t\t\t\t\t\tdata-dim=\"minh:0px;\"\n\t\t\t\t\t\t\t\tdata-padding=\"r:20;l:20;\"\n\t\t\t\t\t\t\t\tdata-frame_999=\"o:0;st:w;\"\n\t\t\t\t\t\t\t\tdata-frame_hover=\"c:#000;bgc:#fff;bor:0px,0px,0px,0px;sp:200;e:power1.inOut;\"\n\t\t\t\t\t\t\t\tstyle=\"z-index:11;background-color:rgba(0,0,0,1);font-family:Roboto;\"\n\t\t\t\t\t\t\t>Contacta para saber c\u00f3mo \n\t\t\t\t\t\t\t<\/a><!--\n\n\t\t\t\t\t\t\t--><rs-layer\n\t\t\t\t\t\t\t\tid=\"slider-6-slide-14-layer-12\" \n\t\t\t\t\t\t\t\tdata-type=\"image\"\n\t\t\t\t\t\t\t\tdata-rsp_ch=\"on\"\n\t\t\t\t\t\t\t\tdata-xy=\"x:c;\"\n\t\t\t\t\t\t\t\tdata-text=\"w:normal;\"\n\t\t\t\t\t\t\t\tdata-dim=\"w:1900px;h:500px;\"\n\t\t\t\t\t\t\t\tdata-basealign=\"slide\"\n\t\t\t\t\t\t\t\tdata-frame_999=\"o:0;st:w;\"\n\t\t\t\t\t\t\t\tstyle=\"z-index:8;\"\n\t\t\t\t\t\t\t><img decoding=\"async\" src=\"\/\/blogs.deusto.es\/alumni\/wp-content\/uploads\/sites\/71\/2020\/10\/Blog_Sliders_COnversando_V1.jpg\" alt=\"Imagen de gente conversando para el apartado SLider de COnversando\" width=\"1900\" height=\"500\" data-no-retina> \n\t\t\t\t\t\t\t<\/rs-layer><!--\n-->\t\t\t\t\t\t<\/rs-slide>\n\t\t\t\t\t<\/rs-slides>\n\t\t\t\t<\/rs-module>\n\t\t\t\t<script type=\"text\/javascript\">\n\t\t\t\t\tsetREVStartSize({c: 'rev_slider_6_1',rl:[1240,1024,778,480],el:[500],gw:[1024],gh:[500],type:'standard',justify:'',layout:'fullwidth',mh:\"0\"});\n\t\t\t\t\tvar\trevapi6,\n\t\t\t\t\t\ttpj;\n\t\t\t\t\tjQuery(function() {\n\t\t\t\t\t\ttpj = jQuery;\n\t\t\t\t\t\trevapi6 = tpj(\"#rev_slider_6_1\")\n\t\t\t\t\t\ttpj.noConflict();\n\t\t\t\t\t\tif(revapi6==undefined || revapi6.revolution == undefined){\n\t\t\t\t\t\t\trevslider_showDoubleJqueryError(\"rev_slider_6_1\");\n\t\t\t\t\t\t}else{\n\t\t\t\t\t\t\trevapi6.revolution({\n\t\t\t\t\t\t\t\tsliderLayout:\"fullwidth\",\n\t\t\t\t\t\t\t\tvisibilityLevels:\"1240,1024,778,480\",\n\t\t\t\t\t\t\t\tgridwidth:1024,\n\t\t\t\t\t\t\t\tgridheight:500,\n\t\t\t\t\t\t\t\tspinner:\"spinner0\",\n\t\t\t\t\t\t\t\tperspective:600,\n\t\t\t\t\t\t\t\tperspectiveType:\"global\",\n\t\t\t\t\t\t\t\teditorheight:\"500,768,960,720\",\n\t\t\t\t\t\t\t\tresponsiveLevels:\"1240,1024,778,480\",\n\t\t\t\t\t\t\t\tprogressBar:{disableProgressBar:true},\n\t\t\t\t\t\t\t\tnavigation: {\n\t\t\t\t\t\t\t\t\tonHoverStop:false\n\t\t\t\t\t\t\t\t},\n\t\t\t\t\t\t\t\tfallbacks: {\n\t\t\t\t\t\t\t\t\tallowHTML5AutoPlayOnAndroid:true\n\t\t\t\t\t\t\t\t},\n\t\t\t\t\t\t\t});\n\t\t\t\t\t\t}\n\t\t\t\t\t\t\n\t\t\t\t\t});\n\t\t\t\t<\/script>\n\t\t\t<\/rs-module-wrap>\n\t\t\t<!-- END REVOLUTION SLIDER -->\n\n<h2>COnversaciones sobre el Ecosistema Dual<\/h2>\n<p>Aqu\u00ed podr\u00e1s conocer a personas que est\u00e1n colaborando para crear y sumar al ecosistema dual actual. <strong>Entrevistas y conversaciones<\/strong> con personas que quiz\u00e1s conozcas o quiz\u00e1s no, pero que seguro <strong>merecer\u00e1 la pena escucharlas.<\/strong><\/p>\n<p>Si quieres participar y compartir para nutrir el ecosistema dual, s\u00f3lo tienes que contactar en nuestro <a style=\"color: #3366ff\" href=\"mailto:deusto.dual@deusto.es\" target=\"_blank\" rel=\"noopener noreferrer\">mail<\/a> y hablamos.<\/p>\n<p><strong>\u00a1Te esperamos!<\/strong><\/p>\n<div class=\"pt-cv-wrapper\"><div class=\"pt-cv-view pt-cv-grid pt-cv-colsys\" id=\"pt-cv-view-e34b835jp6\"><div data-id=\"pt-cv-page-1\" class=\"pt-cv-page\" data-cvc=\"3\"><div class=\"col-md-4 col-sm-4 col-xs-12 pt-cv-content-item pt-cv-1-col\" ><div class='pt-cv-ifield'><a href=\"https:\/\/blogs.deusto.es\/dual\/2022\/05\/23\/desafios-para-la-universidad-en-el-mundo-actual\/\" class=\"_self pt-cv-href-thumbnail pt-cv-thumb-default\" target=\"_self\" ><img decoding=\"async\" width=\"528\" height=\"297\" src=\"https:\/\/blogs.deusto.es\/wp-content\/uploads\/sites\/71\/2022\/05\/Caratula_video_Maria-Lanbarri-Desafios-de-la-universidad-Mayo_2022-528x297.png\" class=\"pt-cv-thumbnail\" alt=\"\" srcset=\"https:\/\/blogs.deusto.es\/wp-content\/uploads\/sites\/71\/2022\/05\/Caratula_video_Maria-Lanbarri-Desafios-de-la-universidad-Mayo_2022-528x297.png 528w, https:\/\/blogs.deusto.es\/wp-content\/uploads\/sites\/71\/2022\/05\/Caratula_video_Maria-Lanbarri-Desafios-de-la-universidad-Mayo_2022-300x169.png 300w, https:\/\/blogs.deusto.es\/wp-content\/uploads\/sites\/71\/2022\/05\/Caratula_video_Maria-Lanbarri-Desafios-de-la-universidad-Mayo_2022-1024x576.png 1024w, https:\/\/blogs.deusto.es\/wp-content\/uploads\/sites\/71\/2022\/05\/Caratula_video_Maria-Lanbarri-Desafios-de-la-universidad-Mayo_2022-768x432.png 768w, https:\/\/blogs.deusto.es\/wp-content\/uploads\/sites\/71\/2022\/05\/Caratula_video_Maria-Lanbarri-Desafios-de-la-universidad-Mayo_2022-1110x624.png 1110w, https:\/\/blogs.deusto.es\/wp-content\/uploads\/sites\/71\/2022\/05\/Caratula_video_Maria-Lanbarri-Desafios-de-la-universidad-Mayo_2022.png 1280w\" sizes=\"(max-width: 528px) 100vw, 528px\" \/><\/a>\n<h4 class=\"pt-cv-title\"><a href=\"https:\/\/blogs.deusto.es\/dual\/2022\/05\/23\/desafios-para-la-universidad-en-el-mundo-actual\/\" class=\"_self\" target=\"_self\" >Desaf\u00edos para la Universidad en el mundo actual<\/a><\/h4>\n<div class=\"pt-cv-content\">Mar\u00eda Lambarri, COordinadora de Proyectos en Deusto Social Lab y compa\u00f1era en la Unidad de Formaci\u00f3n Dual, present\u00f3 el pasado ...<br \/><div class=\"pt-cv-rmwrap\"><a href=\"https:\/\/blogs.deusto.es\/dual\/2022\/05\/23\/desafios-para-la-universidad-en-el-mundo-actual\/\" class=\"_self pt-cv-readmore btn btn-success\" target=\"_self\">Leer M\u00e1s &gt;<\/a><\/div><\/div><\/div><\/div>\n<div class=\"col-md-4 col-sm-4 col-xs-12 pt-cv-content-item pt-cv-1-col\" ><div class='pt-cv-ifield'><a href=\"https:\/\/blogs.deusto.es\/dual\/2022\/04\/08\/la-universidad-co-transformadora\/\" class=\"_self pt-cv-href-thumbnail pt-cv-thumb-default\" target=\"_self\" ><img loading=\"lazy\" decoding=\"async\" width=\"528\" height=\"297\" src=\"https:\/\/blogs.deusto.es\/wp-content\/uploads\/sites\/71\/2021\/11\/JoseLuisLarrea_Universidad_COtransformadora-528x297.png\" class=\"pt-cv-thumbnail\" alt=\"\" srcset=\"https:\/\/blogs.deusto.es\/wp-content\/uploads\/sites\/71\/2021\/11\/JoseLuisLarrea_Universidad_COtransformadora-528x297.png 528w, https:\/\/blogs.deusto.es\/wp-content\/uploads\/sites\/71\/2021\/11\/JoseLuisLarrea_Universidad_COtransformadora-1110x624.png 1110w\" sizes=\"(max-width: 528px) 100vw, 528px\" \/><\/a>\n<h4 class=\"pt-cv-title\"><a href=\"https:\/\/blogs.deusto.es\/dual\/2022\/04\/08\/la-universidad-co-transformadora\/\" class=\"_self\" target=\"_self\" >La Universidad CO-transformadora<\/a><\/h4>\n<div class=\"pt-cv-content\">En este nuevo v\u00eddeo, Jos\u00e9 Luis Larrea, Presidente del Consejo Asesor del Deusto Social Lab, reflexiona acerca del papel transformador ...<br \/><div class=\"pt-cv-rmwrap\"><a href=\"https:\/\/blogs.deusto.es\/dual\/2022\/04\/08\/la-universidad-co-transformadora\/\" class=\"_self pt-cv-readmore btn btn-success\" target=\"_self\">Leer M\u00e1s &gt;<\/a><\/div><\/div><\/div><\/div>\n<div class=\"col-md-4 col-sm-4 col-xs-12 pt-cv-content-item pt-cv-1-col\" ><div class='pt-cv-ifield'><a href=\"https:\/\/blogs.deusto.es\/dual\/2021\/12\/09\/la-empresa-que-aprende\/\" class=\"_self pt-cv-href-thumbnail pt-cv-thumb-default\" target=\"_self\" ><img loading=\"lazy\" decoding=\"async\" width=\"528\" height=\"297\" src=\"https:\/\/blogs.deusto.es\/wp-content\/uploads\/sites\/71\/2021\/11\/JoseLuisLarrea_La_empresa_que_aprende-528x297.png\" class=\"pt-cv-thumbnail\" alt=\"\" srcset=\"https:\/\/blogs.deusto.es\/wp-content\/uploads\/sites\/71\/2021\/11\/JoseLuisLarrea_La_empresa_que_aprende-528x297.png 528w, https:\/\/blogs.deusto.es\/wp-content\/uploads\/sites\/71\/2021\/11\/JoseLuisLarrea_La_empresa_que_aprende-1110x624.png 1110w\" sizes=\"(max-width: 528px) 100vw, 528px\" \/><\/a>\n<h4 class=\"pt-cv-title\"><a href=\"https:\/\/blogs.deusto.es\/dual\/2021\/12\/09\/la-empresa-que-aprende\/\" class=\"_self\" target=\"_self\" >La Empresa que Aprende<\/a><\/h4>\n<div class=\"pt-cv-content\">Jos\u00e9 Luis Larrea, Presidente del Consejo Asesor de Deusto Social Lab, incide en la importancia que tiene el aprendizaje en ...<br \/><div class=\"pt-cv-rmwrap\"><a href=\"https:\/\/blogs.deusto.es\/dual\/2021\/12\/09\/la-empresa-que-aprende\/\" class=\"_self pt-cv-readmore btn btn-success\" target=\"_self\">Leer M\u00e1s &gt;<\/a><\/div><\/div><\/div><\/div>\n<div class=\"col-md-4 col-sm-4 col-xs-12 pt-cv-content-item pt-cv-1-col\" ><div class='pt-cv-ifield'><a href=\"https:\/\/blogs.deusto.es\/dual\/2021\/06\/28\/palabras-y-relatos-la-formacion-dual\/\" class=\"_self pt-cv-href-thumbnail pt-cv-thumb-default\" target=\"_self\" ><img loading=\"lazy\" decoding=\"async\" width=\"528\" height=\"297\" src=\"https:\/\/blogs.deusto.es\/wp-content\/uploads\/sites\/71\/2021\/06\/Caratula_Jose_Luis_larrea_Video_II_junio2021_1080x720p-528x297.png\" class=\"pt-cv-thumbnail\" alt=\"Jose_Luis_larrea_Video_II_junio2021_1080x720p\" \/><\/a>\n<h4 class=\"pt-cv-title\"><a href=\"https:\/\/blogs.deusto.es\/dual\/2021\/06\/28\/palabras-y-relatos-la-formacion-dual\/\" class=\"_self\" target=\"_self\" >Palabras y Relatos. La Formaci\u00f3n Dual<\/a><\/h4>\n<div class=\"pt-cv-content\">Jos\u00e9 Luis Larrea, Presidente del Consejo Asesor de Deusto Social Lab, nos habla en este v\u00eddeo sobre la importancia de ...<br \/><div class=\"pt-cv-rmwrap\"><a href=\"https:\/\/blogs.deusto.es\/dual\/2021\/06\/28\/palabras-y-relatos-la-formacion-dual\/\" class=\"_self pt-cv-readmore btn btn-success\" target=\"_self\">Leer M\u00e1s &gt;<\/a><\/div><\/div><\/div><\/div>\n<div class=\"col-md-4 col-sm-4 col-xs-12 pt-cv-content-item pt-cv-1-col\" ><div class='pt-cv-ifield'><a href=\"https:\/\/blogs.deusto.es\/dual\/2021\/05\/04\/nuevo-paradigma-relacional-personas-que-transforman\/\" class=\"_self pt-cv-href-thumbnail pt-cv-thumb-default\" target=\"_self\" ><img loading=\"lazy\" decoding=\"async\" width=\"528\" height=\"297\" src=\"https:\/\/blogs.deusto.es\/wp-content\/uploads\/sites\/71\/2021\/05\/Captura-de-pantalla-2021-05-04-a-las-17.58.55-528x297.png\" class=\"pt-cv-thumbnail\" alt=\"Jos\u00e9 Luis Larrea\" \/><\/a>\n<h4 class=\"pt-cv-title\"><a href=\"https:\/\/blogs.deusto.es\/dual\/2021\/05\/04\/nuevo-paradigma-relacional-personas-que-transforman\/\" class=\"_self\" target=\"_self\" >Nuevo paradigma Relacional. Personas que transforman.<\/a><\/h4>\n<div class=\"pt-cv-content\">Estamos inmersos en un nuevo paradigma relacional donde las personas, y c\u00f3mo nos relacionamos, tenemos un papel protagonista para superar ...<br \/><div class=\"pt-cv-rmwrap\"><a href=\"https:\/\/blogs.deusto.es\/dual\/2021\/05\/04\/nuevo-paradigma-relacional-personas-que-transforman\/\" class=\"_self pt-cv-readmore btn btn-success\" target=\"_self\">Leer M\u00e1s &gt;<\/a><\/div><\/div><\/div><\/div>\n<div class=\"col-md-4 col-sm-4 col-xs-12 pt-cv-content-item pt-cv-1-col\" ><div class='pt-cv-ifield'><a href=\"https:\/\/blogs.deusto.es\/dual\/2021\/04\/21\/empresas-duales-la-comision-mixta-una-conversacion-abierta\/\" class=\"_self pt-cv-href-thumbnail pt-cv-thumb-default\" target=\"_self\" ><img loading=\"lazy\" decoding=\"async\" width=\"528\" height=\"297\" src=\"https:\/\/blogs.deusto.es\/wp-content\/uploads\/sites\/71\/2021\/04\/Captura-de-pantalla-2021-04-22-a-las-17.10.52-528x297.png\" class=\"pt-cv-thumbnail\" alt=\"Empresas Duales y la Comisi\u00f3n Mixta por Mar\u00eda Lambarri\" \/><\/a>\n<h4 class=\"pt-cv-title\"><a href=\"https:\/\/blogs.deusto.es\/dual\/2021\/04\/21\/empresas-duales-la-comision-mixta-una-conversacion-abierta\/\" class=\"_self\" target=\"_self\" >&#8216;Empresas Duales&#8217; &amp; La Comisi\u00f3n Mixta, una COnversaci\u00f3n abierta<\/a><\/h4>\n<div class=\"pt-cv-content\">\u00bfC\u00f3mo se relaciona la universidad con empresas COlaboradoras en formaci\u00f3n Dual? \u00bfQu\u00e9 es la Comisi\u00f3n Mixta?Desde la Unidad de Formaci\u00f3n ...<br \/><div class=\"pt-cv-rmwrap\"><a href=\"https:\/\/blogs.deusto.es\/dual\/2021\/04\/21\/empresas-duales-la-comision-mixta-una-conversacion-abierta\/\" class=\"_self pt-cv-readmore btn btn-success\" target=\"_self\">Leer M\u00e1s &gt;<\/a><\/div><\/div><\/div><\/div>\n<div class=\"col-md-4 col-sm-4 col-xs-12 pt-cv-content-item pt-cv-1-col\" ><div class='pt-cv-ifield'><a href=\"https:\/\/blogs.deusto.es\/dual\/2020\/10\/14\/formacion-dual-desde-la-mirada-de-elene-susperregi-y-ane-sagarzazu\/\" class=\"_self pt-cv-href-thumbnail pt-cv-thumb-default\" target=\"_self\" ><img loading=\"lazy\" decoding=\"async\" width=\"528\" height=\"297\" src=\"https:\/\/blogs.deusto.es\/wp-content\/uploads\/sites\/71\/2020\/10\/Blog_COnversando_Elene_Susperregi_Ane_Sagarzazu_BAJA-528x297.png\" class=\"pt-cv-thumbnail\" alt=\"\" \/><\/a>\n<h4 class=\"pt-cv-title\"><a href=\"https:\/\/blogs.deusto.es\/dual\/2020\/10\/14\/formacion-dual-desde-la-mirada-de-elene-susperregi-y-ane-sagarzazu\/\" class=\"_self\" target=\"_self\" >Formaci\u00f3n Dual desde la mirada de Elene Susperregi y Ane Sagarzazu<\/a><\/h4>\n<div class=\"pt-cv-content\">Antiguas participantes del M\u00e1ster Dual en Emprendimiento en Acci\u00f3n nos cuentan su experiencia Elene Susperregi y Ane Sagarzazu, antiguas participantes ...<br \/><div class=\"pt-cv-rmwrap\"><a href=\"https:\/\/blogs.deusto.es\/dual\/2020\/10\/14\/formacion-dual-desde-la-mirada-de-elene-susperregi-y-ane-sagarzazu\/\" class=\"_self pt-cv-readmore btn btn-success\" target=\"_self\">Leer M\u00e1s &gt;<\/a><\/div><\/div><\/div><\/div><\/div><\/div><\/div>\n","protected":false},"excerpt":{"rendered":"<p>COnversaciones sobre el Ecosistema Dual Aqu\u00ed podr\u00e1s conocer a personas que est\u00e1n colaborando para crear y sumar al ecosistema dual actual. Entrevistas y conversaciones con personas que quiz\u00e1s conozcas o quiz\u00e1s no, pero que seguro merecer\u00e1 la pena escucharlas. Si quieres participar y compartir para nutrir el ecosistema dual, s\u00f3lo tienes que contactar en nuestro [&hellip;]<\/p>\n","protected":false},"author":601,"featured_media":0,"parent":0,"menu_order":0,"comment_status":"closed","ping_status":"closed","template":"","meta":{"footnotes":"","_links_to":"","_links_to_target":""},"class_list":["post-73","page","type-page","status-publish","czr-hentry"],"yoast_head":"<!-- This site is optimized with the Yoast SEO plugin v27.4 - https:\/\/yoast.com\/product\/yoast-seo-wordpress\/ -->\n<title>COnversando - Dual<\/title>\n<meta name=\"description\" content=\"Entrevistas y conversaciones con personas del eCOsistema dual que quiz\u00e1s conozcas o quiz\u00e1s no, pero que seguro merecer\u00e1 la pena escucharlas.\" \/>\n<meta name=\"robots\" content=\"index, follow, max-snippet:-1, max-image-preview:large, max-video-preview:-1\" \/>\n<link rel=\"canonical\" href=\"https:\/\/blogs.deusto.es\/dual\/conversando-con\/\" \/>\n<meta property=\"og:locale\" content=\"es_ES\" \/>\n<meta property=\"og:type\" content=\"article\" \/>\n<meta property=\"og:title\" content=\"COnversando - Dual\" \/>\n<meta property=\"og:description\" content=\"Entrevistas y conversaciones con personas del eCOsistema dual que quiz\u00e1s conozcas o quiz\u00e1s no, pero que seguro merecer\u00e1 la pena escucharlas.\" \/>\n<meta property=\"og:url\" content=\"https:\/\/blogs.deusto.es\/dual\/conversando-con\/\" \/>\n<meta property=\"og:site_name\" content=\"Dual\" \/>\n<meta property=\"article:modified_time\" content=\"2023-08-08T13:54:17+00:00\" \/>\n<meta name=\"twitter:card\" content=\"summary_large_image\" \/>\n<meta name=\"twitter:label1\" content=\"Tiempo de lectura\" \/>\n\t<meta name=\"twitter:data1\" content=\"1 minuto\" \/>\n<script type=\"application\/ld+json\" class=\"yoast-schema-graph\">{\"@context\":\"https:\\\/\\\/schema.org\",\"@graph\":[{\"@type\":\"WebPage\",\"@id\":\"https:\\\/\\\/blogs.deusto.es\\\/dual\\\/conversando-con\\\/\",\"url\":\"https:\\\/\\\/blogs.deusto.es\\\/dual\\\/conversando-con\\\/\",\"name\":\"COnversando - Dual\",\"isPartOf\":{\"@id\":\"https:\\\/\\\/blogs.deusto.es\\\/dual\\\/#website\"},\"datePublished\":\"2020-03-16T18:13:07+00:00\",\"dateModified\":\"2023-08-08T13:54:17+00:00\",\"description\":\"Entrevistas y conversaciones con personas del eCOsistema dual que quiz\u00e1s conozcas o quiz\u00e1s no, pero que seguro merecer\u00e1 la pena escucharlas.\",\"inLanguage\":\"es\",\"potentialAction\":[{\"@type\":\"ReadAction\",\"target\":[\"https:\\\/\\\/blogs.deusto.es\\\/dual\\\/conversando-con\\\/\"]}]},{\"@type\":\"WebSite\",\"@id\":\"https:\\\/\\\/blogs.deusto.es\\\/dual\\\/#website\",\"url\":\"https:\\\/\\\/blogs.deusto.es\\\/dual\\\/\",\"name\":\"Dual\",\"description\":\"Cooperaci\u00f3n para la Transformaci\u00f3n\",\"publisher\":{\"@id\":\"https:\\\/\\\/blogs.deusto.es\\\/dual\\\/#organization\"},\"potentialAction\":[{\"@type\":\"SearchAction\",\"target\":{\"@type\":\"EntryPoint\",\"urlTemplate\":\"https:\\\/\\\/blogs.deusto.es\\\/dual\\\/?s={search_term_string}\"},\"query-input\":{\"@type\":\"PropertyValueSpecification\",\"valueRequired\":true,\"valueName\":\"search_term_string\"}}],\"inLanguage\":\"es\"},{\"@type\":\"Organization\",\"@id\":\"https:\\\/\\\/blogs.deusto.es\\\/dual\\\/#organization\",\"name\":\"Dual\",\"url\":\"https:\\\/\\\/blogs.deusto.es\\\/dual\\\/\",\"logo\":{\"@type\":\"ImageObject\",\"inLanguage\":\"es\",\"@id\":\"https:\\\/\\\/blogs.deusto.es\\\/dual\\\/#\\\/schema\\\/logo\\\/image\\\/\",\"url\":\"https:\\\/\\\/blogs.deusto.es\\\/wp-content\\\/uploads\\\/sites\\\/71\\\/2020\\\/07\\\/TIT-LOGO_Blog_Dual.png\",\"contentUrl\":\"https:\\\/\\\/blogs.deusto.es\\\/wp-content\\\/uploads\\\/sites\\\/71\\\/2020\\\/07\\\/TIT-LOGO_Blog_Dual.png\",\"width\":1667,\"height\":750,\"caption\":\"Dual\"},\"image\":{\"@id\":\"https:\\\/\\\/blogs.deusto.es\\\/dual\\\/#\\\/schema\\\/logo\\\/image\\\/\"}}]}<\/script>\n<!-- \/ Yoast SEO plugin. -->","yoast_head_json":{"title":"COnversando - Dual","description":"Entrevistas y conversaciones con personas del eCOsistema dual que quiz\u00e1s conozcas o quiz\u00e1s no, pero que seguro merecer\u00e1 la pena escucharlas.","robots":{"index":"index","follow":"follow","max-snippet":"max-snippet:-1","max-image-preview":"max-image-preview:large","max-video-preview":"max-video-preview:-1"},"canonical":"https:\/\/blogs.deusto.es\/dual\/conversando-con\/","og_locale":"es_ES","og_type":"article","og_title":"COnversando - Dual","og_description":"Entrevistas y conversaciones con personas del eCOsistema dual que quiz\u00e1s conozcas o quiz\u00e1s no, pero que seguro merecer\u00e1 la pena escucharlas.","og_url":"https:\/\/blogs.deusto.es\/dual\/conversando-con\/","og_site_name":"Dual","article_modified_time":"2023-08-08T13:54:17+00:00","twitter_card":"summary_large_image","twitter_misc":{"Tiempo de lectura":"1 minuto"},"schema":{"@context":"https:\/\/schema.org","@graph":[{"@type":"WebPage","@id":"https:\/\/blogs.deusto.es\/dual\/conversando-con\/","url":"https:\/\/blogs.deusto.es\/dual\/conversando-con\/","name":"COnversando - Dual","isPartOf":{"@id":"https:\/\/blogs.deusto.es\/dual\/#website"},"datePublished":"2020-03-16T18:13:07+00:00","dateModified":"2023-08-08T13:54:17+00:00","description":"Entrevistas y conversaciones con personas del eCOsistema dual que quiz\u00e1s conozcas o quiz\u00e1s no, pero que seguro merecer\u00e1 la pena escucharlas.","inLanguage":"es","potentialAction":[{"@type":"ReadAction","target":["https:\/\/blogs.deusto.es\/dual\/conversando-con\/"]}]},{"@type":"WebSite","@id":"https:\/\/blogs.deusto.es\/dual\/#website","url":"https:\/\/blogs.deusto.es\/dual\/","name":"Dual","description":"Cooperaci\u00f3n para la Transformaci\u00f3n","publisher":{"@id":"https:\/\/blogs.deusto.es\/dual\/#organization"},"potentialAction":[{"@type":"SearchAction","target":{"@type":"EntryPoint","urlTemplate":"https:\/\/blogs.deusto.es\/dual\/?s={search_term_string}"},"query-input":{"@type":"PropertyValueSpecification","valueRequired":true,"valueName":"search_term_string"}}],"inLanguage":"es"},{"@type":"Organization","@id":"https:\/\/blogs.deusto.es\/dual\/#organization","name":"Dual","url":"https:\/\/blogs.deusto.es\/dual\/","logo":{"@type":"ImageObject","inLanguage":"es","@id":"https:\/\/blogs.deusto.es\/dual\/#\/schema\/logo\/image\/","url":"https:\/\/blogs.deusto.es\/wp-content\/uploads\/sites\/71\/2020\/07\/TIT-LOGO_Blog_Dual.png","contentUrl":"https:\/\/blogs.deusto.es\/wp-content\/uploads\/sites\/71\/2020\/07\/TIT-LOGO_Blog_Dual.png","width":1667,"height":750,"caption":"Dual"},"image":{"@id":"https:\/\/blogs.deusto.es\/dual\/#\/schema\/logo\/image\/"}}]}},"_links":{"self":[{"href":"https:\/\/blogs.deusto.es\/dual\/wp-json\/wp\/v2\/pages\/73","targetHints":{"allow":["GET"]}}],"collection":[{"href":"https:\/\/blogs.deusto.es\/dual\/wp-json\/wp\/v2\/pages"}],"about":[{"href":"https:\/\/blogs.deusto.es\/dual\/wp-json\/wp\/v2\/types\/page"}],"author":[{"embeddable":true,"href":"https:\/\/blogs.deusto.es\/dual\/wp-json\/wp\/v2\/users\/601"}],"replies":[{"embeddable":true,"href":"https:\/\/blogs.deusto.es\/dual\/wp-json\/wp\/v2\/comments?post=73"}],"version-history":[{"count":13,"href":"https:\/\/blogs.deusto.es\/dual\/wp-json\/wp\/v2\/pages\/73\/revisions"}],"predecessor-version":[{"id":1424,"href":"https:\/\/blogs.deusto.es\/dual\/wp-json\/wp\/v2\/pages\/73\/revisions\/1424"}],"wp:attachment":[{"href":"https:\/\/blogs.deusto.es\/dual\/wp-json\/wp\/v2\/media?parent=73"}],"curies":[{"name":"wp","href":"https:\/\/api.w.org\/{rel}","templated":true}]}}