{"id":423,"date":"2020-04-16T16:37:57","date_gmt":"2020-04-16T14:37:57","guid":{"rendered":"https:\/\/preblogs.deusto.es\/edaguil\/?page_id=423"},"modified":"2020-07-30T13:42:15","modified_gmt":"2020-07-30T11:42:15","slug":"apoyo-a-la-lectura-y-la-escritura-en-el-hogar","status":"publish","type":"page","link":"https:\/\/blogs.deusto.es\/edaguil\/apoyo-a-la-lectura-y-la-escritura-en-el-hogar\/","title":{"rendered":""},"content":{"rendered":"<div style=\"padding-bottom:20px; padding-top:10px;\" class=\"hupso-share-buttons\"><!-- Hupso Share Buttons - https:\/\/www.hupso.com\/share\/ --><a class=\"hupso_counters\" href=\"https:\/\/www.hupso.com\/share\/\"><img decoding=\"async\" src=\"https:\/\/static.hupso.com\/share\/buttons\/share-small.png\" style=\"border:0px; padding-top:2px; float:left;\" alt=\"Share Button\"\/><\/a><script type=\"text\/javascript\">var hupso_services_c=new Array(\"twitter\",\"facebook_like\",\"facebook_send\",\"google\",\"linkedin\");var hupso_counters_lang = \"es_LA\";var hupso_image_folder_url = \"\";var hupso_url_c=\"\";var hupso_title_c=\"\";<\/script><script type=\"text\/javascript\" src=\"https:\/\/static.hupso.com\/share\/js\/counters.js\"><\/script><!-- Hupso Share Buttons --><\/div>\n<p> La lectura, la escritura y la matem\u00e1tica son <strong>algunos de los aprendizajes m\u00e1s importantes<\/strong> que los ni\u00f1os y las ni\u00f1as realizan en la escuela. Pero una parte importante de estos aprendizajes <strong>puede realizarse en la familia<\/strong>. <\/p>\n\n\n\n<p> La Facultad de Psicolog\u00eda y Educaci\u00f3n ha creado una serie de v\u00eddeos tutoriales con <strong>actividades de lectura, escritura y matem\u00e1tica para que las realicen los ni\u00f1os y las ni\u00f1as <\/strong>en el hogar, especialmente, <strong>en esta \u00e9poca de <\/strong>cierre de las escuelas por el coronavirus<strong> COVID-19<\/strong>. Adem\u00e1s hemos creado algunos <strong>v\u00eddeos dirigidos a los adultos<\/strong> (familiares y profesores) que&nbsp; explican el fundamento de las actividades. <\/p>\n\n\n\n<p> Las actividades que hemos incluido en los v\u00eddeos est\u00e1n basadas en la&nbsp; <strong>investigaci\u00f3ny la mayor\u00eda han mostrado alg\u00fan efecto positivo en el aprendizaje<\/strong> del lenguaje hablado y\/o escrito y de la matem\u00e1tica, en estudios previos. <\/p>\n\n\n\n<p class=\"has-medium-font-size\"><strong>Ayuda para madres y padres<\/strong> <\/p>\n\n\n\n<p><a href=\"https:\/\/drive.google.com\/open?id=14bg8awNFS_uj63kvFUojkil8wyup2j3-\">V\u00eddeo apoyo vocabulario para adultos<\/a> <br><a href=\"https:\/\/drive.google.com\/file\/d\/1Zi4lcHrbVnPcHk_TNqPwUhPYsR9x2l-b\/view?usp=sharing\">V\u00eddeo apoyo fluidez para adultos<\/a><br><a href=\"https:\/\/drive.google.com\/file\/d\/1FCg7V7poMqA-7p38j8cBj7XESXnIqcEJ\/view?usp=sharing\">V\u00eddeo apoyo matem\u00e1ticas para adultos<\/a><\/p>\n\n\n\n<p class=\"has-normal-font-size\"><strong>VOCABULARIO<\/strong> \/ <strong>HIZTEGI<\/strong><br><em> Principalmente para ni\u00f1os de preescolar y de 1\u00ba y 2\u00ba primaria <\/em><\/p>\n\n\n\n<p><a href=\"https:\/\/drive.google.com\/file\/d\/135_OdR_TNAoBBpKNQS2KIMRwMl5U-Yj_\/view?usp=sharing\">Vocabulario I<\/a> \/ <a href=\"https:\/\/drive.google.com\/file\/d\/1T90RrsKYSPQyKrpWJZhszuwnxZlBGFwG\/view?usp=sharing\">Hiztegi I<\/a><br><a href=\"https:\/\/drive.google.com\/file\/d\/1_glT9904n1gkgqxaOr-t8Okqnm1XNF1p\/view?usp=sharing\">Vocabulario II<\/a> \/ <a href=\"https:\/\/drive.google.com\/file\/d\/1Eu-0nMIXMy5eQcENvGakmi-9L_fUkEtf\/view?usp=sharing\">Hiztegi II<\/a><br><a href=\"https:\/\/drive.google.com\/file\/d\/1crqjUfwySi8_0cvUoD5KMkoQHtHSuIye\/view?usp=sharing\">Vocabulario III<\/a> \/ <a href=\"https:\/\/drive.google.com\/file\/d\/1DwHJu8xdJQOCorZLIByKt8B9mHuWLHKj\/view?usp=sharing\">Hiztegi III<\/a><br><a href=\"https:\/\/drive.google.com\/file\/d\/1uqrfAIXmfDegkNygEYyJYL-ucJW4sZ8n\/view?usp=sharing\">Vocabulario IV<\/a><br><a href=\"https:\/\/drive.google.com\/file\/d\/1-gqKXBP094hhvAqeyIuXwClyvoa7G2FS\/view?usp=sharing\">Vocabulario V<\/a> <br><a href=\"https:\/\/drive.google.com\/file\/d\/1xoYmnRs5DRa1shVrlj5qSozuBsy-t4SN\/view?usp=sharing\">Vocabulario VI <\/a><br><a href=\"https:\/\/drive.google.com\/file\/d\/1whFXjsJTptsqJnCgBqZ5pjVkE1DWQQjE\/view?usp=sharing\">Vocabulario VII  <\/a><br><a href=\"https:\/\/drive.google.com\/file\/d\/1YXHbLNwGfvN_i4EdZu__Y8Hvk6mBUAE5\/view?usp=sharing\">Vocabulario VIII<\/a><br><a href=\"https:\/\/drive.google.com\/file\/d\/1gAtZb3NbnS_vW1ezhYHK-1fU84Z55B0i\/view?usp=sharing\">Vocabulario IX<\/a><br><a href=\"https:\/\/drive.google.com\/file\/d\/1AKZlhDeK5ZA7-1kDxPLiqzqhjH6JWHK_\/view?usp=sharing\">Vocabulario X<\/a>    <\/p>\n\n\n\n<p class=\"has-normal-font-size\"><strong>FLUIDEZ \/ JARIOTASUNA <\/strong><br><em> Principalmente para ni\u00f1os a partir de 3\u00ba primaria <\/em><\/p>\n\n\n\n<p><a href=\"https:\/\/drive.google.com\/file\/d\/1A9Fnr6N8Bv9aognkmuauYff7Is4vxRQM\/view?usp=sharing\">Fluidez I<\/a>  \/  <a href=\"https:\/\/drive.google.com\/file\/d\/1PxjevkatCs2YKQFklc_bxcxNT3dyij_2\/view?usp=sharing\">Jariotasuna I<\/a><br><a href=\"https:\/\/drive.google.com\/open?id=18Zd-rX4EboEkd0UMmYureSrFwD5yC1Uu\">Fluidez II<\/a> \/ <a href=\"https:\/\/drive.google.com\/file\/d\/1Fb-FCnBJJCYPqENrIu3kN5Hxr1IzU7DH\/view?usp=sharing\">Jariotasuna II<\/a><br><a href=\"https:\/\/drive.google.com\/file\/d\/1N6NIKsDSRLq7nj4ATcNtjOBQ1Ru3azGS\/view?usp=sharing\">Fluidez III<\/a> \/ <a href=\"https:\/\/drive.google.com\/file\/d\/1SwvhC3KCoiamMN8gRL3Unt9paMNFm5N3\/view?usp=sharing\">Jariotasuna III<\/a><br><a href=\"https:\/\/drive.google.com\/file\/d\/125R_xhnvTO2lqUcD8PXNC3LQkcJKLGAC\/view?usp=sharing\">Fluidez IV<\/a><br><a href=\"https:\/\/drive.google.com\/file\/d\/1vboTO5LXgQafyUWu0wnUo0gCH2dXzVJ7\/view?usp=sharing\">Fluidez V<\/a><\/p>\n\n\n\n<p><strong> COMPRENSI\u00d3N LECTORA<\/strong> \/  <strong>IRAKURRIAREN ULERMENA <\/strong><\/p>\n\n\n\n<p><a href=\"https:\/\/drive.google.com\/file\/d\/1R-5LCW0B-BdxMm6926YC8_YLSgEzEfzY\/view?usp=sharing\">BIBLIOTECAS\/PORTALES CON LIBROS DE DOMINIO P\u00daBLICO<\/a> <\/p>\n\n\n\n<p><strong>MATEMATICA<\/strong>. Videos realizados por los alumnos de 3\u00ba  Educaci\u00f3n Primaria, menci\u00f3n Pedagog\u00eda Terap\u00e9utica, bajo la metodolog\u00eda de  Aprendizaje Servicio <br><strong>MATEMATIKA<\/strong>. Lehen Hezkuntzako 3. mailako ikasleek egindako bideoak, Pedagogia Terapeutikoa aipamena, Zerbitzua Ikasteko metodologiaren arabera<br>&nbsp; <\/p>\n\n\n\n<p><strong>Conocimiento aritm\u00e9tico informal<\/strong> \/ <strong>Aritmetikaren ezaguera informala<\/strong><br>  1)<a href=\"https:\/\/drive.google.com\/file\/d\/1W6AwT3edYH9MRvNJmEwnkcOBnm2_fU3v\/view?usp=sharing\"> Conteo hacia adelante<\/a> \/  <a href=\"https:\/\/drive.google.com\/file\/d\/1FyzS_rgR9i_vFQZtoQC7qILXiUxdIeXS\/view?usp=sharing\">Aurrerantz zenbatu<\/a>.  <em>Est\u00edbaliz Ben\u00edtez Garc\u00eda <\/em><br>  2) <a href=\"https:\/\/drive.google.com\/file\/d\/1U-ACnuU7V4K2-e5TnpsTegEPG0WD6q0_\/view?usp=sharing\">Conteo hacia atr\u00e1s<\/a> \/ <a href=\"https:\/\/drive.google.com\/file\/d\/1dHDTUHeyTHRCwEU1aOuEfXz0rWUya3aZ\/view?usp=sharing\">Atzerantz zenbatu<\/a>. <em>Mar\u00eda Sarrionandia Jayo<\/em> <br>  3) <a href=\"https:\/\/drive.google.com\/file\/d\/116815wHGnZC9JkTUmjN9B6qdFYFvrbZs\/view?usp=sharing\">Conteo a saltos hasta 10<\/a> \/  <a href=\"https:\/\/drive.google.com\/file\/d\/13yPw-sN8dNDyUfu2SvHYl3OcZ7N3oaII\/view?usp=sharing\">Saltoka 10era arte zenbatu<\/a>.  <em>Aintzane L\u00f3pez Padial  <\/em><br>  4) <a href=\"https:\/\/drive.google.com\/file\/d\/1eTvUisg-cm_biWXg5E4OkuYOyDxCEbGr\/view?usp=sharing\">Conteo desde un n\u00famero a otro<\/a>\/  <a href=\"https:\/\/drive.google.com\/file\/d\/1Y_c6izQgxTbN9eneY5AdSybw0oDgR1uj\/view?usp=sharing\">Zenbaki batetik beste batera zenbatu<\/a>.  <em>Jon&nbsp;Rodr\u00edguez&nbsp;Ros<\/em> <br>  5) <a href=\"https:\/\/drive.google.com\/file\/d\/1X4qLUaoVZipHMnZS540t1aUCwmGNehpp\/view?usp=sharing\">Numeraci\u00f3n uno-a-uno<\/a> \/ <a href=\"https:\/\/drive.google.com\/file\/d\/1NZDvYYd5utnXwCx_KRL7cfYegSd2xz0X\/view?usp=sharing\"> Banan-banan zenbatu<\/a>. <em>Est\u00edbaliz Ben\u00edtez Garc\u00eda <\/em><br>  6) <a href=\"https:\/\/drive.google.com\/file\/d\/1btWRzKNHgi8QTwrlviadHGvprQnrU3pm\/view?usp=sharing\">Numeraci\u00f3n orden estable<\/a> \/ <a href=\"https:\/\/drive.google.com\/file\/d\/1gRJ8Jyfn56fNqEXRaemMMQ80-kvDcjwP\/view?usp=sharing\"> Zenbaketa: ordena egonkorra<\/a>.  <em>Est\u00edbaliz Ben\u00edtez Garc\u00eda <\/em><br>  7) <a href=\"https:\/\/drive.google.com\/file\/d\/1BmA3C0Jm4CyxXK8a-MeYyt8nrcY4OYsk\/view?usp=sharing\">Numeraci\u00f3n irrelevancia orden<\/a> \/  <a href=\"https:\/\/drive.google.com\/file\/d\/19ujDGovzolZWW0HI3ldg89XG9NKdPzvC\/view?usp=sharing\">Zenbaketa: ordenaren garrantzirik eza<\/a>.  <em>Aintzane L\u00f3pez Padial <\/em><br>  8) <a href=\"https:\/\/drive.google.com\/file\/d\/1fMlPjDEQh6wZJsTd1ESJFEa0H2tRpAZh\/view?usp=sharing\">Numeraci\u00f3n abstracci\u00f3n<\/a> \/  <a href=\"https:\/\/drive.google.com\/file\/d\/1Y3RNEwHRIju8ozuYMaRaxaWDEEb0wpK4\/view?usp=sharing\">Zenbaketa: abstrakzioa<\/a>. <em>Mar\u00eda Sarrionandia Jayo <\/em><br>  9) <a href=\"https:\/\/drive.google.com\/file\/d\/1cVxmEIJe3gO7yzHZDTs0miSVhmNneFQ6\/view?usp=sharing\">Numeraci\u00f3n cardinalidad<\/a> \/  <a href=\"https:\/\/drive.google.com\/file\/d\/1_JVDJBRcUPk-2ZZx63DAmDB56OGVdDXj\/view?usp=sharing\">Zenbaketa: kardinalitatea<\/a>.  <em>Jon Rodr\u00edguez Ros <\/em><br> 10) <a href=\"https:\/\/drive.google.com\/file\/d\/1g_fwspTP7a2O-8-35-iNS2aUbo8Ly9yB\/view?usp=sharing\">Operaciones l\u00f3gicas seriar<\/a> \/  <a href=\"https:\/\/drive.google.com\/file\/d\/1fijrpof8Qm7o-S-RriBrTgCN9MS85lLI\/view?usp=sharing\">Eragiketa logikoak: seriek osatu<\/a>. <em>Aintzane L\u00f3pez Padial <\/em><br> 11) <a href=\"https:\/\/drive.google.com\/file\/d\/1T5SVqBb06-IzmPOWANIUJFXSZfZT-ldI\/view?usp=sharing\">Operaciones l\u00f3gicas clasificar<\/a> \/  <a href=\"https:\/\/drive.google.com\/file\/d\/1FnFL4fzDcyZuTH--RH-0y3Hye9oASdFN\/view?usp=sharing\">Eragiketa logikoak: sailkatu<\/a>.  <em>Est\u00edbaliz Ben\u00edtez Garc\u00eda <\/em><br> 12) <a href=\"https:\/\/drive.google.com\/file\/d\/1NdHg_QRbhPPgqAWP7TjgfsIF4brANe_L\/view?usp=sharing\">Operaciones l\u00f3gicas conservar<\/a> \/  <a href=\"https:\/\/drive.google.com\/file\/d\/1OJl0zjzftEPGNsql7TpnU-rMLbS3Cp_k\/view?usp=sharing\">Eragiketa logikoak: kontserbatu<\/a>. <em>Aintzane L\u00f3pez Padial <\/em><\/p>\n\n\n\n<p><strong>Soluci\u00f3n de problemas aritm\u00e9ticos<\/strong> \/ <strong>Aritmetikaren ezaguera informala<\/strong><br>          1) Problemas de cambio \/  Aldaketa problemak <br>          2) Problemas de combinaci\u00f3n \/  Konbinazio problemak <br>          3)Problemas de comparaci\u00f3n \/  Konparazio problemak <br>          4)Problemas de igualaci\u00f3n \/  Berdinketa problemak <\/p>\n","protected":false},"excerpt":{"rendered":"<div style=\"padding-bottom:20px; padding-top:10px;\" class=\"hupso-share-buttons\"><!-- Hupso Share Buttons - https:\/\/www.hupso.com\/share\/ --><a class=\"hupso_counters\" href=\"https:\/\/www.hupso.com\/share\/\"><img src=\"https:\/\/static.hupso.com\/share\/buttons\/share-small.png\" style=\"border:0px; padding-top:2px; float:left;\" alt=\"Share Button\"\/><\/a><script type=\"text\/javascript\">var hupso_services_c=new Array(\"twitter\",\"facebook_like\",\"facebook_send\",\"google\",\"linkedin\");var hupso_counters_lang = \"es_LA\";var hupso_image_folder_url = \"\";var hupso_url_c=\"\";var hupso_title_c=\"\";<\/script><script type=\"text\/javascript\" src=\"https:\/\/static.hupso.com\/share\/js\/counters.js\"><\/script><!-- Hupso Share Buttons --><\/div><p>La lectura, la escritura y la matem\u00e1tica son algunos de los aprendizajes m\u00e1s importantes que los ni\u00f1os y las ni\u00f1as<\/p>\n","protected":false},"author":226,"featured_media":490,"parent":0,"menu_order":0,"comment_status":"closed","ping_status":"closed","template":"","meta":{"colormag_page_container_layout":"default_layout","colormag_page_sidebar_layout":"default_layout","footnotes":""},"class_list":["post-423","page","type-page","status-publish","has-post-thumbnail","hentry"],"_links":{"self":[{"href":"https:\/\/blogs.deusto.es\/edaguil\/wp-json\/wp\/v2\/pages\/423","targetHints":{"allow":["GET"]}}],"collection":[{"href":"https:\/\/blogs.deusto.es\/edaguil\/wp-json\/wp\/v2\/pages"}],"about":[{"href":"https:\/\/blogs.deusto.es\/edaguil\/wp-json\/wp\/v2\/types\/page"}],"author":[{"embeddable":true,"href":"https:\/\/blogs.deusto.es\/edaguil\/wp-json\/wp\/v2\/users\/226"}],"replies":[{"embeddable":true,"href":"https:\/\/blogs.deusto.es\/edaguil\/wp-json\/wp\/v2\/comments?post=423"}],"version-history":[{"count":57,"href":"https:\/\/blogs.deusto.es\/edaguil\/wp-json\/wp\/v2\/pages\/423\/revisions"}],"predecessor-version":[{"id":529,"href":"https:\/\/blogs.deusto.es\/edaguil\/wp-json\/wp\/v2\/pages\/423\/revisions\/529"}],"wp:featuredmedia":[{"embeddable":true,"href":"https:\/\/blogs.deusto.es\/edaguil\/wp-json\/wp\/v2\/media\/490"}],"wp:attachment":[{"href":"https:\/\/blogs.deusto.es\/edaguil\/wp-json\/wp\/v2\/media?parent=423"}],"curies":[{"name":"wp","href":"https:\/\/api.w.org\/{rel}","templated":true}]}}