{"id":30,"date":"2016-06-27T12:03:45","date_gmt":"2016-06-27T10:03:45","guid":{"rendered":"https:\/\/preblogs.deusto.es\/educar\/?page_id=30"},"modified":"2019-11-28T12:14:03","modified_gmt":"2019-11-28T11:14:03","slug":"masteres","status":"publish","type":"page","link":"https:\/\/blogs.deusto.es\/educar\/formacion\/masteres\/","title":{"rendered":"M\u00e1steres"},"content":{"rendered":"<h4 style=\"text-align: justify;\"><strong>M\u00e1ster en Formaci\u00f3n del Profesorado de Educaci\u00f3n Secundaria Obligatoria, Bachillerato, Formaci\u00f3n Profesional y Ense\u00f1anza de Idiomas<\/strong><\/h4>\n<p style=\"font-size: 13px; text-align: justify;\">Directora: Zoe Mart\u00ednez de la Hidalga<\/p>\n<p style=\"font-size: 13px; text-align: justify;\">El M\u00e1ster en Formaci\u00f3n del Profesorado de Educaci\u00f3n Secundaria Obligatoria, Bachillerato, Formaci\u00f3n Profesional y Ense\u00f1anza de Idiomas tiene como principal objetivo la formaci\u00f3n y habilitaci\u00f3n para ejercer como profesor\/a en la etapa de Educaci\u00f3n Secundaria. La actual realidad social y educativa demanda\u00a0profesionales que sepan ense\u00f1ar una materia concreta y que sean competentes en: Atenci\u00f3n a la Diversidad, Comunicaci\u00f3n eficaz, Convivencia, Multiculturalidad, Nuevas tecnolog\u00edas, Tutor\u00eda y Orientaci\u00f3n, Resoluci\u00f3n de conflictos, Habilidades sociales, Educaci\u00f3n emocional, \u2026<\/p>\n<p style=\"font-size: 13px; text-align: justify;\">Por este motivo, el realizar los estudios del M\u00e1ster permitir\u00e1 desarrollar en el alumnado las\u00a0competencias profesionales\u00a0necesarias para desempe\u00f1ar las funciones que un docente de Educaci\u00f3n Secundaria debe desempe\u00f1ar.<\/p>\n<p style=\"font-size: 13px; text-align: justify;\">En el curso 2016-17, se impartir\u00e1 la\u00a0octava edici\u00f3n\u00a0del M\u00e1ster en el\u00a0<a href=\"http:\/\/www.deusto.es\/cs\/Satellite\/deusto\/es\/masteres\/estudios-masteres\/formacion-del-profesorado-de-educacion-secundaria-obligatoria-bachillerato-formacion-profesional-y-ensenanza-de-idiomas\/programa?idPest=1340019323469\">Campus de Bilbao\u00a0<\/a>y la\u00a0sexta\u00a0en el\u00a0<a href=\"http:\/\/www.deusto.es\/cs\/Satellite\/deusto\/es\/masteres\/estudios-masteres\/formacion-del-profesorado-de-educacion-secundaria-obligatoria-bachillerato-formacion-profesional-y-ensenanza-de-idiomas-0\/programa\">Campus de San Sebasti\u00e1n<\/a>.\u00a0Desde el curso 2013-14 se imparte la\u00a0especialidad de \u201c<a href=\"http:\/\/www.deusto.es\/cs\/Satellite\/deusto\/es\/masteres\/estudios-masteres\/formacion-del-profesorado-de-educacion-secundaria-obligatoria-bachillerato-formacion-profesional-y-ensenanza-de-idiomas-1\/programa\">Orientaci\u00f3n Educativa<\/a>\u201d,\u00a0que pretende formar a los futuros orientadores de Educaci\u00f3n Secundaria. Por tanto, en el curso 2016-17 se impartir\u00e1 la\u00a0cuarta edici\u00f3n.<\/p>\n<p style=\"font-size: 13px; text-align: justify;\">En las ediciones anteriores han pasado algo m\u00e1s de 400 estudiantes, de distintas procedencias y especialidades, y todos ellos han contribuido al desarrollo y renovaci\u00f3n continua de un m\u00e1ster que esperamos ir mejorando entre todos.<\/p>\n<hr \/>\n<h4 style=\"text-align: justify;\"><strong>M\u00e1ster Universitario en Direcci\u00f3n y Gesti\u00f3n de Centros\u00a0<\/strong><\/h4>\n<p style=\"font-size: 13px; text-align: justify;\">Joaqu\u00edn Gair\u00edn Sall\u00e1n y Manuel \u00c1lvarez Fern\u00e1ndez<br \/>\nCoordinadora: Visitaci\u00f3n Pereda Herrero<\/p>\n<p style=\"font-size: 13px; text-align: justify;\">Las progresivas <strong>reformas <\/strong>experimentadas por los <strong>sistemas educativos <\/strong>han incrementado la complejidad de gesti\u00f3n pedag\u00f3gica y organizativa de los centros educativos, reclamando a los directivos el ejercicio de funciones no s\u00f3lo administrativas y de gesti\u00f3n de recursos, sino cada vez funciones m\u00e1s amplias de representaci\u00f3n, planificaci\u00f3n, coordinaci\u00f3n, control-evaluaci\u00f3n, de relaciones humanas, de integraci\u00f3n de la comunidad, pedag\u00f3gicas y de promoci\u00f3n de la innovaci\u00f3n. Partiendo de este hecho, este M\u00e1ster, que es totalmente online impartido conjuntamente por la <a href=\"http:\/\/www.uab.es\/\"><strong>Universidad Aut\u00f3noma de Barcelona<\/strong><\/a><strong>\u00a0<\/strong>y la Universidad de Deusto, pretende proporcionar a los participantes la formaci\u00f3n necesaria para la <strong>tarea directiva.<\/strong><\/p>\n<p style=\"font-size: 13px; text-align: justify;\">El M\u00e1ster es heredero y pretende dar continuidad a \u00a0la larga experiencia y al reconocido prestigio de la Universidad de Deusto y de la Universidad Aut\u00f3noma de Barcelona en relaci\u00f3n a la formaci\u00f3n de equipos directivos. \u00a0Forman parte de su profesorado expertos a nivel internacional.<\/p>\n<p><!--more--><\/p>\n","protected":false},"excerpt":{"rendered":"<p>M\u00e1ster en Formaci\u00f3n del Profesorado de Educaci\u00f3n Secundaria Obligatoria, Bachillerato, Formaci\u00f3n Profesional y Ense\u00f1anza de Idiomas Directora: Zoe Mart\u00ednez de la Hidalga El M\u00e1ster en Formaci\u00f3n del Profesorado de Educaci\u00f3n Secundaria Obligatoria, Bachillerato, Formaci\u00f3n Profesional y Ense\u00f1anza de Idiomas tiene como principal objetivo la formaci\u00f3n y habilitaci\u00f3n para ejercer como profesor\/a en la etapa de &#8230; <a title=\"M\u00e1steres\" class=\"read-more\" href=\"https:\/\/blogs.deusto.es\/educar\/formacion\/masteres\/\" aria-label=\"Leer m\u00e1s sobre M\u00e1steres\">Leer m\u00e1s<\/a><\/p>\n","protected":false},"author":486,"featured_media":0,"parent":28,"menu_order":1,"comment_status":"closed","ping_status":"closed","template":"","meta":{"footnotes":""},"class_list":["post-30","page","type-page","status-publish"],"_links":{"self":[{"href":"https:\/\/blogs.deusto.es\/educar\/wp-json\/wp\/v2\/pages\/30","targetHints":{"allow":["GET"]}}],"collection":[{"href":"https:\/\/blogs.deusto.es\/educar\/wp-json\/wp\/v2\/pages"}],"about":[{"href":"https:\/\/blogs.deusto.es\/educar\/wp-json\/wp\/v2\/types\/page"}],"author":[{"embeddable":true,"href":"https:\/\/blogs.deusto.es\/educar\/wp-json\/wp\/v2\/users\/486"}],"replies":[{"embeddable":true,"href":"https:\/\/blogs.deusto.es\/educar\/wp-json\/wp\/v2\/comments?post=30"}],"version-history":[{"count":14,"href":"https:\/\/blogs.deusto.es\/educar\/wp-json\/wp\/v2\/pages\/30\/revisions"}],"predecessor-version":[{"id":974,"href":"https:\/\/blogs.deusto.es\/educar\/wp-json\/wp\/v2\/pages\/30\/revisions\/974"}],"up":[{"embeddable":true,"href":"https:\/\/blogs.deusto.es\/educar\/wp-json\/wp\/v2\/pages\/28"}],"wp:attachment":[{"href":"https:\/\/blogs.deusto.es\/educar\/wp-json\/wp\/v2\/media?parent=30"}],"curies":[{"name":"wp","href":"https:\/\/api.w.org\/{rel}","templated":true}]}}