{"id":32,"date":"2016-06-27T12:04:53","date_gmt":"2016-06-27T10:04:53","guid":{"rendered":"https:\/\/preblogs.deusto.es\/educar\/?page_id=32"},"modified":"2019-11-28T12:14:03","modified_gmt":"2019-11-28T11:14:03","slug":"doctorados","status":"publish","type":"page","link":"https:\/\/blogs.deusto.es\/educar\/formacion\/doctorados\/","title":{"rendered":"Doctorados"},"content":{"rendered":"<ul>\n<li style=\"text-align: justify;\"><strong>DOCTORADO EN EDUCACI\u00d3N<\/strong><\/li>\n<\/ul>\n<p style=\"text-align: justify;\">El Programa de Doctorado en Educaci\u00f3n de la Universidad de Deusto est\u00e1 orientado al estudio de los procesos de desarrollo, aprendizaje y formaci\u00f3n, as\u00ed como de las estructuras educativas en las que se llevan a cabo. Las propuestas de investigaci\u00f3n propias de este programa centran la atenci\u00f3n en los procesos de aprendizaje a lo largo de la vida, con diferentes focos espec\u00edficos en la educaci\u00f3n formal, en la educaci\u00f3n inclusiva y en la pedagog\u00eda social. Dicho programa est\u00e1 regulado por el Real Decreto 99\/2011 y verificado por la ANECA.<\/p>\n<p style=\"text-align: justify;\">La amplia trayectoria de la facultad de Psicolog\u00eda y Educaci\u00f3n en la formaci\u00f3n de profesionales de la educaci\u00f3n junto a la experiencia investigadora de sus equipos permite ofrecer un marco de formaci\u00f3n para desarrollar las competencias investigadoras y para asumir el compromiso socio-educativo a trav\u00e9s de la investigaci\u00f3n educativa.<\/p>\n<p style=\"text-align: justify;\">El programa pretende formar doctores que lideren procesos investigadores y de mejora psicopedag\u00f3gica. Los estudios de este programa inciden en la formaci\u00f3n metodol\u00f3gica, te\u00f3rica y t\u00e9cnica de la capacitaci\u00f3n investigadora en educaci\u00f3n. Para ello se propone una formaci\u00f3n investigadora de calidad con la que se pretende que las y los investigadores en formaci\u00f3n desarrollen las competencias necesarias para generar conocimiento psicopedag\u00f3gico y para liderar procesos de transferencia a los diferentes \u00e1mbitos de la realidad en los que este conocimiento tiene incidencia. Las l\u00edneas y proyectos de los grupos de investigaci\u00f3n que participan en este programa ofrecen una amplia variedad de tem\u00e1ticas y problemas de investigaci\u00f3n que son objeto de estudio en la actualidad.<\/p>\n<p style=\"text-align: justify;\">El programa de Doctorado en Educaci\u00f3n presta especial atenci\u00f3n a la internacionalizaci\u00f3n tanto en la formaci\u00f3n de investigadores como en la realizaci\u00f3n de proyectos de investigaci\u00f3n en colaboraci\u00f3n. Para ello cuenta con diferentes convenios de colaboraci\u00f3n con distintas universidades: Danmarks Paedagogiske Universitetsskole de la Aarhus Universitet (Dinamarca), Universit\u00e4t zu K\u00f6ln (Alemania); University of Nizwa (Oman), Universidad Iberoamericana (M\u00e9xico), Wheeling Jesuit University (USA), Universidad Cat\u00f3lica de C\u00f3rdoba (Argentina). Asimismo, comparte proyectos con diferentes universidades espa\u00f1olas y de otros pa\u00edses: University of Melbourne (Australia), Universidad Cat\u00f3lica de Concepci\u00f3n (Chile), Universidad Ram\u00f3n Llul (Barcelona), Pontificia Universidad Cat\u00f3lica Argentina (UCA), entre otras.<\/p>\n<p style=\"text-align: justify;\">El equipo que desarrolla este programa se apoya en <strong>dos equipos de investigaci\u00f3n reconocidos<\/strong>, el Equipo de Intervenci\u00f3n: Calidad de Vida e Inclusi\u00f3n Social y el equipo eDucaR (Deusto Education Research). Ambos responden a las l\u00edneas de estudio del programa de Doctorado en Educaci\u00f3n, que pone el \u00e9nfasis en la mejora de la docencia y el aprendizaje en los procesos formativos, y en la Intervenci\u00f3n psicoeducativa en contextos sociales.<\/p>\n<p style=\"text-align: justify;\">Los programas de doctorado incluyen actividades de formaci\u00f3n investigadora tanto transversal como espec\u00edfica del \u00e1mbito de cada programa. Estas actividades est\u00e1n orientadas a la formaci\u00f3n excelente de nuevos investigadores y al desarrollo \u00f3ptimo de competencias en investigaci\u00f3n<strong>. <\/strong><\/p>\n<p style=\"text-align: justify;\">A trav\u00e9s del desarrollo de actividades se busca generar un espacio de encuentro intelectual donde los j\u00f3venes investigadores puedan desarrollar su formaci\u00f3n en un contexto de investigaci\u00f3n excelente, de creatividad<strong>, <\/strong>de perspectiva interdisciplinaria y de trabajo en equipo.<\/p>\n<p style=\"text-align: justify;\">Las actividades se distribuyen a lo largo del periodo de formaci\u00f3n. Estar\u00e1n constituidas por cursos, jornadas, seminarios, asistencia a congresos, publicaci\u00f3n de art\u00edculos y estancias de movilidad.<\/p>\n<p style=\"text-align: justify;\">La programaci\u00f3n de las actividades busca garantizar la experiencia internacional de los estudiantes, preferentemente, mediante estancias en universidades o centros de investigaci\u00f3n extranjeros, la realizaci\u00f3n de tesis internacionales, la participaci\u00f3n en congresos internacionales y la intervenci\u00f3n de profesores visitantes en las actividades formativas.<\/p>\n<p style=\"text-align: justify;\">Para m\u00e1s informaci\u00f3n <a href=\"http:\/\/www.deusto.es\/cs\/Satellite\/deusto\/es\/doctorado-2\/programas-1\/educacion-0\">AQU\u00cd<\/a><\/p>\n<p>&nbsp;<!--more--><\/p>\n","protected":false},"excerpt":{"rendered":"<p>DOCTORADO EN EDUCACI\u00d3N El Programa de Doctorado en Educaci\u00f3n de la Universidad de Deusto est\u00e1 orientado al estudio de los procesos de desarrollo, aprendizaje y formaci\u00f3n, as\u00ed como de las estructuras educativas en las que se llevan a cabo. Las propuestas de investigaci\u00f3n propias de este programa centran la atenci\u00f3n en los procesos de aprendizaje &#8230; <a title=\"Doctorados\" class=\"read-more\" href=\"https:\/\/blogs.deusto.es\/educar\/formacion\/doctorados\/\" aria-label=\"Leer m\u00e1s sobre Doctorados\">Leer m\u00e1s<\/a><\/p>\n","protected":false},"author":486,"featured_media":0,"parent":28,"menu_order":2,"comment_status":"closed","ping_status":"closed","template":"","meta":{"footnotes":""},"class_list":["post-32","page","type-page","status-publish"],"_links":{"self":[{"href":"https:\/\/blogs.deusto.es\/educar\/wp-json\/wp\/v2\/pages\/32","targetHints":{"allow":["GET"]}}],"collection":[{"href":"https:\/\/blogs.deusto.es\/educar\/wp-json\/wp\/v2\/pages"}],"about":[{"href":"https:\/\/blogs.deusto.es\/educar\/wp-json\/wp\/v2\/types\/page"}],"author":[{"embeddable":true,"href":"https:\/\/blogs.deusto.es\/educar\/wp-json\/wp\/v2\/users\/486"}],"replies":[{"embeddable":true,"href":"https:\/\/blogs.deusto.es\/educar\/wp-json\/wp\/v2\/comments?post=32"}],"version-history":[{"count":7,"href":"https:\/\/blogs.deusto.es\/educar\/wp-json\/wp\/v2\/pages\/32\/revisions"}],"predecessor-version":[{"id":977,"href":"https:\/\/blogs.deusto.es\/educar\/wp-json\/wp\/v2\/pages\/32\/revisions\/977"}],"up":[{"embeddable":true,"href":"https:\/\/blogs.deusto.es\/educar\/wp-json\/wp\/v2\/pages\/28"}],"wp:attachment":[{"href":"https:\/\/blogs.deusto.es\/educar\/wp-json\/wp\/v2\/media?parent=32"}],"curies":[{"name":"wp","href":"https:\/\/api.w.org\/{rel}","templated":true}]}}