{"version":"1.0","provider_name":"Centro de \u00c9tica Aplicada","provider_url":"https:\/\/blogs.deusto.es\/ethics","author_name":"Galo Bilbao","author_url":"https:\/\/blogs.deusto.es\/ethics\/author\/galo-bilbao\/","title":"Desnaturalizar la violencia, trabajar por la paz - Centro de \u00c9tica Aplicada","type":"rich","width":600,"height":338,"html":"<blockquote class=\"wp-embedded-content\" data-secret=\"41ifSlWKOL\"><a href=\"https:\/\/blogs.deusto.es\/ethics\/desnaturalizar-la-violencia-trabajar-por-la-paz\/\">Desnaturalizar la violencia, trabajar por la paz<\/a><\/blockquote><iframe sandbox=\"allow-scripts\" security=\"restricted\" src=\"https:\/\/blogs.deusto.es\/ethics\/desnaturalizar-la-violencia-trabajar-por-la-paz\/embed\/#?secret=41ifSlWKOL\" width=\"600\" height=\"338\" title=\"\u00abDesnaturalizar la violencia, trabajar por la paz\u00bb \u2014 Centro de \u00c9tica Aplicada\" data-secret=\"41ifSlWKOL\" frameborder=\"0\" marginwidth=\"0\" marginheight=\"0\" scrolling=\"no\" class=\"wp-embedded-content\"><\/iframe><script type=\"text\/javascript\">\n\/* <![CDATA[ *\/\n\/*! This file is auto-generated *\/\n!function(d,l){\"use strict\";l.querySelector&&d.addEventListener&&\"undefined\"!=typeof URL&&(d.wp=d.wp||{},d.wp.receiveEmbedMessage||(d.wp.receiveEmbedMessage=function(e){var t=e.data;if((t||t.secret||t.message||t.value)&&!\/[^a-zA-Z0-9]\/.test(t.secret)){for(var s,r,n,a=l.querySelectorAll('iframe[data-secret=\"'+t.secret+'\"]'),o=l.querySelectorAll('blockquote[data-secret=\"'+t.secret+'\"]'),c=new RegExp(\"^https?:$\",\"i\"),i=0;i<o.length;i++)o[i].style.display=\"none\";for(i=0;i<a.length;i++)s=a[i],e.source===s.contentWindow&&(s.removeAttribute(\"style\"),\"height\"===t.message?(1e3<(r=parseInt(t.value,10))?r=1e3:~~r<200&&(r=200),s.height=r):\"link\"===t.message&&(r=new URL(s.getAttribute(\"src\")),n=new URL(t.value),c.test(n.protocol))&&n.host===r.host&&l.activeElement===s&&(d.top.location.href=t.value))}},d.addEventListener(\"message\",d.wp.receiveEmbedMessage,!1),l.addEventListener(\"DOMContentLoaded\",function(){for(var e,t,s=l.querySelectorAll(\"iframe.wp-embedded-content\"),r=0;r<s.length;r++)(t=(e=s[r]).getAttribute(\"data-secret\"))||(t=Math.random().toString(36).substring(2,12),e.src+=\"#?secret=\"+t,e.setAttribute(\"data-secret\",t)),e.contentWindow.postMessage({message:\"ready\",secret:t},\"*\")},!1)))}(window,document);\n\/\/# sourceURL=https:\/\/blogs.deusto.es\/ethics\/wp-includes\/js\/wp-embed.min.js\n\/* ]]> *\/\n<\/script>\n","thumbnail_url":"https:\/\/blogs.deusto.es\/alumni\/wp-content\/uploads\/sites\/44\/2021\/01\/trabajar-por-la-paz.jpg","thumbnail_width":1120,"thumbnail_height":694,"description":"El 30 de enero se celebra el D\u00eda Internacional por la Paz y la No violencia, con una incidencia especial en el \u00e1mbito escolar, en conmemoraci\u00f3n del aniversario del asesinato de Mahatma Gandhi en 1948. En nuestro contexto cercano, celebramos esta efem\u00e9ride en medio de un proceso de construcci\u00f3n de una sociedad pacificada, tras d\u00e9cadas [&hellip;]"}

Centro de Ética Aplicada

Desnaturalizar la violencia, trabajar por la paz - Centro de Ética Aplicada

<blockquote class="wp-embedded-content" data-secret="41ifSlWKOL"><a href="https://blogs.deusto.es/ethics/desnaturalizar-la-violencia-trabajar-por-la-paz/">Desnaturalizar la violencia, trabajar por la paz</a></blockquote><iframe sandbox="allow-scripts" security="restricted" src="https://blogs.deusto.es/ethics/desnaturalizar-la-violencia-trabajar-por-la-paz/embed/#?secret=41ifSlWKOL" width="600" height="338" title="«Desnaturalizar la violencia, trabajar por la paz» — Centro de Ética Aplicada" data-secret="41ifSlWKOL" frameborder="0" marginwidth="0" marginheight="0" scrolling="no" class="wp-embedded-content"></iframe><script type="text/javascript">
/* <![CDATA[ */
/*! This file is auto-generated */
!function(d,l){"use strict";l.querySelector&&d.addEventListener&&"undefined"!=typeof URL&&(d.wp=d.wp||{},d.wp.receiveEmbedMessage||(d.wp.receiveEmbedMessage=function(e){var t=e.data;if((t||t.secret||t.message||t.value)&&!/[^a-zA-Z0-9]/.test(t.secret)){for(var s,r,n,a=l.querySelectorAll('iframe[data-secret="'+t.secret+'"]'),o=l.querySelectorAll('blockquote[data-secret="'+t.secret+'"]'),c=new RegExp("^https?:$","i"),i=0;i<o.length;i++)o[i].style.display="none";for(i=0;i<a.length;i++)s=a[i],e.source===s.contentWindow&&(s.removeAttribute("style"),"height"===t.message?(1e3<(r=parseInt(t.value,10))?r=1e3:~~r<200&&(r=200),s.height=r):"link"===t.message&&(r=new URL(s.getAttribute("src")),n=new URL(t.value),c.test(n.protocol))&&n.host===r.host&&l.activeElement===s&&(d.top.location.href=t.value))}},d.addEventListener("message",d.wp.receiveEmbedMessage,!1),l.addEventListener("DOMContentLoaded",function(){for(var e,t,s=l.querySelectorAll("iframe.wp-embedded-content"),r=0;r<s.length;r++)(t=(e=s[r]).getAttribute("data-secret"))||(t=Math.random().toString(36).substring(2,12),e.src+="#?secret="+t,e.setAttribute("data-secret",t)),e.contentWindow.postMessage({message:"ready",secret:t},"*")},!1)))}(window,document);
//# sourceURL=https://blogs.deusto.es/ethics/wp-includes/js/wp-embed.min.js
/* ]]> */
</script>

El 30 de enero se celebra el Día Internacional por la Paz y la No violencia, con una incidencia especial en el ámbito escolar, en conmemoración del aniversario del asesinato de Mahatma Gandhi en 1948. En nuestro contexto cercano, celebramos esta efeméride en medio de un proceso de construcción de una sociedad pacificada, tras décadas [&hellip;]
