{"version":"1.0","provider_name":"Centro de \u00c9tica Aplicada","provider_url":"https:\/\/blogs.deusto.es\/ethics","author_name":"Jes\u00fas Prieto Mendaza","author_url":"https:\/\/blogs.deusto.es\/ethics\/author\/prietomendaza\/","title":"Refugiados y frontera norte de Europa - Centro de \u00c9tica Aplicada","type":"rich","width":600,"height":338,"html":"<blockquote class=\"wp-embedded-content\" data-secret=\"otblHMRPlM\"><a href=\"https:\/\/blogs.deusto.es\/ethics\/refugiados-y-frontera-norte-de-europa\/\">Refugiados y frontera norte de Europa<\/a><\/blockquote><iframe sandbox=\"allow-scripts\" security=\"restricted\" src=\"https:\/\/blogs.deusto.es\/ethics\/refugiados-y-frontera-norte-de-europa\/embed\/#?secret=otblHMRPlM\" width=\"600\" height=\"338\" title=\"\u00abRefugiados y frontera norte de Europa\u00bb \u2014 Centro de \u00c9tica Aplicada\" data-secret=\"otblHMRPlM\" frameborder=\"0\" marginwidth=\"0\" marginheight=\"0\" scrolling=\"no\" class=\"wp-embedded-content\"><\/iframe><script type=\"text\/javascript\">\n\/* <![CDATA[ *\/\n\/*! This file is auto-generated *\/\n!function(d,l){\"use strict\";l.querySelector&&d.addEventListener&&\"undefined\"!=typeof URL&&(d.wp=d.wp||{},d.wp.receiveEmbedMessage||(d.wp.receiveEmbedMessage=function(e){var t=e.data;if((t||t.secret||t.message||t.value)&&!\/[^a-zA-Z0-9]\/.test(t.secret)){for(var s,r,n,a=l.querySelectorAll('iframe[data-secret=\"'+t.secret+'\"]'),o=l.querySelectorAll('blockquote[data-secret=\"'+t.secret+'\"]'),c=new RegExp(\"^https?:$\",\"i\"),i=0;i<o.length;i++)o[i].style.display=\"none\";for(i=0;i<a.length;i++)s=a[i],e.source===s.contentWindow&&(s.removeAttribute(\"style\"),\"height\"===t.message?(1e3<(r=parseInt(t.value,10))?r=1e3:~~r<200&&(r=200),s.height=r):\"link\"===t.message&&(r=new URL(s.getAttribute(\"src\")),n=new URL(t.value),c.test(n.protocol))&&n.host===r.host&&l.activeElement===s&&(d.top.location.href=t.value))}},d.addEventListener(\"message\",d.wp.receiveEmbedMessage,!1),l.addEventListener(\"DOMContentLoaded\",function(){for(var e,t,s=l.querySelectorAll(\"iframe.wp-embedded-content\"),r=0;r<s.length;r++)(t=(e=s[r]).getAttribute(\"data-secret\"))||(t=Math.random().toString(36).substring(2,12),e.src+=\"#?secret=\"+t,e.setAttribute(\"data-secret\",t)),e.contentWindow.postMessage({message:\"ready\",secret:t},\"*\")},!1)))}(window,document);\n\/\/# sourceURL=https:\/\/blogs.deusto.es\/ethics\/wp-includes\/js\/wp-embed.min.js\n\/* ]]> *\/\n<\/script>\n","thumbnail_url":"https:\/\/blogs.deusto.es\/alumni\/wp-content\/uploads\/sites\/44\/2022\/04\/ukraine-g3813878e0_1280.jpg","thumbnail_width":1280,"thumbnail_height":812,"description":"No es nuevo, como ocurre en toda conflagraci\u00f3n la crueldad que puede manifestar el ser humano debe convivir con su capacidad para la solidaridad, una terrible contradicci\u00f3n que se ha puesto de manifiesto en todas las guerras y que ahora tambi\u00e9n se evidencia. Tras la invasi\u00f3n por las tropas rusas de Ucrania hemos comenzado a [&hellip;]"}

Centro de Ética Aplicada

Jesús Prieto Mendaza

Refugiados y frontera norte de Europa - Centro de Ética Aplicada

<blockquote class="wp-embedded-content" data-secret="otblHMRPlM"><a href="https://blogs.deusto.es/ethics/refugiados-y-frontera-norte-de-europa/">Refugiados y frontera norte de Europa</a></blockquote><iframe sandbox="allow-scripts" security="restricted" src="https://blogs.deusto.es/ethics/refugiados-y-frontera-norte-de-europa/embed/#?secret=otblHMRPlM" width="600" height="338" title="«Refugiados y frontera norte de Europa» — Centro de Ética Aplicada" data-secret="otblHMRPlM" frameborder="0" marginwidth="0" marginheight="0" scrolling="no" class="wp-embedded-content"></iframe><script type="text/javascript">
/* <![CDATA[ */
/*! This file is auto-generated */
!function(d,l){"use strict";l.querySelector&&d.addEventListener&&"undefined"!=typeof URL&&(d.wp=d.wp||{},d.wp.receiveEmbedMessage||(d.wp.receiveEmbedMessage=function(e){var t=e.data;if((t||t.secret||t.message||t.value)&&!/[^a-zA-Z0-9]/.test(t.secret)){for(var s,r,n,a=l.querySelectorAll('iframe[data-secret="'+t.secret+'"]'),o=l.querySelectorAll('blockquote[data-secret="'+t.secret+'"]'),c=new RegExp("^https?:$","i"),i=0;i<o.length;i++)o[i].style.display="none";for(i=0;i<a.length;i++)s=a[i],e.source===s.contentWindow&&(s.removeAttribute("style"),"height"===t.message?(1e3<(r=parseInt(t.value,10))?r=1e3:~~r<200&&(r=200),s.height=r):"link"===t.message&&(r=new URL(s.getAttribute("src")),n=new URL(t.value),c.test(n.protocol))&&n.host===r.host&&l.activeElement===s&&(d.top.location.href=t.value))}},d.addEventListener("message",d.wp.receiveEmbedMessage,!1),l.addEventListener("DOMContentLoaded",function(){for(var e,t,s=l.querySelectorAll("iframe.wp-embedded-content"),r=0;r<s.length;r++)(t=(e=s[r]).getAttribute("data-secret"))||(t=Math.random().toString(36).substring(2,12),e.src+="#?secret="+t,e.setAttribute("data-secret",t)),e.contentWindow.postMessage({message:"ready",secret:t},"*")},!1)))}(window,document);
//# sourceURL=https://blogs.deusto.es/ethics/wp-includes/js/wp-embed.min.js
/* ]]> */
</script>

No es nuevo, como ocurre en toda conflagración la crueldad que puede manifestar el ser humano debe convivir con su capacidad para la solidaridad, una terrible contradicción que se ha puesto de manifiesto en todas las guerras y que ahora también se evidencia. Tras la invasión por las tropas rusas de Ucrania hemos comenzado a [&hellip;]
