{"id":201,"date":"2010-02-26T15:49:06","date_gmt":"2010-02-26T14:49:06","guid":{"rendered":"https:\/\/preblogs.deusto.es\/hermes\/?page_id=201"},"modified":"2010-02-26T15:49:06","modified_gmt":"2010-02-26T14:49:06","slug":"simbolos-geograficos","status":"publish","type":"page","link":"https:\/\/blogs.deusto.es\/hermes\/filosofica\/galeria-de-simbolos\/simbolos-geograficos\/","title":{"rendered":"S\u00edmbolos geogr\u00e1ficos"},"content":{"rendered":"<p style=\"text-align: center;\">(de\u00a0<em style=\"font-style: italic;\"><a href=\"https:\/\/blogs.deusto.es\/hermes\/filosofica\/galeria-de-simbolos\/\">Galer\u00eda de s\u00edmbolos<\/a><\/em>)<\/p>\n<p style=\"text-align: center;\"><a href=\"http:\/\/es.wikipedia.org\/wiki\/Andr%C3%A9s_Ortiz-Os%C3%A9s\">Andr\u00e1s Ortiz-Os\u00e9s<\/a><\/p>\n<p><strong>CANARIAS: MITOLOG\u00cdA DEL SUR<\/strong><\/p>\n<p>Canarias evoca la mitolog\u00eda del sur: mar y sol, calor y color, desnudamiento ad\u00e1nico\/ed\u00e9nico en medio de un paisaje matricial. Los n\u00f3rdicos bajan de sus tierras fr\u00edgidas a estas tierras c\u00e1lidas que simbolizan el hogar y el fog\u00f3n con su llar, el ombligo o \u00fatero, la regresi\u00f3n onf\u00e1lica frente a la lucha f\u00e1lico-agresiva, el aplatanamiento o aplanamiento horizontal frente al hero\u00edsmo vertical.<\/p>\n<p>Si Oriente representa el origen originado, Occidente representa lo originado originante. Por su parte el Norte es el \u00e1mbito de la perfecci\u00f3n glacial, mientras que el Sur es el \u00e1mbito de la imperfecci\u00f3n vital y, a veces, mortal: tal es el caso de tantas pateras africanas naufragadas en su traves\u00eda a las Islas Afortunadas.<\/p>\n<p>El calor canario t\u00edpicamente sure\u00f1o es la imago psicol\u00f3gica de la libido: el sol ardiente sobre la tierra ardida volc\u00e1nicamente. Mientras que la mitolog\u00eda del norte es la mitolog\u00eda del pecado a frigore (por fr\u00edo o frialdad an\u00edmica), la mitolog\u00eda del sur apunta al pecado lascivo o sensual, muelle o estival.<\/p>\n<p>El vasco Miguel de Unamuno logr\u00f3 redescubrir en su destierro de Fuerteventura el mismo mar de su infancia, ahora recalentado en el sur y contrapuesto al p\u00e1ramo des\u00e9rtico de su amada Castilla. En la imagen cl\u00e1sica de Fuerteventura puede advertirse la piedra calcinada por el fuego, los breves arbustos verdes y ocres, as\u00ed como las leves palmeras al borde de un desierto que culmina en una pir\u00e1mide natural.<\/p>\n<p>Y al fondo, naturalmente, el mar-madre y el cielo azul paterno. Situado entre el cielo paterno y el mar materno, Unamuno desea el abrazo simb\u00f3lico entre ambos: pues si el cielo raso le recuerda Castilla, la mar que r\u00ede y llora, canta y gime, le recuerda el regazo materno de Vasconia.<\/p>\n<p>Ante la visi\u00f3n relajada de Canarias uno recuerda aquel poema de Yevtushenko, en el que define la prisa como la maldici\u00f3n del siglo, puesto que denigra el alma del hombre. Frente a la prisa, el poeta afirma la grandeza del que se detiene e, indeciso, decide o\u00edr su alma lejos del ruido mundano. Por ejemplo, junto al oleaje calmo del sur canario, junto al llar de alg\u00fan fog\u00f3n alejado del foll\u00f3n.<\/p>\n<p><strong> LA CAPITAL DEL MUNDO<\/strong><\/p>\n<p>Iba a Nueva York, la capital del mundo, pero en su aduana anglosajona me rebajaron a latino o hispano oscuro. Una vez metido en la \u201cgran manzana\u201d ca\u00ed en el pecado de probarla, siendo expulsado del para\u00edso y entrometido en un pandemonium de bulla, razas, lenguas y leguas. Porque en Nueva York hay multiculturalismo aunque no interculturalidad, ya que sigue predominando el anglosaj\u00f3n, protestante y blanco o blanqueado, como es el caso reciente de Obama (Hosanna). Am\u00e9rica ha visto un panorama tan negro que se lo ha encajado a un presidente negro, aunque blanqueado. Como adujo nuestro Garc\u00eda Lorca:<\/p>\n<pre>\t\tLa aurora de Nueva York gime\r\n\t\tpor las inmensas escaleras\r\n\t\tbuscando entre las aristas\r\n\t\tnardos de angustia dibujada.<\/pre>\n<p>Un ruido inmenso, sostenido y luengo, el eco del eco del tr\u00e1fico y del tr\u00e1fago, imposible de evitar d\u00eda y noche. Una aglomeraci\u00f3n de gentes que van y vienen sin descanso, pululando por doquier. Una contaminaci\u00f3n altoambiental y un barullo an\u00edmico difuso. Imposible huir, levitar, marchar. El estruendo penetra en el gran parque y en las peque\u00f1as tiendas, en los barrios opulentos y en los barrios desvencijados, aunque en estos sin amortiguaci\u00f3n:<\/p>\n<pre>\t\tLa angustia de Nueva York tiene\r\n\t\tcuatro columnas de cieno\r\n\t\ty un hurac\u00e1n de negras palomas\r\n\t\tque chapotean las aguas podridas.<\/pre>\n<p>Nueva York es la capital del mundo exponiendo los luengos atributos de un mundo inmundo. Pero cabe irse de librer\u00edas, visitar con alg\u00fan soci\u00f3logo la New School, visitar Brooklyn, pasear por Manhattan pero no por Harlem ni el Bronx, contemplar la Sinagoga del escultor Orensanz, asistir a las Naciones Reunidas aunque no unidas y subir a las Torres Gemelas anta\u00f1o. La huida a las Torres Gemelas era una falsa huida, ya que simbolizaban el aspaviento americano de Nueva York, aut\u00e9nticos gigantes con sus aspas al viento imperialmente. Florida queda lejos, s\u00f3lo cabe llegarse hasta Princeton y husmear por su campus elitista. Pero hay que volver a la gran manzana.<\/p>\n<p>Nueva York me parece El Cairo occidental, ciudades excesivas en las que al llegar uno quisiera volverse al observar la confusi\u00f3n. Nueva York, El Cairo o M\u00e9xico, ciudades desmesuradas o confusas frente a las bellas ciudadelas del alma Ahora bien, nadie niega el inter\u00e9s sociol\u00f3gico de Nueva York. Incluso algunos raros, como nuestro Severo Ochoa, se marchaban a Nueva York para relajarse. Quiz\u00e1s le dieron el premio Nobel por encontrar relajo en ciudad tan estresante.<\/p>\n<pre>\t\tLos primeros que salen comprenden con sus huesos\r\n\t\tque no habr\u00e1 para\u00edso ni amores deshojados;\r\n\t\tsaben que van al cieno de n\u00fameros y leyes,\r\n\t\ta los juegos sin arte, a sudores sin fruto.\r\n\t\tLa luz es sepultada por cadenas y ruidos\r\n\t\ten imp\u00fadico reto de ciencia sin ra\u00edces.\r\n\t\tPor los barrios hay gentes que vacilan insomnes\r\n\t\tcomo reci\u00e9n salidas de un naufragio de sangre.\r\n\t\t\t(F. Garc\u00eda Lorca, Poeta en Nueva York)<\/pre>\n<p>Y, sin embargo, todo tiene sus ventajas. A la vuelta de Nueva York, Espa\u00f1a parec\u00eda un pueblo: apacible.<\/p>\n","protected":false},"excerpt":{"rendered":"<p>(de\u00a0Galer\u00eda de s\u00edmbolos) Andr\u00e1s Ortiz-Os\u00e9s CANARIAS: MITOLOG\u00cdA DEL SUR Canarias evoca la mitolog\u00eda del sur: mar y sol, calor y color, desnudamiento ad\u00e1nico\/ed\u00e9nico en medio de un paisaje matricial. Los n\u00f3rdicos bajan de sus tierras fr\u00edgidas a estas tierras c\u00e1lidas que simbolizan el hogar y el fog\u00f3n con su llar, el ombligo o \u00fatero, la [&hellip;]<\/p>\n","protected":false},"author":416,"featured_media":0,"parent":50,"menu_order":6,"comment_status":"closed","ping_status":"closed","template":"","meta":{"footnotes":""},"class_list":["post-201","page","type-page","status-publish","hentry"],"_links":{"self":[{"href":"https:\/\/blogs.deusto.es\/hermes\/wp-json\/wp\/v2\/pages\/201","targetHints":{"allow":["GET"]}}],"collection":[{"href":"https:\/\/blogs.deusto.es\/hermes\/wp-json\/wp\/v2\/pages"}],"about":[{"href":"https:\/\/blogs.deusto.es\/hermes\/wp-json\/wp\/v2\/types\/page"}],"author":[{"embeddable":true,"href":"https:\/\/blogs.deusto.es\/hermes\/wp-json\/wp\/v2\/users\/416"}],"replies":[{"embeddable":true,"href":"https:\/\/blogs.deusto.es\/hermes\/wp-json\/wp\/v2\/comments?post=201"}],"version-history":[{"count":2,"href":"https:\/\/blogs.deusto.es\/hermes\/wp-json\/wp\/v2\/pages\/201\/revisions"}],"predecessor-version":[{"id":203,"href":"https:\/\/blogs.deusto.es\/hermes\/wp-json\/wp\/v2\/pages\/201\/revisions\/203"}],"up":[{"embeddable":true,"href":"https:\/\/blogs.deusto.es\/hermes\/wp-json\/wp\/v2\/pages\/50"}],"wp:attachment":[{"href":"https:\/\/blogs.deusto.es\/hermes\/wp-json\/wp\/v2\/media?parent=201"}],"curies":[{"name":"wp","href":"https:\/\/api.w.org\/{rel}","templated":true}]}}