{"id":17670,"date":"2023-07-06T08:55:03","date_gmt":"2023-07-06T06:55:03","guid":{"rendered":"https:\/\/preblogs.deusto.es\/iedeusto\/?page_id=17670"},"modified":"2023-07-06T16:55:29","modified_gmt":"2023-07-06T14:55:29","slug":"crear","status":"publish","type":"page","link":"https:\/\/blogs.deusto.es\/iedeusto\/crear\/","title":{"rendered":"Crear"},"content":{"rendered":"\n<div class=\"inherit-container-width wp-block-group alignwide is-layout-constrained wp-block-group-is-layout-constrained\"><div class=\"wp-block-group__inner-container\">\n<div class=\"wp-block-query alignfull is-layout-flow wp-block-query-is-layout-flow\"><ul class=\"is-flex-container columns-3 wp-block-post-template is-layout-flow wp-block-post-template-is-layout-flow\"><li class=\"wp-block-post post-21085 post type-post status-publish format-standard has-post-thumbnail hentry category-crear category-deusto-emprende-2026 category-personas-emprendedoras tag-emprendedors-2 tag-emprendimiento tag-formacion tag-innovacion tag-universidad-de-deusto\">\n\n<div class=\"inherit-container-width wp-block-group alignwide is-layout-constrained wp-container-core-group-is-layout-63b382b2 wp-block-group-is-layout-constrained\" style=\"padding-top:30px;padding-right:30px;padding-bottom:30px;padding-left:30px\"><div class=\"wp-block-group__inner-container\"><figure class=\"wp-block-post-featured-image\"><img fetchpriority=\"high\" decoding=\"async\" width=\"2500\" height=\"1667\" src=\"https:\/\/blogs.deusto.es\/wp-content\/uploads\/sites\/27\/2026\/03\/DSC2674-1.png\" class=\"attachment-post-thumbnail size-post-thumbnail wp-post-image\" alt=\"\" style=\"object-fit:cover;\" srcset=\"https:\/\/blogs.deusto.es\/wp-content\/uploads\/sites\/27\/2026\/03\/DSC2674-1.png 2500w, https:\/\/blogs.deusto.es\/wp-content\/uploads\/sites\/27\/2026\/03\/DSC2674-1-300x200.png 300w, https:\/\/blogs.deusto.es\/wp-content\/uploads\/sites\/27\/2026\/03\/DSC2674-1-1024x683.png 1024w, https:\/\/blogs.deusto.es\/wp-content\/uploads\/sites\/27\/2026\/03\/DSC2674-1-768x512.png 768w, https:\/\/blogs.deusto.es\/wp-content\/uploads\/sites\/27\/2026\/03\/DSC2674-1-1536x1024.png 1536w, https:\/\/blogs.deusto.es\/wp-content\/uploads\/sites\/27\/2026\/03\/DSC2674-1-2048x1366.png 2048w\" sizes=\"(max-width: 2500px) 100vw, 2500px\" \/><\/figure>\n\n<h2 class=\"wp-block-post-title has-medium-font-size\"><a href=\"https:\/\/blogs.deusto.es\/iedeusto\/formacion-en-finanzas-para-personas-emprendedoras\/\" target=\"_self\" >Organizamos una formaci\u00f3n en finanzas en colaboraci\u00f3n con Rural Kutxa<\/a><\/h2>\n\n<div style=\"font-size:16px;\" class=\"wp-block-post-excerpt\"><p class=\"wp-block-post-excerpt__excerpt\">Durante los d\u00edas 10 y 17 de marzo, Deusto Emprende organiz\u00f3 una formaci\u00f3n en finanzas dirigida a personas emprendedoras de Innogune y DeustoKabi, sus centros de creaci\u00f3n de nuevas empresas, en colaboraci\u00f3n con Rural Kutxa. La formaci\u00f3n fue impartida por Naiara Pineda G\u00f3mez y Unai Manso, profesionales de FinBox, quienes ofrecieron una aproximaci\u00f3n eminentemente pr\u00e1ctica&hellip; <\/p><\/div><\/div><\/div>\n\n<\/li><li class=\"wp-block-post post-20820 post type-post status-publish format-standard has-post-thumbnail hentry category-crear category-deusto-emprende-2025 category-lunch-emprendedor category-personas-emprendedoras tag-deustokabi tag-emprendedors-2 tag-emprendimiento tag-innogune tag-innovacion tag-universidad-de-deusto\">\n\n<div class=\"inherit-container-width wp-block-group alignwide is-layout-constrained wp-container-core-group-is-layout-63b382b2 wp-block-group-is-layout-constrained\" style=\"padding-top:30px;padding-right:30px;padding-bottom:30px;padding-left:30px\"><div class=\"wp-block-group__inner-container\"><figure class=\"wp-block-post-featured-image\"><img decoding=\"async\" width=\"910\" height=\"774\" src=\"https:\/\/blogs.deusto.es\/wp-content\/uploads\/sites\/27\/2025\/12\/1766172616916.jpg\" class=\"attachment-post-thumbnail size-post-thumbnail wp-post-image\" alt=\"\" style=\"object-fit:cover;\" srcset=\"https:\/\/blogs.deusto.es\/wp-content\/uploads\/sites\/27\/2025\/12\/1766172616916.jpg 910w, https:\/\/blogs.deusto.es\/wp-content\/uploads\/sites\/27\/2025\/12\/1766172616916-300x255.jpg 300w, https:\/\/blogs.deusto.es\/wp-content\/uploads\/sites\/27\/2025\/12\/1766172616916-768x653.jpg 768w\" sizes=\"(max-width: 910px) 100vw, 910px\" \/><\/figure>\n\n<h2 class=\"wp-block-post-title has-medium-font-size\"><a href=\"https:\/\/blogs.deusto.es\/iedeusto\/encuentros-de-fin-de-ano-con-la-comunidad-emprendedora-de-deusto-emprende\/\" target=\"_self\" >Encuentros de fin de a\u00f1o con la comunidad emprendedora de Deusto Emprende<\/a><\/h2>\n\n<div style=\"font-size:16px;\" class=\"wp-block-post-excerpt\"><p class=\"wp-block-post-excerpt__excerpt\">Los d\u00edas 18 y 19 de diciembre hemos celebrado dos encuentros muy especiales para cerrar este 2025 con la comunidad de personas emprendedoras de los centros de empresas de nueva creaci\u00f3n Innogune (campus de Donostia) y DeustoKabi (campus de Bilbao). Dos jornadas pensadas para conocer a las nuevas incorporaciones, reforzar v\u00ednculos y sinergias entre proyectos&hellip; <\/p><\/div><\/div><\/div>\n\n<\/li><li class=\"wp-block-post post-20478 post type-post status-publish format-standard has-post-thumbnail hentry category-crear tag-cebek tag-emprendedors-2 tag-emprendimiento tag-foro-de-inversion tag-innovacion tag-universidad-de-deusto\">\n\n<div class=\"inherit-container-width wp-block-group alignwide is-layout-constrained wp-container-core-group-is-layout-63b382b2 wp-block-group-is-layout-constrained\" style=\"padding-top:30px;padding-right:30px;padding-bottom:30px;padding-left:30px\"><div class=\"wp-block-group__inner-container\"><figure class=\"wp-block-post-featured-image\"><img decoding=\"async\" width=\"949\" height=\"614\" src=\"https:\/\/blogs.deusto.es\/wp-content\/uploads\/sites\/27\/2025\/10\/Captura-de-pantalla-2025-10-08-161935.png\" class=\"attachment-post-thumbnail size-post-thumbnail wp-post-image\" alt=\"\" style=\"object-fit:cover;\" srcset=\"https:\/\/blogs.deusto.es\/wp-content\/uploads\/sites\/27\/2025\/10\/Captura-de-pantalla-2025-10-08-161935.png 949w, https:\/\/blogs.deusto.es\/wp-content\/uploads\/sites\/27\/2025\/10\/Captura-de-pantalla-2025-10-08-161935-300x194.png 300w, https:\/\/blogs.deusto.es\/wp-content\/uploads\/sites\/27\/2025\/10\/Captura-de-pantalla-2025-10-08-161935-768x497.png 768w\" sizes=\"(max-width: 949px) 100vw, 949px\" \/><\/figure>\n\n<h2 class=\"wp-block-post-title has-medium-font-size\"><a href=\"https:\/\/blogs.deusto.es\/iedeusto\/celebramos-el-foro-de-inversion-deusto-emprende-crecer-con-cebek-innovacion-y-talento-en-accion\/\" target=\"_self\" >Celebramos el foro de Inversi\u00f3n Deusto Emprende &#8211; Crecer + con CEBEK : innovaci\u00f3n y talento en acci\u00f3n.\u00a0<\/a><\/h2>\n\n<div style=\"font-size:16px;\" class=\"wp-block-post-excerpt\"><p class=\"wp-block-post-excerpt__excerpt\">El pasado 2 de octubre tuvo lugar la nueva edici\u00f3n del Foro de Inversi\u00f3n Deusto Emprende &#8211; Crecer+, organizado en colaboraci\u00f3n con CEBEK. Este encuentro se consolid\u00f3 una vez m\u00e1s como un espacio clave donde personas inversoras y business angels , agentes del ecosistema y emprendedores se reunieron para compartir conocimiento, generar sinergias y explorar&hellip; <\/p><\/div><\/div><\/div>\n\n<\/li><li class=\"wp-block-post post-20410 post type-post status-publish format-standard has-post-thumbnail hentry category-b-venture category-crear category-deusto-emprende-2025 category-emprendimiento category-innovacion tag-emprendedors-2 tag-emprendimiento tag-innovacion tag-universidad-de-deusto\">\n\n<div class=\"inherit-container-width wp-block-group alignwide is-layout-constrained wp-container-core-group-is-layout-63b382b2 wp-block-group-is-layout-constrained\" style=\"padding-top:30px;padding-right:30px;padding-bottom:30px;padding-left:30px\"><div class=\"wp-block-group__inner-container\"><figure class=\"wp-block-post-featured-image\"><img loading=\"lazy\" decoding=\"async\" width=\"2500\" height=\"1467\" src=\"https:\/\/blogs.deusto.es\/wp-content\/uploads\/sites\/27\/2025\/09\/Z625042-1-2.png\" class=\"attachment-post-thumbnail size-post-thumbnail wp-post-image\" alt=\"\" style=\"object-fit:cover;\" srcset=\"https:\/\/blogs.deusto.es\/wp-content\/uploads\/sites\/27\/2025\/09\/Z625042-1-2.png 2500w, https:\/\/blogs.deusto.es\/wp-content\/uploads\/sites\/27\/2025\/09\/Z625042-1-2-300x176.png 300w, https:\/\/blogs.deusto.es\/wp-content\/uploads\/sites\/27\/2025\/09\/Z625042-1-2-1024x601.png 1024w, https:\/\/blogs.deusto.es\/wp-content\/uploads\/sites\/27\/2025\/09\/Z625042-1-2-768x451.png 768w, https:\/\/blogs.deusto.es\/wp-content\/uploads\/sites\/27\/2025\/09\/Z625042-1-2-1536x901.png 1536w, https:\/\/blogs.deusto.es\/wp-content\/uploads\/sites\/27\/2025\/09\/Z625042-1-2-2048x1202.png 2048w\" sizes=\"(max-width: 2500px) 100vw, 2500px\" \/><\/figure>\n\n<h2 class=\"wp-block-post-title has-medium-font-size\"><a href=\"https:\/\/blogs.deusto.es\/iedeusto\/arranca-el-programa-de-formacion-b-venture-training-startups-en-la-universidad-de-deusto\/\" target=\"_self\" >\u00a1Arranca el programa de formaci\u00f3n B-Venture Training Startups en la Universidad de Deusto!<\/a><\/h2>\n\n<div style=\"font-size:16px;\" class=\"wp-block-post-excerpt\"><p class=\"wp-block-post-excerpt__excerpt\">El pasado viernes, 12 de septiembre, la Universidad de Deusto acogi\u00f3 el acto de bienvenida a las 25 startups seleccionadas para participar en la fase formativa previa al gran evento B-Venture, que se celebrar\u00e1 los d\u00edas 20 y 21 de octubre en el Palacio Euskalduna de Bilbao. Garbi\u00f1e Henry, directora de la Unidad de Innovaci\u00f3n&hellip; <\/p><\/div><\/div><\/div>\n\n<\/li><li class=\"wp-block-post post-20311 post type-post status-publish format-standard has-post-thumbnail hentry category-crear category-deusto-emprende-2025 category-innogune category-personas-emprendedoras tag-acompanamiento tag-emprendedors-2 tag-emprendimiento tag-gotaa tag-innogune tag-innovacion tag-sostenibilidad tag-universidad-de-deusto\">\n\n<div class=\"inherit-container-width wp-block-group alignwide is-layout-constrained wp-container-core-group-is-layout-63b382b2 wp-block-group-is-layout-constrained\" style=\"padding-top:30px;padding-right:30px;padding-bottom:30px;padding-left:30px\"><div class=\"wp-block-group__inner-container\"><figure class=\"wp-block-post-featured-image\"><img loading=\"lazy\" decoding=\"async\" width=\"1750\" height=\"1167\" src=\"https:\/\/blogs.deusto.es\/wp-content\/uploads\/sites\/27\/2025\/05\/DSC9377-Mejorado-NR.jpg\" class=\"attachment-post-thumbnail size-post-thumbnail wp-post-image\" alt=\"\" style=\"object-fit:cover;\" srcset=\"https:\/\/blogs.deusto.es\/wp-content\/uploads\/sites\/27\/2025\/05\/DSC9377-Mejorado-NR.jpg 1750w, https:\/\/blogs.deusto.es\/wp-content\/uploads\/sites\/27\/2025\/05\/DSC9377-Mejorado-NR-300x200.jpg 300w, https:\/\/blogs.deusto.es\/wp-content\/uploads\/sites\/27\/2025\/05\/DSC9377-Mejorado-NR-1024x683.jpg 1024w, https:\/\/blogs.deusto.es\/wp-content\/uploads\/sites\/27\/2025\/05\/DSC9377-Mejorado-NR-768x512.jpg 768w, https:\/\/blogs.deusto.es\/wp-content\/uploads\/sites\/27\/2025\/05\/DSC9377-Mejorado-NR-1536x1024.jpg 1536w\" sizes=\"(max-width: 1750px) 100vw, 1750px\" \/><\/figure>\n\n<h2 class=\"wp-block-post-title has-medium-font-size\"><a href=\"https:\/\/blogs.deusto.es\/iedeusto\/nace-en-la-universidad-de-deusto-una-iniciativa-pionera-para-transformar-basura-marina-del-cantabrico-en-mobiliario-y-accesorios-de-oficina-sostenibles\/\" target=\"_self\" >Nace en la Universidad de Deusto una iniciativa pionera para transformar basura marina del Cant\u00e1brico en mobiliario y accesorios de oficina sostenibles<\/a><\/h2>\n\n<div style=\"font-size:16px;\" class=\"wp-block-post-excerpt\"><p class=\"wp-block-post-excerpt__excerpt\">Desde su creaci\u00f3n en 2011, nuestro centro de empresas de nueva creaci\u00f3n, Innogune, ubicado en el campus de Donostia-San Sebasti\u00e1n se ha consolidado como un espacio que promueve la colaboraci\u00f3n y la innovaci\u00f3n entre los proyectos de su ecosistema emprendedor. Desde Deusto Emprende ofrecemos acompa\u00f1amiento integral a m\u00e1s de una veintena de proyectos que est\u00e1n&hellip; <\/p><\/div><\/div><\/div>\n\n<\/li><li class=\"wp-block-post post-20157 post type-post status-publish format-standard has-post-thumbnail hentry category-crear category-deusto-emprende-2025 category-innogune category-personas-emprendedoras tag-crear tag-deusto-emprende tag-emprendedors-2 tag-emprendimiento tag-estudiantes tag-innovacion tag-lunch-2 tag-universidad-de-deusto\">\n\n<div class=\"inherit-container-width wp-block-group alignwide is-layout-constrained wp-container-core-group-is-layout-63b382b2 wp-block-group-is-layout-constrained\" style=\"padding-top:30px;padding-right:30px;padding-bottom:30px;padding-left:30px\"><div class=\"wp-block-group__inner-container\"><figure class=\"wp-block-post-featured-image\"><img loading=\"lazy\" decoding=\"async\" width=\"2000\" height=\"1334\" src=\"https:\/\/blogs.deusto.es\/wp-content\/uploads\/sites\/27\/2025\/05\/DSC9133.png\" class=\"attachment-post-thumbnail size-post-thumbnail wp-post-image\" alt=\"\" style=\"object-fit:cover;\" srcset=\"https:\/\/blogs.deusto.es\/wp-content\/uploads\/sites\/27\/2025\/05\/DSC9133.png 2000w, https:\/\/blogs.deusto.es\/wp-content\/uploads\/sites\/27\/2025\/05\/DSC9133-300x200.png 300w, https:\/\/blogs.deusto.es\/wp-content\/uploads\/sites\/27\/2025\/05\/DSC9133-1024x683.png 1024w, https:\/\/blogs.deusto.es\/wp-content\/uploads\/sites\/27\/2025\/05\/DSC9133-768x512.png 768w, https:\/\/blogs.deusto.es\/wp-content\/uploads\/sites\/27\/2025\/05\/DSC9133-1536x1025.png 1536w\" sizes=\"(max-width: 2000px) 100vw, 2000px\" \/><\/figure>\n\n<h2 class=\"wp-block-post-title has-medium-font-size\"><a href=\"https:\/\/blogs.deusto.es\/iedeusto\/lunch-emprendedor-en-innogune-nuevas-ideas-conexiones-y-talento-en-accion\/\" target=\"_self\" >Lunch Emprendedor en Innogune: nuevas ideas, conexiones y talento en acci\u00f3n<\/a><\/h2>\n\n<div style=\"font-size:16px;\" class=\"wp-block-post-excerpt\"><p class=\"wp-block-post-excerpt__excerpt\">El pasado viernes 16 de mayo, en el espacio de Innogune, celebramos una de esas jornadas que refuerzan lo m\u00e1s valioso de la cultura emprendedora de la Universidad de Deusto: la comunidad. \u00bfEl objetivo? Reunir a proyectos consolidados y nuevas incorporaciones en un ambiente de inspiraci\u00f3n, conexi\u00f3n y colaboraci\u00f3n. La jornada comenz\u00f3 con las palabras&hellip; <\/p><\/div><\/div><\/div>\n\n<\/li><\/ul>\n\n<nav class=\"wp-block-query-pagination is-layout-flex wp-block-query-pagination-is-layout-flex\" aria-label=\"Paginaci\u00f3n\">\n\n\n<div class=\"wp-block-query-pagination-numbers\"><span aria-current=\"page\" class=\"page-numbers current\">1<\/span>\n<a class=\"page-numbers\" href=\"?query-28-page=2\">2<\/a>\n<a class=\"page-numbers\" href=\"?query-28-page=3\">3<\/a>\n<span class=\"page-numbers dots\">&hellip;<\/span>\n<a class=\"page-numbers\" href=\"?query-28-page=6\">6<\/a><\/div>\n\n<a href=\"\/iedeusto\/wp-json\/wp\/v2\/pages\/17670?query-28-page=2\" class=\"wp-block-query-pagination-next\">P\u00e1gina siguiente<span class='wp-block-query-pagination-next-arrow is-arrow-arrow' aria-hidden='true'>\u2192<\/span><\/a>\n<\/nav><\/div>\n<\/div><\/div>\n","protected":false},"excerpt":{"rendered":"<p><span class='st_facebook_buttons' st_title='Crear' st_url='https:\/\/blogs.deusto.es\/iedeusto\/crear\/' displayText='facebook'><\/span><span st_via='deustoDEC' st_username='deustoDEC' class='st_twitter_buttons' st_title='Crear' st_url='https:\/\/blogs.deusto.es\/iedeusto\/crear\/' displayText='twitter'><\/span><span class='st_email_buttons' st_title='Crear' st_url='https:\/\/blogs.deusto.es\/iedeusto\/crear\/' displayText='email'><\/span><span class='st_fblike_buttons' st_title='Crear' st_url='https:\/\/blogs.deusto.es\/iedeusto\/crear\/' displayText='fblike'><\/span><span class='st_plusone_buttons' st_title='Crear' st_url='https:\/\/blogs.deusto.es\/iedeusto\/crear\/' displayText='plusone'><\/span><span class='st_pinterest_buttons' st_title='Crear' st_url='https:\/\/blogs.deusto.es\/iedeusto\/crear\/' displayText='pinterest'><\/span><span class='st_sharethis_buttons' st_title='Crear' st_url='https:\/\/blogs.deusto.es\/iedeusto\/crear\/' displayText='sharethis'><\/span><\/p>","protected":false},"author":52,"featured_media":0,"parent":0,"menu_order":0,"comment_status":"closed","ping_status":"closed","template":"","meta":{"site-sidebar-layout":"default","site-content-layout":"","ast-site-content-layout":"default","site-content-style":"default","site-sidebar-style":"default","ast-global-header-display":"","ast-banner-title-visibility":"","ast-main-header-display":"","ast-hfb-above-header-display":"","ast-hfb-below-header-display":"","ast-hfb-mobile-header-display":"","site-post-title":"","ast-breadcrumbs-content":"","ast-featured-img":"","footer-sml-layout":"","theme-transparent-header-meta":"","adv-header-id-meta":"","stick-header-meta":"","header-above-stick-meta":"","header-main-stick-meta":"","header-below-stick-meta":"","astra-migrate-meta-layouts":"default","ast-page-background-enabled":"default","ast-page-background-meta":{"desktop":{"background-color":"var(--ast-global-color-4)","background-image":"","background-repeat":"repeat","background-position":"center center","background-size":"auto","background-attachment":"scroll","background-type":"","background-media":"","overlay-type":"","overlay-color":"","overlay-opacity":"","overlay-gradient":""},"tablet":{"background-color":"","background-image":"","background-repeat":"repeat","background-position":"center center","background-size":"auto","background-attachment":"scroll","background-type":"","background-media":"","overlay-type":"","overlay-color":"","overlay-opacity":"","overlay-gradient":""},"mobile":{"background-color":"","background-image":"","background-repeat":"repeat","background-position":"center center","background-size":"auto","background-attachment":"scroll","background-type":"","background-media":"","overlay-type":"","overlay-color":"","overlay-opacity":"","overlay-gradient":""}},"ast-content-background-meta":{"desktop":{"background-color":"var(--ast-global-color-5)","background-image":"","background-repeat":"repeat","background-position":"center center","background-size":"auto","background-attachment":"scroll","background-type":"","background-media":"","overlay-type":"","overlay-color":"","overlay-opacity":"","overlay-gradient":""},"tablet":{"background-color":"var(--ast-global-color-5)","background-image":"","background-repeat":"repeat","background-position":"center center","background-size":"auto","background-attachment":"scroll","background-type":"","background-media":"","overlay-type":"","overlay-color":"","overlay-opacity":"","overlay-gradient":""},"mobile":{"background-color":"var(--ast-global-color-5)","background-image":"","background-repeat":"repeat","background-position":"center center","background-size":"auto","background-attachment":"scroll","background-type":"","background-media":"","overlay-type":"","overlay-color":"","overlay-opacity":"","overlay-gradient":""}},"footnotes":""},"class_list":["post-17670","page","type-page","status-publish","hentry"],"aioseo_notices":[],"_links":{"self":[{"href":"https:\/\/blogs.deusto.es\/iedeusto\/wp-json\/wp\/v2\/pages\/17670","targetHints":{"allow":["GET"]}}],"collection":[{"href":"https:\/\/blogs.deusto.es\/iedeusto\/wp-json\/wp\/v2\/pages"}],"about":[{"href":"https:\/\/blogs.deusto.es\/iedeusto\/wp-json\/wp\/v2\/types\/page"}],"author":[{"embeddable":true,"href":"https:\/\/blogs.deusto.es\/iedeusto\/wp-json\/wp\/v2\/users\/52"}],"replies":[{"embeddable":true,"href":"https:\/\/blogs.deusto.es\/iedeusto\/wp-json\/wp\/v2\/comments?post=17670"}],"version-history":[{"count":3,"href":"https:\/\/blogs.deusto.es\/iedeusto\/wp-json\/wp\/v2\/pages\/17670\/revisions"}],"predecessor-version":[{"id":17819,"href":"https:\/\/blogs.deusto.es\/iedeusto\/wp-json\/wp\/v2\/pages\/17670\/revisions\/17819"}],"wp:attachment":[{"href":"https:\/\/blogs.deusto.es\/iedeusto\/wp-json\/wp\/v2\/media?parent=17670"}],"curies":[{"name":"wp","href":"https:\/\/api.w.org\/{rel}","templated":true}]}}