{"id":20,"date":"2012-10-02T10:11:43","date_gmt":"2012-10-02T08:11:43","guid":{"rendered":"https:\/\/preblogs.deusto.es\/programasaldesnudo\/?page_id=20"},"modified":"2012-10-04T10:45:14","modified_gmt":"2012-10-04T08:45:14","slug":"regional-manifestos-project","status":"publish","type":"page","link":"https:\/\/blogs.deusto.es\/programasaldesnudo\/regional-manifestos-project\/","title":{"rendered":"Regional Manifestos Project"},"content":{"rendered":"<p><a href=\"www.regionalmanifestosproject.com\"><br \/>\n<\/a>El Regional Manifestos Project, con sede en la Universidad de Deusto, es un proyecto de investigaci\u00f3n financiado por el Ministerio de Econom\u00eda y Competitividad del Gobierno de Espa\u00f1a dentro del Plan Nacional de I+D+i y que fue puesto en marcha en el a\u00f1o 2010. Tiene como objetivo medir las preferencias pol\u00edticas de los partidos que compiten en elecciones regionales, empleando para ello el an\u00e1lisis de contenido cuantitativo de los programas electorales.<\/p>\n<p>\u00bfQu\u00e9 importancia concede cada partido pol\u00edtico a un tema concreto (educaci\u00f3n, desarrollo sostenible, econom\u00eda, igualdad, etc.) en su programa electoral? \u00bfReclaman m\u00e1s o menos competencias para un determinado nivel de gobierno (local, regional, nacional, europeo o internacional) en cada uno de los temas? \u00bfPresentan los partidos pol\u00edticos de \u00e1mbito estatal las mismas propuestas en las elecciones regionales\u00a0de las diferentes comunidades aut\u00f3nomas? \u00bfSe preocupan los partidos pol\u00edticos por los mismos temas que la mayor\u00eda de los ciudadanos?.Estas y otras preguntas trata de responder este proyecto de investigaci\u00f3n.<\/p>\n<div id=\"bk42\">\n<div id=\"bk45\">\n<div id=\"bk46\">\n<p>El proyecto nace con la vocaci\u00f3n de extender al \u00e1mbito regional la labor desarrollada por el equipo del<a href=\"https:\/\/manifestoproject.wzb.eu\/\" target=\"_blank\"> Manifesto Project<\/a>\u00a0que durante m\u00e1s de tres d\u00e9cadas ha analizado las propuestas program\u00e1ticas de los partidos que concurren a las elecciones de \u00e1mbito nacional, recibiendo en el a\u00f1o 2003 el premio a la mejor base de datos de pol\u00edtica comparada de la Asociaci\u00f3n Americana de Ciencia Pol\u00edtica (ASPA).\u00a0Incorporando al esquema original una nueva forma de clasificar el posicionamiento de los partidos respecto a la distribuci\u00f3n territorial de competencias, hemos puesto en marcha una nueva herramienta metodol\u00f3gica aplicable de manera universal para el an\u00e1lisis de los programas electorales de los partidos en sistemas pol\u00edticos multinivel y la hemos aplicado al caso espa\u00f1ol y brit\u00e1nico, generando con ello unos datos in\u00e9ditos.<\/p>\n<p>Para m\u00e1s informaci\u00f3n sobre el proyecto:<\/p>\n<p><a href=\"http:\/\/www.regionalmanifestosproject.com\">www.regionalmanifestosproject.com<\/a><\/p>\n<\/div>\n<\/div>\n<\/div>\n<p><span class='st_facebook_hcount' st_title='Regional Manifestos Project' st_url='https:\/\/blogs.deusto.es\/programasaldesnudo\/regional-manifestos-project\/' displayText='facebook'><\/span><span st_via='RegManifProject' st_username='RegManifProject' class='st_twitter_hcount' st_title='Regional Manifestos Project' st_url='https:\/\/blogs.deusto.es\/programasaldesnudo\/regional-manifestos-project\/' displayText='twitter'><\/span><span class='st_email_hcount' st_title='Regional Manifestos Project' st_url='https:\/\/blogs.deusto.es\/programasaldesnudo\/regional-manifestos-project\/' displayText='email'><\/span><span class='st_fblike_hcount' st_title='Regional Manifestos Project' st_url='https:\/\/blogs.deusto.es\/programasaldesnudo\/regional-manifestos-project\/' displayText='fblike'><\/span><span class='st_plusone_hcount' st_title='Regional Manifestos Project' st_url='https:\/\/blogs.deusto.es\/programasaldesnudo\/regional-manifestos-project\/' displayText='plusone'><\/span><span class='st_sharethis_hcount' st_title='Regional Manifestos Project' st_url='https:\/\/blogs.deusto.es\/programasaldesnudo\/regional-manifestos-project\/' displayText='sharethis'><\/span><\/p>","protected":false},"excerpt":{"rendered":"<p>El Regional Manifestos Project, con sede en la Universidad de Deusto, es un proyecto de investigaci\u00f3n financiado por el Ministerio de Econom\u00eda y Competitividad del Gobierno de Espa\u00f1a dentro del Plan Nacional de I+D+i y que fue puesto en marcha &hellip; <a href=\"https:\/\/blogs.deusto.es\/programasaldesnudo\/regional-manifestos-project\/\">Sigue leyendo <span class=\"meta-nav\">&rarr;<\/span><\/a><\/p>\n<p><span class='st_facebook_hcount' st_title='Regional Manifestos Project' st_url='https:\/\/blogs.deusto.es\/programasaldesnudo\/regional-manifestos-project\/' displayText='facebook'><\/span><span st_via='RegManifProject' st_username='RegManifProject' class='st_twitter_hcount' st_title='Regional Manifestos Project' st_url='https:\/\/blogs.deusto.es\/programasaldesnudo\/regional-manifestos-project\/' displayText='twitter'><\/span><span class='st_email_hcount' st_title='Regional Manifestos Project' st_url='https:\/\/blogs.deusto.es\/programasaldesnudo\/regional-manifestos-project\/' displayText='email'><\/span><span class='st_fblike_hcount' st_title='Regional Manifestos Project' st_url='https:\/\/blogs.deusto.es\/programasaldesnudo\/regional-manifestos-project\/' displayText='fblike'><\/span><span class='st_plusone_hcount' st_title='Regional Manifestos Project' st_url='https:\/\/blogs.deusto.es\/programasaldesnudo\/regional-manifestos-project\/' displayText='plusone'><\/span><span class='st_sharethis_hcount' st_title='Regional Manifestos Project' st_url='https:\/\/blogs.deusto.es\/programasaldesnudo\/regional-manifestos-project\/' displayText='sharethis'><\/span><\/p>","protected":false},"author":319,"featured_media":0,"parent":0,"menu_order":0,"comment_status":"open","ping_status":"open","template":"","meta":{"footnotes":""},"class_list":["post-20","page","type-page","status-publish","hentry"],"_links":{"self":[{"href":"https:\/\/blogs.deusto.es\/programasaldesnudo\/wp-json\/wp\/v2\/pages\/20","targetHints":{"allow":["GET"]}}],"collection":[{"href":"https:\/\/blogs.deusto.es\/programasaldesnudo\/wp-json\/wp\/v2\/pages"}],"about":[{"href":"https:\/\/blogs.deusto.es\/programasaldesnudo\/wp-json\/wp\/v2\/types\/page"}],"author":[{"embeddable":true,"href":"https:\/\/blogs.deusto.es\/programasaldesnudo\/wp-json\/wp\/v2\/users\/319"}],"replies":[{"embeddable":true,"href":"https:\/\/blogs.deusto.es\/programasaldesnudo\/wp-json\/wp\/v2\/comments?post=20"}],"version-history":[{"count":14,"href":"https:\/\/blogs.deusto.es\/programasaldesnudo\/wp-json\/wp\/v2\/pages\/20\/revisions"}],"predecessor-version":[{"id":28,"href":"https:\/\/blogs.deusto.es\/programasaldesnudo\/wp-json\/wp\/v2\/pages\/20\/revisions\/28"}],"wp:attachment":[{"href":"https:\/\/blogs.deusto.es\/programasaldesnudo\/wp-json\/wp\/v2\/media?parent=20"}],"curies":[{"name":"wp","href":"https:\/\/api.w.org\/{rel}","templated":true}]}}

<p><a href="www.regionalmanifestosproject.com"><br />
</a>El Regional Manifestos Project, con sede en la Universidad de Deusto, es un proyecto de investigación financiado por el Ministerio de Economía y Competitividad del Gobierno de España dentro del Plan Nacional de I+D+i y que fue puesto en marcha en el año 2010. Tiene como objetivo medir las preferencias políticas de los partidos que compiten en elecciones regionales, empleando para ello el análisis de contenido cuantitativo de los programas electorales.</p>
<p>¿Qué importancia concede cada partido político a un tema concreto (educación, desarrollo sostenible, economía, igualdad, etc.) en su programa electoral? ¿Reclaman más o menos competencias para un determinado nivel de gobierno (local, regional, nacional, europeo o internacional) en cada uno de los temas? ¿Presentan los partidos políticos de ámbito estatal las mismas propuestas en las elecciones regionales de las diferentes comunidades autónomas? ¿Se preocupan los partidos políticos por los mismos temas que la mayoría de los ciudadanos?.Estas y otras preguntas trata de responder este proyecto de investigación.</p>
<div id="bk42">
<div id="bk45">
<div id="bk46">
<p>El proyecto nace con la vocación de extender al ámbito regional la labor desarrollada por el equipo del<a href="https://manifestoproject.wzb.eu/" target="_blank"> Manifesto Project</a> que durante más de tres décadas ha analizado las propuestas programáticas de los partidos que concurren a las elecciones de ámbito nacional, recibiendo en el año 2003 el premio a la mejor base de datos de política comparada de la Asociación Americana de Ciencia Política (ASPA). Incorporando al esquema original una nueva forma de clasificar el posicionamiento de los partidos respecto a la distribución territorial de competencias, hemos puesto en marcha una nueva herramienta metodológica aplicable de manera universal para el análisis de los programas electorales de los partidos en sistemas políticos multinivel y la hemos aplicado al caso español y británico, generando con ello unos datos inéditos.</p>
<p>Para más información sobre el proyecto:</p>
<p><a href="http://www.regionalmanifestosproject.com">www.regionalmanifestosproject.com</a></p>
</div>
</div>
</div>
<p><span class='st_facebook_hcount' st_title='Regional Manifestos Project' st_url='https://blogs.deusto.es/programasaldesnudo/regional-manifestos-project/' displayText='facebook'></span><span st_via='RegManifProject' st_username='RegManifProject' class='st_twitter_hcount' st_title='Regional Manifestos Project' st_url='https://blogs.deusto.es/programasaldesnudo/regional-manifestos-project/' displayText='twitter'></span><span class='st_email_hcount' st_title='Regional Manifestos Project' st_url='https://blogs.deusto.es/programasaldesnudo/regional-manifestos-project/' displayText='email'></span><span class='st_fblike_hcount' st_title='Regional Manifestos Project' st_url='https://blogs.deusto.es/programasaldesnudo/regional-manifestos-project/' displayText='fblike'></span><span class='st_plusone_hcount' st_title='Regional Manifestos Project' st_url='https://blogs.deusto.es/programasaldesnudo/regional-manifestos-project/' displayText='plusone'></span><span class='st_sharethis_hcount' st_title='Regional Manifestos Project' st_url='https://blogs.deusto.es/programasaldesnudo/regional-manifestos-project/' displayText='sharethis'></span></p>

<p>El Regional Manifestos Project, con sede en la Universidad de Deusto, es un proyecto de investigación financiado por el Ministerio de Economía y Competitividad del Gobierno de España dentro del Plan Nacional de I+D+i y que fue puesto en marcha &hellip; <a href="https://blogs.deusto.es/programasaldesnudo/regional-manifestos-project/">Sigue leyendo <span class="meta-nav">&rarr;</span></a></p>
<p><span class='st_facebook_hcount' st_title='Regional Manifestos Project' st_url='https://blogs.deusto.es/programasaldesnudo/regional-manifestos-project/' displayText='facebook'></span><span st_via='RegManifProject' st_username='RegManifProject' class='st_twitter_hcount' st_title='Regional Manifestos Project' st_url='https://blogs.deusto.es/programasaldesnudo/regional-manifestos-project/' displayText='twitter'></span><span class='st_email_hcount' st_title='Regional Manifestos Project' st_url='https://blogs.deusto.es/programasaldesnudo/regional-manifestos-project/' displayText='email'></span><span class='st_fblike_hcount' st_title='Regional Manifestos Project' st_url='https://blogs.deusto.es/programasaldesnudo/regional-manifestos-project/' displayText='fblike'></span><span class='st_plusone_hcount' st_title='Regional Manifestos Project' st_url='https://blogs.deusto.es/programasaldesnudo/regional-manifestos-project/' displayText='plusone'></span><span class='st_sharethis_hcount' st_title='Regional Manifestos Project' st_url='https://blogs.deusto.es/programasaldesnudo/regional-manifestos-project/' displayText='sharethis'></span></p>
