{"id":6154,"date":"2024-07-12T10:55:14","date_gmt":"2024-07-12T10:55:14","guid":{"rendered":"https:\/\/blogs.deusto.es\/viviendodeusto\/?page_id=6154"},"modified":"2026-03-31T15:03:27","modified_gmt":"2026-03-31T15:03:27","slug":"revista-deusto","status":"publish","type":"page","link":"https:\/\/blogs.deusto.es\/viviendodeusto\/revista-deusto\/","title":{"rendered":"Anuario y Revista Deusto"},"content":{"rendered":"\n<p><\/p>\n\n\n\n<div class=\"wp-block-columns is-layout-flex wp-container-core-columns-is-layout-9d6595d7 wp-block-columns-is-layout-flex\">\n<div class=\"wp-block-column is-vertically-aligned-stretch is-layout-flow wp-block-column-is-layout-flow\" style=\"flex-basis:100%\">\n<div class=\"wp-block-columns is-layout-flex wp-container-core-columns-is-layout-9d6595d7 wp-block-columns-is-layout-flex\">\n<div class=\"wp-block-column is-layout-flow wp-block-column-is-layout-flow\" style=\"flex-basis:66.66%\">\n<iframe src=\"https:\/\/www.slideshare.net\/slideshow\/embed_code\/key\/ygHkPVwGDxuxQ7\" width=\"510\" height=\"510\"frameborder=\"0\" marginwidth=\"0\" marginheight=\"0\" scrolling=\"no\"style=\"border: var(--border-1) solid #CCC; border-width:1px; margin-bottom:5px; max-width:100%;\"allowfullscreen><\/iframe><div style=\"margin-bottom:5px\"><strong><a href=\"https:\/\/es.slideshare.net\/slideshow\/universidad-deusto-deustuko-unibertsitatea-university-of-deusto-anuario-2026\/286770460\" title=\"universidad-deusto-deustuko-unibertsitatea-university-of-deusto-anuario-2026\" target=\"_blank\">universidad-deusto-deustuko-unibertsitatea-university-of-deusto-anuario-2026<\/a><\/strong>from <strong><a href=\"https:\/\/es.slideshare.net\/deusto\" target=\"_blank\">Universidad de Deusto &#8211; Deustuko Unibertsitatea &#8211; University of Deusto<\/a><\/strong><\/div>\n<\/div>\n\n\n\n<div class=\"wp-block-column is-layout-flow wp-block-column-is-layout-flow\" style=\"flex-basis:70%\">\n<p class=\"has-text-color has-link-color wp-elements-128a51504810669ca042d5413a7525ba\" style=\"color:#005fa8;font-size:22px\"><strong>Anuario 2026<\/strong><\/p>\n\n\n\n<p style=\"font-size:20px\">El Anuario relata lo que ha sido Deusto a lo largo del a\u00f1o, en la l\u00ednea de las pol\u00edticas de transparencia, que unifica en un documento los datos de los que la universidad dispone, as\u00ed como noticias de la universidad y sus centros. Esta publicaci\u00f3n es la mejor carta de presentaci\u00f3n de los que somos en Deusto y de la cantidad de actividades que hacemos entre todos.<\/p>\n\n\n\n<div class=\"wp-block-buttons is-layout-flex wp-block-buttons-is-layout-flex\">\n<div class=\"wp-block-button\"><a class=\"wp-block-button__link has-background has-custom-font-size wp-element-button\" href=\"https:\/\/www.deusto.es\/document\/deusto\/es\/mini-anuario.pdf?_gl=1*1k949o3*_gcl_aw*R0NMLjE3NzIxMDExNzYuQ2p3S0NBaUEyUHJNQmhBNEVpd0F3cEh5QzRDcEFibW1nTFNlUC1QX1U2OGZKYWoxRE5RQW4zN2dLRkkwY2I3X0I2MGFZYkU1cmhrSUhob0NndG9RQXZEX0J3RQ..*_gcl_au*MTk3ODM2Njc4Mi4xNzczMTMyMDk2\" style=\"background-color:#dddddd;font-size:18px;text-decoration:underline\" target=\"_blank\" rel=\"noreferrer noopener\"><strong>Descarga e<\/strong>l<strong> Anuario 2026<\/strong><\/a><\/div>\n\n\n\n<div class=\"wp-block-button\"><a class=\"wp-block-button__link has-background has-custom-font-size wp-element-button\" href=\"https:\/\/blogs.deusto.es\/viviendodeusto\/hemeroteca-de-la-revista-deusto\/\" style=\"background-color:#dddddd;font-size:18px;text-decoration:underline\" target=\"_blank\" rel=\"noreferrer noopener\"><strong>Versiones en euskera e ingl\u00e9s y n\u00fameros anteriores<\/strong><\/a><\/div>\n<\/div>\n\n\n\n<div style=\"height:57px\" aria-hidden=\"true\" class=\"wp-block-spacer\"><\/div>\n\n\n\n<p class=\"has-text-color has-link-color wp-elements-2a33f732805bbf03d88a059873631bfe\" style=\"color:#005fa8;font-size:22px\"><strong>Revista Deusto<\/strong><\/p>\n\n\n\n<p style=\"font-size:20px\">Adem\u00e1s, la Universidad cuenta con la <strong>Revista Deusto<\/strong>, una publicaci\u00f3n semestral que informa de las actividades acad\u00e9micas, sociales y culturales de nuestra universidad, tanto en sus campus de Bilbao y San Sebasti\u00e1n como en su sede de Madrid. Est\u00e1 dirigida a estudiantes, alumni, personal docente, as\u00ed como a profesionales y amistades de Deusto que deseen estar al d\u00eda en la actualidad universitaria.<\/p>\n\n\n\n<div class=\"wp-block-buttons is-layout-flex wp-block-buttons-is-layout-flex\">\n<div class=\"wp-block-button\"><a class=\"wp-block-button__link has-background has-custom-font-size wp-element-button\" href=\"https:\/\/blogs.deusto.es\/viviendodeusto\/hemeroteca-de-la-revista-deusto\/\" style=\"background-color:#dddddd;font-size:18px;text-decoration:underline\" target=\"_blank\" rel=\"noreferrer noopener\"><strong>Consultar la hemeroteca<\/strong><\/a><\/div>\n<\/div>\n<\/div>\n<\/div>\n<\/div>\n<\/div>\n\n\n\n<p><\/p>\n\n\n\n<p><\/p>\n","protected":false},"excerpt":{"rendered":"<p>universidad-deusto-deustuko-unibertsitatea-university-of-deusto-anuario-2026from Universidad de Deusto &#8211; Deustuko Unibertsitatea &#8211; University of Deusto Anuario 2026 El Anuario relata lo que ha sido Deusto a lo largo del a\u00f1o, en la l\u00ednea de las pol\u00edticas de transparencia, que unifica en un documento los datos de los que la universidad dispone, as\u00ed como noticias de la universidad y sus [&hellip;]<\/p>\n","protected":false},"author":515,"featured_media":9437,"parent":0,"menu_order":0,"comment_status":"closed","ping_status":"closed","template":"","meta":{"_genesis_hide_title":false,"_genesis_hide_breadcrumbs":false,"_genesis_hide_singular_image":false,"_genesis_hide_footer_widgets":false,"_genesis_custom_body_class":"","_genesis_custom_post_class":"","_genesis_layout":"","footnotes":""},"class_list":{"0":"post-6154","1":"page","2":"type-page","3":"status-publish","4":"has-post-thumbnail","6":"entry"},"_links":{"self":[{"href":"https:\/\/blogs.deusto.es\/viviendodeusto\/wp-json\/wp\/v2\/pages\/6154","targetHints":{"allow":["GET"]}}],"collection":[{"href":"https:\/\/blogs.deusto.es\/viviendodeusto\/wp-json\/wp\/v2\/pages"}],"about":[{"href":"https:\/\/blogs.deusto.es\/viviendodeusto\/wp-json\/wp\/v2\/types\/page"}],"author":[{"embeddable":true,"href":"https:\/\/blogs.deusto.es\/viviendodeusto\/wp-json\/wp\/v2\/users\/515"}],"replies":[{"embeddable":true,"href":"https:\/\/blogs.deusto.es\/viviendodeusto\/wp-json\/wp\/v2\/comments?post=6154"}],"version-history":[{"count":104,"href":"https:\/\/blogs.deusto.es\/viviendodeusto\/wp-json\/wp\/v2\/pages\/6154\/revisions"}],"predecessor-version":[{"id":10353,"href":"https:\/\/blogs.deusto.es\/viviendodeusto\/wp-json\/wp\/v2\/pages\/6154\/revisions\/10353"}],"wp:featuredmedia":[{"embeddable":true,"href":"https:\/\/blogs.deusto.es\/viviendodeusto\/wp-json\/wp\/v2\/media\/9437"}],"wp:attachment":[{"href":"https:\/\/blogs.deusto.es\/viviendodeusto\/wp-json\/wp\/v2\/media?parent=6154"}],"curies":[{"name":"wp","href":"https:\/\/api.w.org\/{rel}","templated":true}]}}